{"id":95,"date":"2015-04-12T14:40:23","date_gmt":"2015-04-12T12:40:23","guid":{"rendered":"http:\/\/astrodan.fr\/site\/?page_id=95"},"modified":"2023-02-24T17:18:50","modified_gmt":"2023-02-24T16:18:50","slug":"la-photographie-astronomique","status":"publish","type":"page","link":"http:\/\/astrodan.fr\/site\/ciel-profond\/la-photographie-astronomique\/","title":{"rendered":"La photographie astronomique"},"content":{"rendered":"<p>[et_pb_section fb_built=\u00a0\u00bb1&Prime; admin_label=\u00a0\u00bbsection\u00a0\u00bb _builder_version=\u00a0\u00bb4.20.0&Prime; hover_enabled=\u00a0\u00bb0&Prime; global_colors_info=\u00a0\u00bb{}\u00a0\u00bb background_color=\u00a0\u00bb#100a3f\u00a0\u00bb sticky_enabled=\u00a0\u00bb0&Prime;][et_pb_row admin_label=\u00a0\u00bbrow\u00a0\u00bb _builder_version=\u00a0\u00bb4.16&Prime; background_size=\u00a0\u00bbinitial\u00a0\u00bb background_position=\u00a0\u00bbtop_left\u00a0\u00bb background_repeat=\u00a0\u00bbrepeat\u00a0\u00bb global_colors_info=\u00a0\u00bb{}\u00a0\u00bb][et_pb_column type=\u00a0\u00bb4_4&Prime; _builder_version=\u00a0\u00bb4.16&Prime; custom_padding=\u00a0\u00bb|||\u00a0\u00bb global_colors_info=\u00a0\u00bb{}\u00a0\u00bb custom_padding__hover=\u00a0\u00bb|||\u00a0\u00bb][et_pb_text admin_label=\u00a0\u00bbText\u00a0\u00bb _builder_version=\u00a0\u00bb4.16&Prime; background_size=\u00a0\u00bbinitial\u00a0\u00bb background_position=\u00a0\u00bbtop_left\u00a0\u00bb background_repeat=\u00a0\u00bbrepeat\u00a0\u00bb global_colors_info=\u00a0\u00bb{}\u00a0\u00bb]<\/p>\n<p><span style=\"color: #ffffff;\">Notre ciel est rempli d&rsquo;objets extraordinaires, mais la plupart ne sont pas visibles directement \u00e0 l&rsquo;oculaire des t\u00e9l\u00e9scopes, et c&rsquo;est l\u00e0 que la photo astronomique prend tout son sens.<\/span><\/p>\n<p><span style=\"color: #ffffff;\">Lorsqu&rsquo;on fait des poses longues avec un appareil photo , on capte des couleurs, des \u00e9toiles faibles, des d\u00e9tails dans les n\u00e9buleuses et dans les galaxies, m\u00eame s&rsquo; il y a du travail en aval pour exploiter pleinement toutes ces informations, le r\u00e9sultat en vaut vraiment la peine.<\/span><\/p>\n<p><span style=\"color: #ffffff;\">C&rsquo;est sur ces pages que vous pourrez d\u00e9crouvrir une infime partie des beaut\u00e9s celestes, mais une vie humaine ne permet pas de tout photographier, tant il y a de choses \u00e0 voir et \u00e0 d\u00e9couvrir !<\/span><\/p>\n<p>\u00a0<\/p>\n<p>[\/et_pb_text][\/et_pb_column][\/et_pb_row][\/et_pb_section]<\/p>\n","protected":false},"excerpt":{"rendered":"<p>Notre ciel est rempli d&rsquo;objets extraordinaires, mais la plupart ne sont pas visibles directement \u00e0 l&rsquo;oculaire des t\u00e9l\u00e9scopes, et c&rsquo;est l\u00e0 que la photo astronomique prend tout son sens. Lorsqu&rsquo;on fait des poses longues avec un appareil photo , on capte des couleurs, des \u00e9toiles faibles, des d\u00e9tails dans les n\u00e9buleuses et dans les galaxies, [&hellip;]<\/p>\n","protected":false},"author":1,"featured_media":0,"parent":79,"menu_order":0,"comment_status":"closed","ping_status":"closed","template":"","meta":{"_et_pb_use_builder":"on","_et_pb_old_content":"<p>Notre ciel est rempli d'objets extraordinaires, mais la plupart ne sont pas visibles directement \u00e0 l'oculaire des t\u00e9l\u00e9scopes, et c'est l\u00e0 que la photo astronomique prend tout son sens.<\/p>\r\n<p>Lorsqu'on fait des poses longues avec un appareil photo , on capte des couleurs, des \u00e9toiles faibles, des d\u00e9tails dans les n\u00e9buleuses et dans les galaxies, m\u00eame s' il y a du travail en aval pour exploiter pleinement toutes ces informations, le r\u00e9sultat en vaut vraiment la peine.<\/p>\r\n<p>C'est sur ces pages que vous pourrez d\u00e9crouvrir une infime partie des beaut\u00e9s celestes, mais une vie humaine ne permet pas de tout photographier, tant il y a de choses \u00e0 voir et \u00e0 d\u00e9couvrir !<br>\r\n&nbsp;<\/p>","_et_gb_content_width":"","ngg_post_thumbnail":0,"footnotes":""},"_links":{"self":[{"href":"http:\/\/astrodan.fr\/site\/wp-json\/wp\/v2\/pages\/95"}],"collection":[{"href":"http:\/\/astrodan.fr\/site\/wp-json\/wp\/v2\/pages"}],"about":[{"href":"http:\/\/astrodan.fr\/site\/wp-json\/wp\/v2\/types\/page"}],"author":[{"embeddable":true,"href":"http:\/\/astrodan.fr\/site\/wp-json\/wp\/v2\/users\/1"}],"replies":[{"embeddable":true,"href":"http:\/\/astrodan.fr\/site\/wp-json\/wp\/v2\/comments?post=95"}],"version-history":[{"count":3,"href":"http:\/\/astrodan.fr\/site\/wp-json\/wp\/v2\/pages\/95\/revisions"}],"predecessor-version":[{"id":4841,"href":"http:\/\/astrodan.fr\/site\/wp-json\/wp\/v2\/pages\/95\/revisions\/4841"}],"up":[{"embeddable":true,"href":"http:\/\/astrodan.fr\/site\/wp-json\/wp\/v2\/pages\/79"}],"wp:attachment":[{"href":"http:\/\/astrodan.fr\/site\/wp-json\/wp\/v2\/media?parent=95"}],"curies":[{"name":"wp","href":"https:\/\/api.w.org\/{rel}","templated":true}]}}