{"id":799,"date":"2017-04-03T21:12:38","date_gmt":"2017-04-03T19:12:38","guid":{"rendered":"http:\/\/astrodan.fr\/site\/?page_id=799"},"modified":"2025-12-22T11:20:45","modified_gmt":"2025-12-22T10:20:45","slug":"21p-giacobini-zinner","status":"publish","type":"page","link":"http:\/\/astrodan.fr\/site\/cometes-2\/21p-giacobini-zinner\/","title":{"rendered":"21P\/Giacobini-Zinner"},"content":{"rendered":"<p>[et_pb_section fb_built=\u00a0\u00bb1&Prime; _builder_version=\u00a0\u00bb4.24.2&Prime; background_color=\u00a0\u00bb#100a3f\u00a0\u00bb global_colors_info=\u00a0\u00bb{}\u00a0\u00bb][et_pb_row _builder_version=\u00a0\u00bb4.16&Prime; background_size=\u00a0\u00bbinitial\u00a0\u00bb background_position=\u00a0\u00bbtop_left\u00a0\u00bb background_repeat=\u00a0\u00bbrepeat\u00a0\u00bb global_colors_info=\u00a0\u00bb{}\u00a0\u00bb][et_pb_column type=\u00a0\u00bb4_4&Prime; _builder_version=\u00a0\u00bb4.16&Prime; custom_padding=\u00a0\u00bb|||\u00a0\u00bb global_colors_info=\u00a0\u00bb{}\u00a0\u00bb custom_padding__hover=\u00a0\u00bb|||\u00a0\u00bb][et_pb_text _builder_version=\u00a0\u00bb4.16&Prime; background_size=\u00a0\u00bbinitial\u00a0\u00bb background_position=\u00a0\u00bbtop_left\u00a0\u00bb background_repeat=\u00a0\u00bbrepeat\u00a0\u00bb global_colors_info=\u00a0\u00bb{}\u00a0\u00bb]<\/p>\n<p>&nbsp;<\/p>\n<p><span style=\"text-decoration: underline;\">La com\u00e8te \u00e0 la 80ED le 20 ao\u00fbt 2018<\/span><\/p>\n<p>Trace du noyau sur 51&prime; (17&#215;3&prime;) ( alignement sur les \u00e9toiles )<\/p>\n<p><img loading=\"lazy\" decoding=\"async\" src=\"http:\/\/astrodan.fr\/site\/wp-content\/uploads\/_thumbs\/Images\/Com%C3%A8tes\/21P%20Giacoboni-Zinner\/trace_.jpg\" width=\"1501\" height=\"1000\"><\/p>\n<p>Alignement sur le noyau<\/p>\n<p><img loading=\"lazy\" decoding=\"async\" src=\"http:\/\/astrodan.fr\/site\/wp-content\/uploads\/_thumbs\/Images\/Com%C3%A8tes\/21P%20Giacoboni-Zinner\/noyau_.jpg\" width=\"1531\" height=\"1000\"><\/p>\n<p>D\u00e9placement noyau<\/p>\n<p><img loading=\"lazy\" decoding=\"async\" src=\"http:\/\/astrodan.fr\/site\/wp-content\/uploads\/_thumbs\/Images\/Com%C3%A8tes\/21P%20Giacoboni-Zinner\/anim_noyau.gif\" width=\"1500\" height=\"999\"><\/p>\n<p>D\u00e9placement \u00e9toiles<\/p>\n<p><img loading=\"lazy\" decoding=\"async\" src=\"http:\/\/astrodan.fr\/site\/wp-content\/uploads\/_thumbs\/Images\/Com%C3%A8tes\/21P%20Giacoboni-Zinner\/anim_etoiles.gif\" width=\"1500\" height=\"999\"><\/p>\n<p><span style=\"text-decoration: underline;\">La com\u00e8te le 23 ao\u00fbt 2018 au newton de 200mm<\/span><\/p>\n<p><img loading=\"lazy\" decoding=\"async\" src=\"http:\/\/astrodan.fr\/site\/wp-content\/uploads\/_thumbs\/Images\/Com%C3%A8tes\/21P%20Giacoboni-Zinner\/trace_1_w.jpg\" width=\"1500\" height=\"999\"><\/p>\n<p><img loading=\"lazy\" decoding=\"async\" src=\"http:\/\/astrodan.fr\/site\/wp-content\/uploads\/_thumbs\/Images\/Com%C3%A8tes\/21P%20Giacoboni-Zinner\/noyau_1_w.jpg\" width=\"1500\" height=\"972\"><\/p>\n<p><img loading=\"lazy\" decoding=\"async\" src=\"http:\/\/astrodan.fr\/site\/wp-content\/uploads\/_thumbs\/Images\/Com%C3%A8tes\/21P%20Giacoboni-Zinner\/trace2mn_w.jpg\" width=\"1500\" height=\"999\"><\/p>\n<p><img loading=\"lazy\" decoding=\"async\" src=\"http:\/\/astrodan.fr\/site\/wp-content\/uploads\/_thumbs\/Images\/Com%C3%A8tes\/21P%20Giacoboni-Zinner\/noyau2_w.jpg\" width=\"1500\" height=\"965\"><\/p>\n<p>&nbsp;<\/p>\n<p><img loading=\"lazy\" decoding=\"async\" src=\"http:\/\/astrodan.fr\/site\/wp-content\/uploads\/_thumbs\/Images\/Com%C3%A8tes\/21P%20Giacoboni-Zinner\/anim_2mn.gif\" width=\"750\" height=\"500\"><\/p>\n<p><img loading=\"lazy\" decoding=\"async\" src=\"http:\/\/astrodan.fr\/site\/wp-content\/uploads\/_thumbs\/Images\/Com%C3%A8tes\/21P%20Giacoboni-Zinner\/dep_noy.gif\" width=\"1000\" height=\"666\"><\/p>\n<p><img loading=\"lazy\" decoding=\"async\" src=\"http:\/\/astrodan.fr\/site\/wp-content\/uploads\/_thumbs\/Images\/Com%C3%A8tes\/21P%20Giacoboni-Zinner\/dep_etoi.gif\" width=\"1000\" height=\"666\"><\/p>\n<p><span style=\"text-decoration: underline;\">Aspect de la com\u00e8te le 17 septembre<\/span><\/p>\n<p><img loading=\"lazy\" decoding=\"async\" src=\"http:\/\/astrodan.fr\/site\/wp-content\/uploads\/_thumbs\/Images\/Com%C3%A8tes\/21P%20Giacoboni-Zinner\/trace21pw_.jpg\" width=\"1500\" height=\"999\"><\/p>\n<p><img loading=\"lazy\" decoding=\"async\" src=\"http:\/\/astrodan.fr\/site\/wp-content\/uploads\/_thumbs\/Images\/Com%C3%A8tes\/21P%20Giacoboni-Zinner\/noyau21pw.jpg\" width=\"1500\" height=\"996\"><\/p>\n<p><img loading=\"lazy\" decoding=\"async\" src=\"http:\/\/astrodan.fr\/site\/wp-content\/uploads\/_thumbs\/Images\/Com%C3%A8tes\/21P%20Giacoboni-Zinner\/comete21p_w.jpg\" width=\"1500\" height=\"1000\"><\/p>\n<p><img loading=\"lazy\" decoding=\"async\" src=\"http:\/\/astrodan.fr\/site\/wp-content\/uploads\/_thumbs\/Images\/Com%C3%A8tes\/21P%20Giacoboni-Zinner\/animation_1h.gif\" width=\"1500\" height=\"1000\"><\/p>\n<p><img loading=\"lazy\" decoding=\"async\" src=\"http:\/\/astrodan.fr\/site\/wp-content\/uploads\/_thumbs\/Images\/Com%C3%A8tes\/21P%20Giacoboni-Zinner\/animation_36mn.gif\" width=\"1000\" height=\"667\"> <img loading=\"lazy\" decoding=\"async\" src=\"http:\/\/astrodan.fr\/site\/wp-content\/uploads\/_thumbs\/Images\/Com%C3%A8tes\/21P%20Giacoboni-Zinner\/comete21p_noyau.jpg\" width=\"1500\" height=\"1000\"> <img loading=\"lazy\" decoding=\"async\" src=\"http:\/\/astrodan.fr\/site\/wp-content\/uploads\/_thumbs\/Images\/Com%C3%A8tes\/21P%20Giacoboni-Zinner\/comete21p_trace1_.jpg\" width=\"1500\" height=\"999\"> <img loading=\"lazy\" decoding=\"async\" src=\"http:\/\/astrodan.fr\/site\/wp-content\/uploads\/_thumbs\/Images\/Com%C3%A8tes\/21P%20Giacoboni-Zinner\/comete21p_trace1_neg.jpg\" width=\"1500\" height=\"999\"><\/p>\n<p><a href=\"http:\/\/astrodan.fr\/site\/?page_id=799\"><span style=\"text-decoration: underline;\">Haut de page<\/span><\/a><\/p>\n<p>&nbsp;<\/p>\n<p>&nbsp;<\/p>\n<p>[\/et_pb_text][\/et_pb_column][\/et_pb_row][\/et_pb_section]<\/p>\n","protected":false},"excerpt":{"rendered":"<p>&nbsp; La com\u00e8te \u00e0 la 80ED le 20 ao\u00fbt 2018 Trace du noyau sur 51&prime; (17&#215;3&prime;) ( alignement sur les \u00e9toiles ) Alignement sur le noyau D\u00e9placement noyau D\u00e9placement \u00e9toiles La com\u00e8te le 23 ao\u00fbt 2018 au newton de 200mm &nbsp; Aspect de la com\u00e8te le 17 septembre Haut de page &nbsp; &nbsp;<\/p>\n","protected":false},"author":1,"featured_media":0,"parent":120,"menu_order":5,"comment_status":"closed","ping_status":"closed","template":"","meta":{"_et_pb_use_builder":"on","_et_pb_old_content":"<p>\u00a0<\/p>\r\n<p><span style=\"text-decoration: underline;\">La com\u00e8te \u00e0 la 80ED le 20 ao\u00fbt 2018<\/span><\/p>\r\n<p>Trace du noyau sur 51' (17x3') ( alignement sur les \u00e9toiles )<\/p>\r\n<p><img src=\"http:\/\/astrodan.fr\/site\/wp-content\/uploads\/_thumbs\/Images\/Com%C3%A8tes\/21P%20Giacoboni-Zinner\/trace_.jpg\" width=\"1501\" height=\"1000\"><\/p>\r\n<p>Alignement sur le noyau<\/p>\r\n<p><img src=\"http:\/\/astrodan.fr\/site\/wp-content\/uploads\/_thumbs\/Images\/Com%C3%A8tes\/21P%20Giacoboni-Zinner\/noyau_.jpg\" width=\"1531\" height=\"1000\"><\/p>\r\n<p>D\u00e9placement noyau<\/p>\r\n<p><img src=\"http:\/\/astrodan.fr\/site\/wp-content\/uploads\/_thumbs\/Images\/Com%C3%A8tes\/21P%20Giacoboni-Zinner\/anim_noyau.gif\" width=\"1500\" height=\"999\"><\/p>\r\n<p>D\u00e9placement \u00e9toiles<\/p>\r\n<p><img src=\"http:\/\/astrodan.fr\/site\/wp-content\/uploads\/_thumbs\/Images\/Com%C3%A8tes\/21P%20Giacoboni-Zinner\/anim_etoiles.gif\" width=\"1500\" height=\"999\"><\/p>\r\n<p><span style=\"text-decoration: underline;\">La com\u00e8te le 23 ao\u00fbt 2018 au newton de 200mm<\/span><\/p>\r\n<p><img src=\"http:\/\/astrodan.fr\/site\/wp-content\/uploads\/_thumbs\/Images\/Com%C3%A8tes\/21P%20Giacoboni-Zinner\/trace_1_w.jpg\" width=\"1500\" height=\"999\"><\/p>\r\n<p><img src=\"http:\/\/astrodan.fr\/site\/wp-content\/uploads\/_thumbs\/Images\/Com%C3%A8tes\/21P%20Giacoboni-Zinner\/noyau_1_w.jpg\" width=\"1500\" height=\"972\"><\/p>\r\n<p><img src=\"http:\/\/astrodan.fr\/site\/wp-content\/uploads\/_thumbs\/Images\/Com%C3%A8tes\/21P%20Giacoboni-Zinner\/trace2mn_w.jpg\" width=\"1500\" height=\"999\"><\/p>\r\n<p><img src=\"http:\/\/astrodan.fr\/site\/wp-content\/uploads\/_thumbs\/Images\/Com%C3%A8tes\/21P%20Giacoboni-Zinner\/noyau2_w.jpg\" width=\"1500\" height=\"965\"><\/p>\r\n<p>\u00a0<\/p>\r\n<p><img src=\"http:\/\/astrodan.fr\/site\/wp-content\/uploads\/_thumbs\/Images\/Com%C3%A8tes\/21P%20Giacoboni-Zinner\/anim_2mn.gif\" width=\"750\" height=\"500\"><\/p>\r\n<p><img src=\"http:\/\/astrodan.fr\/site\/wp-content\/uploads\/_thumbs\/Images\/Com%C3%A8tes\/21P%20Giacoboni-Zinner\/dep_noy.gif\" width=\"1000\" height=\"666\"><\/p>\r\n<p><img src=\"http:\/\/astrodan.fr\/site\/wp-content\/uploads\/_thumbs\/Images\/Com%C3%A8tes\/21P%20Giacoboni-Zinner\/dep_etoi.gif\" width=\"1000\" height=\"666\"><\/p>\r\n<p><span style=\"text-decoration: underline;\">Aspect de la com\u00e8te le 17 septembre<\/span><\/p>\r\n<p><img src=\"http:\/\/astrodan.fr\/site\/wp-content\/uploads\/_thumbs\/Images\/Com%C3%A8tes\/21P%20Giacoboni-Zinner\/trace21pw_.jpg\" width=\"1500\" height=\"999\"><\/p>\r\n<p><img src=\"http:\/\/astrodan.fr\/site\/wp-content\/uploads\/_thumbs\/Images\/Com%C3%A8tes\/21P%20Giacoboni-Zinner\/noyau21pw.jpg\" width=\"1500\" height=\"996\"><\/p>\r\n<p><img src=\"http:\/\/astrodan.fr\/site\/wp-content\/uploads\/_thumbs\/Images\/Com%C3%A8tes\/21P%20Giacoboni-Zinner\/comete21p_w.jpg\" width=\"1500\" height=\"1000\"><\/p>\r\n<p><img src=\"http:\/\/astrodan.fr\/site\/wp-content\/uploads\/_thumbs\/Images\/Com%C3%A8tes\/21P%20Giacoboni-Zinner\/animation_1h.gif\" width=\"1500\" height=\"1000\"><\/p>\r\n<p><img src=\"http:\/\/astrodan.fr\/site\/wp-content\/uploads\/_thumbs\/Images\/Com%C3%A8tes\/21P%20Giacoboni-Zinner\/animation_36mn.gif\" width=\"1000\" height=\"667\"> <img src=\"http:\/\/astrodan.fr\/site\/wp-content\/uploads\/_thumbs\/Images\/Com%C3%A8tes\/21P%20Giacoboni-Zinner\/comete21p_noyau.jpg\" width=\"1500\" height=\"1000\"> <img src=\"http:\/\/astrodan.fr\/site\/wp-content\/uploads\/_thumbs\/Images\/Com%C3%A8tes\/21P%20Giacoboni-Zinner\/comete21p_trace1_.jpg\" width=\"1500\" height=\"999\"> <img src=\"http:\/\/astrodan.fr\/site\/wp-content\/uploads\/_thumbs\/Images\/Com%C3%A8tes\/21P%20Giacoboni-Zinner\/comete21p_trace1_neg.jpg\" width=\"1500\" height=\"999\"><\/p>\r\n<p><a href=\"http:\/\/astrodan.fr\/site\/?page_id=799\"><span style=\"text-decoration: underline;\">Haut de page<\/span><\/a><\/p>\r\n<p>\u00a0<\/p>\r\n<p>\u00a0<\/p>","_et_gb_content_width":"","ngg_post_thumbnail":0,"footnotes":""},"_links":{"self":[{"href":"http:\/\/astrodan.fr\/site\/wp-json\/wp\/v2\/pages\/799"}],"collection":[{"href":"http:\/\/astrodan.fr\/site\/wp-json\/wp\/v2\/pages"}],"about":[{"href":"http:\/\/astrodan.fr\/site\/wp-json\/wp\/v2\/types\/page"}],"author":[{"embeddable":true,"href":"http:\/\/astrodan.fr\/site\/wp-json\/wp\/v2\/users\/1"}],"replies":[{"embeddable":true,"href":"http:\/\/astrodan.fr\/site\/wp-json\/wp\/v2\/comments?post=799"}],"version-history":[{"count":3,"href":"http:\/\/astrodan.fr\/site\/wp-json\/wp\/v2\/pages\/799\/revisions"}],"predecessor-version":[{"id":7746,"href":"http:\/\/astrodan.fr\/site\/wp-json\/wp\/v2\/pages\/799\/revisions\/7746"}],"up":[{"embeddable":true,"href":"http:\/\/astrodan.fr\/site\/wp-json\/wp\/v2\/pages\/120"}],"wp:attachment":[{"href":"http:\/\/astrodan.fr\/site\/wp-json\/wp\/v2\/media?parent=799"}],"curies":[{"name":"wp","href":"https:\/\/api.w.org\/{rel}","templated":true}]}}