{"id":77,"date":"2015-04-12T04:56:57","date_gmt":"2015-04-12T02:56:57","guid":{"rendered":"http:\/\/astrodan.fr\/site\/?page_id=77"},"modified":"2024-02-06T14:32:49","modified_gmt":"2024-02-06T13:32:49","slug":"qui-suis-je","status":"publish","type":"page","link":"http:\/\/astrodan.fr\/site\/page-d-exemple\/qui-suis-je\/","title":{"rendered":"Qui suis-je ?"},"content":{"rendered":"<p>[et_pb_section fb_built=\u00a0\u00bb1&Prime; _builder_version=\u00a0\u00bb4.23.4&Prime; hover_enabled=\u00a0\u00bb0&Prime; global_colors_info=\u00a0\u00bb{}\u00a0\u00bb background_color=\u00a0\u00bb#100a3f\u00a0\u00bb sticky_enabled=\u00a0\u00bb0&Prime;][et_pb_row _builder_version=\u00a0\u00bb4.16&Prime; background_size=\u00a0\u00bbinitial\u00a0\u00bb background_position=\u00a0\u00bbtop_left\u00a0\u00bb background_repeat=\u00a0\u00bbrepeat\u00a0\u00bb global_colors_info=\u00a0\u00bb{}\u00a0\u00bb][et_pb_column type=\u00a0\u00bb4_4&Prime; _builder_version=\u00a0\u00bb4.16&Prime; custom_padding=\u00a0\u00bb|||\u00a0\u00bb global_colors_info=\u00a0\u00bb{}\u00a0\u00bb custom_padding__hover=\u00a0\u00bb|||\u00a0\u00bb][et_pb_text _builder_version=\u00a0\u00bb4.16&Prime; background_size=\u00a0\u00bbinitial\u00a0\u00bb background_position=\u00a0\u00bbtop_left\u00a0\u00bb background_repeat=\u00a0\u00bbrepeat\u00a0\u00bb global_colors_info=\u00a0\u00bb{}\u00a0\u00bb]<\/p>\n<p>&nbsp;<span style=\"font-size: 14px;\">Bienvenue sur mon site ,<\/span><\/p>\n<p><span style=\"font-size: 14px;\">&nbsp;&nbsp; C&rsquo;est vers l&rsquo;\u00e2ge de 12 ans que j&rsquo;ai d\u00e9couvert l&rsquo;astronomie en tant qu&rsquo;amateur,<br \/>\n&nbsp; en observant simplement la Lune avec les jumelles de mes parents , et quelques ann\u00e9es plus tard ,<br \/>\n&nbsp; c&rsquo;est avec mes deux cousins que j&rsquo;ai fait ma premi\u00e8re sortie astro sur le terrain , c&rsquo;\u00e9tait lors d&rsquo;une<br \/>\n&nbsp; opposition de Mars , c&rsquo;est avec une petite lunette qu&rsquo;ils m&rsquo;ont fait d\u00e9couvrir un petit globe rouge , depuis ,<br \/>\n&nbsp; cet int\u00e9r\u00eat pour le ciel ne m&rsquo;a jamais quitt\u00e9 , bien au contraire , \u00e0 cela s&rsquo;ajoute l&rsquo;astrophoto , qui<br \/>\n&nbsp; permet de saisir bien plus de choses, comme certains objets invisibles \u00e0 l&rsquo;\u0153il.<br \/>\n&nbsp; C&rsquo;est \u00e0 ces personnes que je d\u00e9die ce site .<\/span><\/p>\n<p><span style=\"font-size: 14px;\">Daniel<br \/>\n&nbsp;&nbsp;&nbsp;&nbsp;&nbsp;&nbsp;&nbsp;&nbsp;&nbsp;&nbsp;&nbsp;&nbsp;&nbsp;&nbsp;&nbsp;&nbsp;&nbsp;&nbsp;&nbsp;&nbsp;&nbsp;&nbsp;&nbsp;&nbsp;&nbsp;&nbsp;&nbsp;&nbsp;&nbsp;&nbsp;&nbsp; &nbsp;<\/span><\/p>\n<p><span style=\"font-size: 14px;\">&nbsp; <span style=\"text-decoration: underline;\">Site cr\u00e9e le 06\/04\/2015<\/span>&nbsp; &nbsp; &nbsp; &nbsp; &nbsp; &nbsp; &nbsp;&nbsp;<\/span><\/p>\n<p>[\/et_pb_text][\/et_pb_column][\/et_pb_row][\/et_pb_section]<\/p>\n","protected":false},"excerpt":{"rendered":"<p>&nbsp;Bienvenue sur mon site , &nbsp;&nbsp; C&rsquo;est vers l&rsquo;\u00e2ge de 12 ans que j&rsquo;ai d\u00e9couvert l&rsquo;astronomie en tant qu&rsquo;amateur, &nbsp; en observant simplement la Lune avec les jumelles de mes parents , et quelques ann\u00e9es plus tard , &nbsp; c&rsquo;est avec mes deux cousins que j&rsquo;ai fait ma premi\u00e8re sortie astro sur le terrain , [&hellip;]<\/p>\n","protected":false},"author":1,"featured_media":0,"parent":2,"menu_order":0,"comment_status":"closed","ping_status":"closed","template":"","meta":{"_et_pb_use_builder":"on","_et_pb_old_content":"<p>\u00a0<span style=\"font-size: 14px;\">Bienvenue sur mon site ,<\/span><\/p>\r\n<p><span style=\"font-size: 14px;\">\u00a0\u00a0 C'est vers l'\u00e2ge de 12 ans que j'ai d\u00e9couvert l'astronomie en tant qu'amateur,<br>\u00a0 en observant simplement la Lune avec les jumelles de mes parents , et quelques ann\u00e9es plus tard ,<br>\u00a0 c'est avec mes deux cousins que j'ai fait ma premi\u00e8re sortie astro sur le terrain , c'\u00e9tait lors d'une<br>\u00a0 opposition de Mars , c'est avec une petite lunette qu'ils m'ont fait d\u00e9couvrir un petit globe rouge , depuis ,<br>\u00a0 cet int\u00e9r\u00eat pour le ciel ne m'a jamais quitt\u00e9 , bien au contraire , \u00e0 cela s'ajoute l'astrophoto , qui<br>\u00a0 permet de saisir bien plus de choses, comme certains objets invisibles \u00e0 l'\u0153il.<br>\u00a0 C'est \u00e0 ces personnes que je d\u00e9die ce site .<\/span><\/p>\r\n<p><span style=\"font-size: 14px;\">Daniel<br>\u00a0\u00a0\u00a0\u00a0\u00a0\u00a0\u00a0\u00a0\u00a0\u00a0\u00a0\u00a0\u00a0\u00a0\u00a0\u00a0\u00a0\u00a0\u00a0\u00a0\u00a0\u00a0\u00a0\u00a0\u00a0\u00a0\u00a0\u00a0\u00a0\u00a0\u00a0 \u00a0<\/span><\/p>\r\n<p><span style=\"font-size: 14px;\">\u00a0 <span style=\"text-decoration: underline;\">Site cr\u00e9e le 06\/04\/2015<\/span>\u00a0 \u00a0 \u00a0 \u00a0 \u00a0 \u00a0 \u00a0\u00a0<\/span><\/p>","_et_gb_content_width":"","ngg_post_thumbnail":0,"footnotes":""},"_links":{"self":[{"href":"http:\/\/astrodan.fr\/site\/wp-json\/wp\/v2\/pages\/77"}],"collection":[{"href":"http:\/\/astrodan.fr\/site\/wp-json\/wp\/v2\/pages"}],"about":[{"href":"http:\/\/astrodan.fr\/site\/wp-json\/wp\/v2\/types\/page"}],"author":[{"embeddable":true,"href":"http:\/\/astrodan.fr\/site\/wp-json\/wp\/v2\/users\/1"}],"replies":[{"embeddable":true,"href":"http:\/\/astrodan.fr\/site\/wp-json\/wp\/v2\/comments?post=77"}],"version-history":[{"count":4,"href":"http:\/\/astrodan.fr\/site\/wp-json\/wp\/v2\/pages\/77\/revisions"}],"predecessor-version":[{"id":6485,"href":"http:\/\/astrodan.fr\/site\/wp-json\/wp\/v2\/pages\/77\/revisions\/6485"}],"up":[{"embeddable":true,"href":"http:\/\/astrodan.fr\/site\/wp-json\/wp\/v2\/pages\/2"}],"wp:attachment":[{"href":"http:\/\/astrodan.fr\/site\/wp-json\/wp\/v2\/media?parent=77"}],"curies":[{"name":"wp","href":"https:\/\/api.w.org\/{rel}","templated":true}]}}