{"id":7580,"date":"2025-09-13T20:35:22","date_gmt":"2025-09-13T18:35:22","guid":{"rendered":"http:\/\/astrodan.fr\/site\/?page_id=7580"},"modified":"2025-09-13T20:50:57","modified_gmt":"2025-09-13T18:50:57","slug":"totale-de-lune-le-7-septembre-2025","status":"publish","type":"page","link":"http:\/\/astrodan.fr\/site\/fille\/totale-de-lune-le-7-septembre-2025\/","title":{"rendered":"Totale de Lune le 7 septembre 2025"},"content":{"rendered":"<p>[et_pb_section fb_built=\u00a0\u00bb1&Prime; _builder_version=\u00a0\u00bb4.24.2&Prime; hover_enabled=\u00a0\u00bb0&Prime; global_colors_info=\u00a0\u00bb{}\u00a0\u00bb background_color=\u00a0\u00bb#100a3f\u00a0\u00bb sticky_enabled=\u00a0\u00bb0&Prime;][et_pb_row _builder_version=\u00a0\u00bb4.16&Prime; background_size=\u00a0\u00bbinitial\u00a0\u00bb background_position=\u00a0\u00bbtop_left\u00a0\u00bb background_repeat=\u00a0\u00bbrepeat\u00a0\u00bb global_colors_info=\u00a0\u00bb{}\u00a0\u00bb][et_pb_column type=\u00a0\u00bb4_4&Prime; _builder_version=\u00a0\u00bb4.16&Prime; custom_padding=\u00a0\u00bb|||\u00a0\u00bb global_colors_info=\u00a0\u00bb{}\u00a0\u00bb custom_padding__hover=\u00a0\u00bb|||\u00a0\u00bb][et_pb_text _builder_version=\u00a0\u00bb4.16&Prime; background_size=\u00a0\u00bbinitial\u00a0\u00bb background_position=\u00a0\u00bbtop_left\u00a0\u00bb background_repeat=\u00a0\u00bbrepeat\u00a0\u00bb global_colors_info=\u00a0\u00bb{}\u00a0\u00bb]<\/p>\n<p><span style=\"text-decoration: underline;\"><span style=\"font-size: 12pt;\">Au soir du dimanche 7 septembre, la Lune s&rsquo;est lev\u00e9e d\u00e9j\u00e0 \u00e9clips\u00e9e !<\/span><\/span><\/p>\n<p><span style=\"text-decoration: underline;\"><span style=\"font-size: 12pt;\">Circonstance de l&rsquo;\u00e9clipse\u00a0<\/span><\/span><\/p>\n<p><img loading=\"lazy\" decoding=\"async\" class=\"alignnone size-full wp-image-7581\" src=\"http:\/\/astrodan.fr\/site\/wp-content\/uploads\/Eclipses\/totale_07_09_25\/carte.jpg\" alt=\"\" width=\"779\" height=\"446\" \/><\/p>\n<p><span style=\"text-decoration: underline; font-size: 12pt;\">Au C8 + Canon R7 + r\u00e9ducteur de focale 0.63x<\/span><\/p>\n<p>&nbsp;<\/p>\n<p><img loading=\"lazy\" decoding=\"async\" class=\"alignnone size-full wp-image-7585\" src=\"http:\/\/astrodan.fr\/site\/wp-content\/uploads\/Eclipses\/totale_07_09_25\/totale.jpg\" alt=\"\" width=\"1000\" height=\"667\" \/><\/p>\n<p><span style=\"text-decoration: underline; font-size: 12pt;\">Animation jusqu&rsquo;\u00e0 la sortie de l&rsquo;ombre\u00a0<\/span><\/p>\n<p><img loading=\"lazy\" decoding=\"async\" class=\"alignnone size-full wp-image-7583\" src=\"http:\/\/astrodan.fr\/site\/wp-content\/uploads\/Eclipses\/totale_07_09_25\/anim-1.gif\" alt=\"\" width=\"1200\" height=\"800\" \/><\/p>\n<p><span style=\"text-decoration: underline; font-size: 12pt;\">Le film complet depuis le lev\u00e9 de Lune, dur\u00e9e 2h15\u00a0<\/span><\/p>\n<p><span style=\"text-decoration: underline; font-size: 12pt;\">Canon 1200D + Sigma 17-70mm, position 25mm<\/span><\/p>\n<p><span style=\"text-decoration: underline; font-size: 12pt;\"><\/span><\/p>\n<div style=\"width: 1080px;\" class=\"wp-video\"><!--[if lt IE 9]><script>document.createElement('video');<\/script><![endif]-->\n<video class=\"wp-video-shortcode\" id=\"video-7580-1\" width=\"1080\" height=\"720\" preload=\"metadata\" controls=\"controls\"><source type=\"video\/mp4\" src=\"http:\/\/astrodan.fr\/site\/wp-content\/uploads\/Eclipses\/totale_07_09_25\/eclipse_25mm_135mn.mp4?_=1\" \/><a href=\"http:\/\/astrodan.fr\/site\/wp-content\/uploads\/Eclipses\/totale_07_09_25\/eclipse_25mm_135mn.mp4\">http:\/\/astrodan.fr\/site\/wp-content\/uploads\/Eclipses\/totale_07_09_25\/eclipse_25mm_135mn.mp4<\/a><\/video><\/div>\n<p>&nbsp;<\/p>\n<p>&nbsp;<\/p>\n<p>&nbsp;<\/p>\n<p>[\/et_pb_text][\/et_pb_column][\/et_pb_row][\/et_pb_section]<\/p>\n","protected":false},"excerpt":{"rendered":"<p>Au soir du dimanche 7 septembre, la Lune s&rsquo;est lev\u00e9e d\u00e9j\u00e0 \u00e9clips\u00e9e ! Circonstance de l&rsquo;\u00e9clipse\u00a0 Au C8 + Canon R7 + r\u00e9ducteur de focale 0.63x &nbsp; Animation jusqu&rsquo;\u00e0 la sortie de l&rsquo;ombre\u00a0 Le film complet depuis le lev\u00e9 de Lune, dur\u00e9e 2h15\u00a0 Canon 1200D + Sigma 17-70mm, position 25mm <div style=\"width: 1080px;\" class=\"wp-video\"><video class=\"wp-video-shortcode\" id=\"video-7580-2\" width=\"1080\" height=\"720\" preload=\"metadata\" controls=\"controls\"><source type=\"video\/mp4\" src=\"http:\/\/astrodan.fr\/site\/wp-content\/uploads\/Eclipses\/totale_07_09_25\/eclipse_25mm_135mn.mp4?_=2\" \/><a href=\"http:\/\/astrodan.fr\/site\/wp-content\/uploads\/Eclipses\/totale_07_09_25\/eclipse_25mm_135mn.mp4\">http:\/\/astrodan.fr\/site\/wp-content\/uploads\/Eclipses\/totale_07_09_25\/eclipse_25mm_135mn.mp4<\/a><\/video><\/div> &nbsp; [&hellip;]<\/p>\n","protected":false},"author":1,"featured_media":0,"parent":10,"menu_order":11,"comment_status":"closed","ping_status":"closed","template":"","meta":{"_et_pb_use_builder":"on","_et_pb_old_content":"<p><span style=\"text-decoration: underline;\"><span style=\"font-size: 12pt;\">Au soir du dimanche 7 septembre, la Lune s'est lev\u00e9e d\u00e9j\u00e0 \u00e9clips\u00e9e !<\/span><\/span><\/p>\r\n<p><span style=\"text-decoration: underline;\"><span style=\"font-size: 12pt;\">Circonstance de l'\u00e9clipse\u00a0<\/span><\/span><\/p>\r\n<p><img class=\"alignnone size-full wp-image-7581\" src=\"http:\/\/astrodan.fr\/site\/wp-content\/uploads\/Eclipses\/totale_07_09_25\/carte.jpg\" alt=\"\" width=\"779\" height=\"446\"><\/p>\r\n<p><span style=\"text-decoration: underline; font-size: 12pt;\">Au C8 + Canon R7 + r\u00e9ducteur de focale 0.63x<\/span><\/p>\r\n<p>\u00a0<\/p>\r\n<p><img class=\"alignnone size-full wp-image-7585\" src=\"http:\/\/astrodan.fr\/site\/wp-content\/uploads\/Eclipses\/totale_07_09_25\/totale.jpg\" alt=\"\" width=\"1000\" height=\"667\"><\/p>\r\n<p><span style=\"text-decoration: underline; font-size: 12pt;\">Animation jusqu'\u00e0 la sortie de l'ombre\u00a0<\/span><\/p>\r\n<p><img class=\"alignnone size-full wp-image-7583\" src=\"http:\/\/astrodan.fr\/site\/wp-content\/uploads\/Eclipses\/totale_07_09_25\/anim-1.gif\" alt=\"\" width=\"1200\" height=\"800\"><\/p>\r\n<p><span style=\"text-decoration: underline; font-size: 12pt;\">Le film complet depuis le lev\u00e9 de Lune, dur\u00e9e 2h15\u00a0<\/span><\/p>\r\n<p><span style=\"text-decoration: underline; font-size: 12pt;\">Canon 1200D + Sigma 17-70mm, position 25mm<\/span><\/p>\r\n<p>[video width=\"1200\" height=\"800\" mp4=\"http:\/\/astrodan.fr\/site\/wp-content\/uploads\/Eclipses\/totale_07_09_25\/eclipse_25mm_135mn.mp4\"][\/video]<\/p>\r\n<p>\u00a0<\/p>\r\n<p>\u00a0<\/p>\r\n<p>\u00a0<\/p>","_et_gb_content_width":"","ngg_post_thumbnail":0,"footnotes":""},"_links":{"self":[{"href":"http:\/\/astrodan.fr\/site\/wp-json\/wp\/v2\/pages\/7580"}],"collection":[{"href":"http:\/\/astrodan.fr\/site\/wp-json\/wp\/v2\/pages"}],"about":[{"href":"http:\/\/astrodan.fr\/site\/wp-json\/wp\/v2\/types\/page"}],"author":[{"embeddable":true,"href":"http:\/\/astrodan.fr\/site\/wp-json\/wp\/v2\/users\/1"}],"replies":[{"embeddable":true,"href":"http:\/\/astrodan.fr\/site\/wp-json\/wp\/v2\/comments?post=7580"}],"version-history":[{"count":2,"href":"http:\/\/astrodan.fr\/site\/wp-json\/wp\/v2\/pages\/7580\/revisions"}],"predecessor-version":[{"id":7605,"href":"http:\/\/astrodan.fr\/site\/wp-json\/wp\/v2\/pages\/7580\/revisions\/7605"}],"up":[{"embeddable":true,"href":"http:\/\/astrodan.fr\/site\/wp-json\/wp\/v2\/pages\/10"}],"wp:attachment":[{"href":"http:\/\/astrodan.fr\/site\/wp-json\/wp\/v2\/media?parent=7580"}],"curies":[{"name":"wp","href":"https:\/\/api.w.org\/{rel}","templated":true}]}}