{"id":7409,"date":"2025-03-06T11:08:20","date_gmt":"2025-03-06T10:08:20","guid":{"rendered":"http:\/\/astrodan.fr\/site\/?page_id=7409"},"modified":"2025-03-06T11:25:51","modified_gmt":"2025-03-06T10:25:51","slug":"ciel-profond-a-la-camera-zwo-asi-178mm","status":"publish","type":"page","link":"http:\/\/astrodan.fr\/site\/ciel-profond\/ciel-profond-a-la-camera-zwo-asi-178mm\/","title":{"rendered":"Ciel profond \u00e0 la cam\u00e9ra ZWO ASI 178mm"},"content":{"rendered":"<p>[et_pb_section fb_built=\u00a0\u00bb1&Prime; admin_label=\u00a0\u00bbsection\u00a0\u00bb _builder_version=\u00a0\u00bb4.24.2&Prime; hover_enabled=\u00a0\u00bb0&Prime; global_colors_info=\u00a0\u00bb{}\u00a0\u00bb background_color=\u00a0\u00bb#100a3f\u00a0\u00bb sticky_enabled=\u00a0\u00bb0&Prime;][et_pb_row admin_label=\u00a0\u00bbrow\u00a0\u00bb _builder_version=\u00a0\u00bb4.16&Prime; background_size=\u00a0\u00bbinitial\u00a0\u00bb background_position=\u00a0\u00bbtop_left\u00a0\u00bb background_repeat=\u00a0\u00bbrepeat\u00a0\u00bb global_colors_info=\u00a0\u00bb{}\u00a0\u00bb][et_pb_column type=\u00a0\u00bb4_4&Prime; _builder_version=\u00a0\u00bb4.16&Prime; custom_padding=\u00a0\u00bb|||\u00a0\u00bb global_colors_info=\u00a0\u00bb{}\u00a0\u00bb custom_padding__hover=\u00a0\u00bb|||\u00a0\u00bb][et_pb_text admin_label=\u00a0\u00bbText\u00a0\u00bb _builder_version=\u00a0\u00bb4.16&Prime; background_size=\u00a0\u00bbinitial\u00a0\u00bb background_position=\u00a0\u00bbtop_left\u00a0\u00bb background_repeat=\u00a0\u00bbrepeat\u00a0\u00bb global_colors_info=\u00a0\u00bb{}\u00a0\u00bb]<\/p>\n<p><span style=\"text-decoration: underline;\"><span style=\"font-size: 12pt;\">Quelques essais avec la cam\u00e9ra NB ZWO 178 mm au foyer de la 72ED + r\u00e9ducteur 0.6x&nbsp;<\/span><\/span><\/p>\n<p><span style=\"text-decoration: underline;\"><span style=\"font-size: 12pt;\">Messier 51, addition 500 pose de 10s , 1h38 cumul\u00e9e<\/span><\/span><\/p>\n<p><img loading=\"lazy\" decoding=\"async\" class=\"alignnone size-full wp-image-7413\" src=\"http:\/\/astrodan.fr\/site\/wp-content\/uploads\/Messier\/M51_f.png\" alt=\"\" width=\"3017\" height=\"2027\" srcset=\"http:\/\/astrodan.fr\/site\/wp-content\/uploads\/Messier\/M51_f.png 3017w, http:\/\/astrodan.fr\/site\/wp-content\/uploads\/Messier\/M51_f-1280x860.png 1280w, http:\/\/astrodan.fr\/site\/wp-content\/uploads\/Messier\/M51_f-980x658.png 980w, http:\/\/astrodan.fr\/site\/wp-content\/uploads\/Messier\/M51_f-480x322.png 480w\" sizes=\"(min-width: 0px) and (max-width: 480px) 480px, (min-width: 481px) and (max-width: 980px) 980px, (min-width: 981px) and (max-width: 1280px) 1280px, (min-width: 1281px) 3017px, 100vw\" \/> <img loading=\"lazy\" decoding=\"async\" class=\"alignnone size-full wp-image-7415\" src=\"http:\/\/astrodan.fr\/site\/wp-content\/uploads\/Messier\/planche_M51_M-scaled.jpg\" alt=\"\" width=\"1707\" height=\"2560\" srcset=\"http:\/\/astrodan.fr\/site\/wp-content\/uploads\/Messier\/planche_M51_M-scaled.jpg 1707w, http:\/\/astrodan.fr\/site\/wp-content\/uploads\/Messier\/planche_M51_M-1280x1920.jpg 1280w, http:\/\/astrodan.fr\/site\/wp-content\/uploads\/Messier\/planche_M51_M-980x1470.jpg 980w, http:\/\/astrodan.fr\/site\/wp-content\/uploads\/Messier\/planche_M51_M-480x720.jpg 480w\" sizes=\"(min-width: 0px) and (max-width: 480px) 480px, (min-width: 481px) and (max-width: 980px) 980px, (min-width: 981px) and (max-width: 1280px) 1280px, (min-width: 1281px) 1707px, 100vw\" \/><\/p>\n<p><span style=\"text-decoration: underline;\"><span style=\"font-size: 12pt;\">Messier 81-82, addition 500 pose de 10s , 1h38 cumul\u00e9e<\/span><\/span><\/p>\n<p><img loading=\"lazy\" decoding=\"async\" class=\"alignnone size-full wp-image-7414\" src=\"http:\/\/astrodan.fr\/site\/wp-content\/uploads\/Messier\/M81_82_f.png\" alt=\"\" width=\"3013\" height=\"2024\" srcset=\"http:\/\/astrodan.fr\/site\/wp-content\/uploads\/Messier\/M81_82_f.png 3013w, http:\/\/astrodan.fr\/site\/wp-content\/uploads\/Messier\/M81_82_f-1280x860.png 1280w, http:\/\/astrodan.fr\/site\/wp-content\/uploads\/Messier\/M81_82_f-980x658.png 980w, http:\/\/astrodan.fr\/site\/wp-content\/uploads\/Messier\/M81_82_f-480x322.png 480w\" sizes=\"(min-width: 0px) and (max-width: 480px) 480px, (min-width: 481px) and (max-width: 980px) 980px, (min-width: 981px) and (max-width: 1280px) 1280px, (min-width: 1281px) 3013px, 100vw\" \/> <img loading=\"lazy\" decoding=\"async\" class=\"alignnone size-full wp-image-7416\" src=\"http:\/\/astrodan.fr\/site\/wp-content\/uploads\/Messier\/planche_M81_82-scaled.jpg\" alt=\"\" width=\"1707\" height=\"2560\" srcset=\"http:\/\/astrodan.fr\/site\/wp-content\/uploads\/Messier\/planche_M81_82-scaled.jpg 1707w, http:\/\/astrodan.fr\/site\/wp-content\/uploads\/Messier\/planche_M81_82-1280x1920.jpg 1280w, http:\/\/astrodan.fr\/site\/wp-content\/uploads\/Messier\/planche_M81_82-980x1470.jpg 980w, http:\/\/astrodan.fr\/site\/wp-content\/uploads\/Messier\/planche_M81_82-480x720.jpg 480w\" sizes=\"(min-width: 0px) and (max-width: 480px) 480px, (min-width: 481px) and (max-width: 980px) 980px, (min-width: 981px) and (max-width: 1280px) 1280px, (min-width: 1281px) 1707px, 100vw\" \/><\/p>\n<p><span style=\"text-decoration: underline;\"><span style=\"font-size: 12pt;\">IC434, addition 500 pose de 10s , 1h38 cumul\u00e9e<\/span><\/span><\/p>\n<p><img loading=\"lazy\" decoding=\"async\" class=\"alignnone size-full wp-image-7417\" src=\"http:\/\/astrodan.fr\/site\/wp-content\/uploads\/Messier\/tete_de_cheval_f.png\" alt=\"\" width=\"3071\" height=\"2063\" srcset=\"http:\/\/astrodan.fr\/site\/wp-content\/uploads\/Messier\/tete_de_cheval_f.png 3071w, http:\/\/astrodan.fr\/site\/wp-content\/uploads\/Messier\/tete_de_cheval_f-1280x860.png 1280w, http:\/\/astrodan.fr\/site\/wp-content\/uploads\/Messier\/tete_de_cheval_f-980x658.png 980w, http:\/\/astrodan.fr\/site\/wp-content\/uploads\/Messier\/tete_de_cheval_f-480x322.png 480w\" sizes=\"(min-width: 0px) and (max-width: 480px) 480px, (min-width: 481px) and (max-width: 980px) 980px, (min-width: 981px) and (max-width: 1280px) 1280px, (min-width: 1281px) 3071px, 100vw\" \/><\/p>\n<p>&nbsp;<\/p>\n<p>[\/et_pb_text][\/et_pb_column][\/et_pb_row][\/et_pb_section]<\/p>\n","protected":false},"excerpt":{"rendered":"<p>Quelques essais avec la cam\u00e9ra NB ZWO 178 mm au foyer de la 72ED + r\u00e9ducteur 0.6x&nbsp; Messier 51, addition 500 pose de 10s , 1h38 cumul\u00e9e Messier 81-82, addition 500 pose de 10s , 1h38 cumul\u00e9e IC434, addition 500 pose de 10s , 1h38 cumul\u00e9e &nbsp;<\/p>\n","protected":false},"author":1,"featured_media":0,"parent":79,"menu_order":10,"comment_status":"closed","ping_status":"closed","template":"","meta":{"_et_pb_use_builder":"on","_et_pb_old_content":"<p><span style=\"text-decoration: underline;\"><span style=\"font-size: 12pt;\">Quelques essais avec la cam\u00e9ra NB ZWO 178 mm au foyer de la 72ED + r\u00e9ducteur 0.6x&nbsp;<\/span><\/span><\/p>\r\n<p><span style=\"text-decoration: underline;\"><span style=\"font-size: 12pt;\">Messier 51, addition 500 pose de 10s , 1h38 cumul\u00e9e<\/span><\/span><\/p>\r\n<p><img class=\"alignnone size-full wp-image-7413\" src=\"http:\/\/astrodan.fr\/site\/wp-content\/uploads\/Messier\/M51_f.png\" alt=\"\" width=\"3017\" height=\"2027\"> <img class=\"alignnone size-full wp-image-7415\" src=\"http:\/\/astrodan.fr\/site\/wp-content\/uploads\/Messier\/planche_M51_M-scaled.jpg\" alt=\"\" width=\"1707\" height=\"2560\"><\/p>\r\n<p><span style=\"text-decoration: underline;\"><span style=\"font-size: 12pt;\">Messier 81-82, addition 500 pose de 10s , 1h38 cumul\u00e9e<\/span><\/span><\/p>\r\n<p><img class=\"alignnone size-full wp-image-7414\" src=\"http:\/\/astrodan.fr\/site\/wp-content\/uploads\/Messier\/M81_82_f.png\" alt=\"\" width=\"3013\" height=\"2024\"> <img class=\"alignnone size-full wp-image-7416\" src=\"http:\/\/astrodan.fr\/site\/wp-content\/uploads\/Messier\/planche_M81_82-scaled.jpg\" alt=\"\" width=\"1707\" height=\"2560\"><\/p>\r\n<p><span style=\"text-decoration: underline;\"><span style=\"font-size: 12pt;\">IC434, addition 500 pose de 10s , 1h38 cumul\u00e9e<\/span><\/span><\/p>\r\n<p><img class=\"alignnone size-full wp-image-7417\" src=\"http:\/\/astrodan.fr\/site\/wp-content\/uploads\/Messier\/tete_de_cheval_f.png\" alt=\"\" width=\"3071\" height=\"2063\"><\/p>\r\n<p>&nbsp;<\/p>","_et_gb_content_width":"","ngg_post_thumbnail":0,"footnotes":""},"_links":{"self":[{"href":"http:\/\/astrodan.fr\/site\/wp-json\/wp\/v2\/pages\/7409"}],"collection":[{"href":"http:\/\/astrodan.fr\/site\/wp-json\/wp\/v2\/pages"}],"about":[{"href":"http:\/\/astrodan.fr\/site\/wp-json\/wp\/v2\/types\/page"}],"author":[{"embeddable":true,"href":"http:\/\/astrodan.fr\/site\/wp-json\/wp\/v2\/users\/1"}],"replies":[{"embeddable":true,"href":"http:\/\/astrodan.fr\/site\/wp-json\/wp\/v2\/comments?post=7409"}],"version-history":[{"count":3,"href":"http:\/\/astrodan.fr\/site\/wp-json\/wp\/v2\/pages\/7409\/revisions"}],"predecessor-version":[{"id":7426,"href":"http:\/\/astrodan.fr\/site\/wp-json\/wp\/v2\/pages\/7409\/revisions\/7426"}],"up":[{"embeddable":true,"href":"http:\/\/astrodan.fr\/site\/wp-json\/wp\/v2\/pages\/79"}],"wp:attachment":[{"href":"http:\/\/astrodan.fr\/site\/wp-json\/wp\/v2\/media?parent=7409"}],"curies":[{"name":"wp","href":"https:\/\/api.w.org\/{rel}","templated":true}]}}