{"id":6666,"date":"2024-03-20T11:11:04","date_gmt":"2024-03-20T10:11:04","guid":{"rendered":"http:\/\/astrodan.fr\/site\/?page_id=6666"},"modified":"2025-11-20T13:55:46","modified_gmt":"2025-11-20T12:55:46","slug":"comete-c-2021-s3-panstarrs","status":"publish","type":"page","link":"http:\/\/astrodan.fr\/site\/cometes-2-2\/comete-c-2021-s3-panstarrs\/","title":{"rendered":"C\/2021 S3 Panstarrs"},"content":{"rendered":"<p>[et_pb_section fb_built=\u00a0\u00bb1&Prime; _builder_version=\u00a0\u00bb4.24.2&Prime; background_color=\u00a0\u00bb#100a3f\u00a0\u00bb global_colors_info=\u00a0\u00bb{}\u00a0\u00bb][et_pb_row _builder_version=\u00a0\u00bb4.16&Prime; background_size=\u00a0\u00bbinitial\u00a0\u00bb background_position=\u00a0\u00bbtop_left\u00a0\u00bb background_repeat=\u00a0\u00bbrepeat\u00a0\u00bb global_colors_info=\u00a0\u00bb{}\u00a0\u00bb][et_pb_column type=\u00a0\u00bb4_4&Prime; _builder_version=\u00a0\u00bb4.16&Prime; custom_padding=\u00a0\u00bb|||\u00a0\u00bb global_colors_info=\u00a0\u00bb{}\u00a0\u00bb custom_padding__hover=\u00a0\u00bb|||\u00a0\u00bb][et_pb_text _builder_version=\u00a0\u00bb4.16&Prime; background_size=\u00a0\u00bbinitial\u00a0\u00bb background_position=\u00a0\u00bbtop_left\u00a0\u00bb background_repeat=\u00a0\u00bbrepeat\u00a0\u00bb global_colors_info=\u00a0\u00bb{}\u00a0\u00bb]<\/p>\n<p><span style=\"text-decoration: underline;\"><span style=\"font-size: 12pt;\">La com\u00e8te C\/2021 S3 Panstarrs le 20 mars 2024 au petit matin<\/span><\/span><\/p>\n<p><span style=\"text-decoration: underline;\"><span style=\"font-size: 12pt;\">Lunette 80 ED + Canon 1200D, addition de 18 poses pour une dur\u00e9e totale de 29 mn<\/span><\/span><\/p>\n<p><img loading=\"lazy\" decoding=\"async\" class=\"alignnone size-full wp-image-6668\" src=\"http:\/\/astrodan.fr\/site\/wp-content\/uploads\/Comete\/C_2021_s3_Panstarrs\/Add_Noyau_v1-scaled.jpg\" alt=\"\" width=\"2560\" height=\"1707\"> <img loading=\"lazy\" decoding=\"async\" class=\"alignnone size-full wp-image-6667\" src=\"http:\/\/astrodan.fr\/site\/wp-content\/uploads\/Comete\/C_2021_s3_Panstarrs\/Add_etoiles_v1-scaled.jpg\" alt=\"\" width=\"2560\" height=\"1706\"><\/p>\n<p><span style=\"text-decoration: underline; font-size: 12pt;\">D\u00e9placement durant 29 mn<\/span><\/p>\n<p><img loading=\"lazy\" decoding=\"async\" class=\"alignnone size-full wp-image-6669\" src=\"http:\/\/astrodan.fr\/site\/wp-content\/uploads\/Comete\/C_2021_s3_Panstarrs\/dep20mn.gif\" alt=\"\" width=\"999\" height=\"666\"><\/p>\n<p><span style=\"text-decoration: underline;\"><span style=\"font-size: 12pt;\">La com\u00e8te le 14 mai 2024, lunette SW 80ED + r\u00e9ducteur 0.87x + Canon 1200D<\/span><\/span><\/p>\n<p><span style=\"text-decoration: underline;\"><span style=\"font-size: 12pt;\">Addition de 19 poses de 3mn sur les \u00e9toiles<\/span><\/span><\/p>\n<p><img loading=\"lazy\" decoding=\"async\" class=\"alignnone size-full wp-image-6840\" src=\"http:\/\/astrodan.fr\/site\/wp-content\/uploads\/Comete\/C_2021_s3_Panstarrs\/comete_S3_w.jpg\" alt=\"\" width=\"1500\" height=\"999\"><\/p>\n<p><span style=\"text-decoration: underline;\"><span style=\"font-size: 12pt;\">Alignement de 19 poses de 3mn sur le noyau<\/span><\/span>&nbsp;<\/p>\n<p><img loading=\"lazy\" decoding=\"async\" class=\"alignnone size-full wp-image-6848\" src=\"http:\/\/astrodan.fr\/site\/wp-content\/uploads\/Comete\/C_2021_s3_Panstarrs\/pp_light_stacked_Nw.jpg\" alt=\"\" width=\"1500\" height=\"1000\"><\/p>\n<p><span style=\"text-decoration: underline; font-size: 12pt;\">D\u00e9placement durant 1h<\/span><\/p>\n<p><img loading=\"lazy\" decoding=\"async\" class=\"alignnone size-full wp-image-6841\" src=\"http:\/\/astrodan.fr\/site\/wp-content\/uploads\/Comete\/C_2021_s3_Panstarrs\/depla_60mn.gif\" alt=\"\" width=\"1000\" height=\"667\"><\/p>\n<p><span style=\"text-decoration: underline;\"><span style=\"font-size: 12pt;\">La com\u00e8te le 8 juin 2024&nbsp;<\/span><\/span><\/p>\n<p><a href=\"http:\/\/www.astrosurf.com\/topic\/169098-soleil-et-ciel-profond\/?tab=comments#comment-2411269\" target=\"_blank\" rel=\"noopener\"><span style=\"text-decoration: underline;\"><span style=\"font-size: 12pt;\">Lien vers le forum d&rsquo;Astrosurf<\/span><\/span><\/a><\/p>\n<p>&nbsp;<\/p>\n<p>[\/et_pb_text][\/et_pb_column][\/et_pb_row][\/et_pb_section]<\/p>\n","protected":false},"excerpt":{"rendered":"<p>La com\u00e8te C\/2021 S3 Panstarrs le 20 mars 2024 au petit matin Lunette 80 ED + Canon 1200D, addition de 18 poses pour une dur\u00e9e totale de 29 mn D\u00e9placement durant 29 mn La com\u00e8te le 14 mai 2024, lunette SW 80ED + r\u00e9ducteur 0.87x + Canon 1200D Addition de 19 poses de 3mn sur [&hellip;]<\/p>\n","protected":false},"author":1,"featured_media":0,"parent":5997,"menu_order":4,"comment_status":"closed","ping_status":"closed","template":"","meta":{"_et_pb_use_builder":"on","_et_pb_old_content":"<p><span style=\"text-decoration: underline;\"><span style=\"font-size: 12pt;\">La com\u00e8te C\/2021 S3 Panstarrs le 20 mars 2024 au petit matin<\/span><\/span><\/p>\r\n<p><span style=\"text-decoration: underline;\"><span style=\"font-size: 12pt;\">Lunette 80 ED + Canon 1200D, addition de 18 poses pour une dur\u00e9e totale de 29 mn<\/span><\/span><\/p>\r\n<p><img class=\"alignnone size-full wp-image-6668\" src=\"http:\/\/astrodan.fr\/site\/wp-content\/uploads\/Comete\/C_2021_s3_Panstarrs\/Add_Noyau_v1-scaled.jpg\" alt=\"\" width=\"2560\" height=\"1707\"> <img class=\"alignnone size-full wp-image-6667\" src=\"http:\/\/astrodan.fr\/site\/wp-content\/uploads\/Comete\/C_2021_s3_Panstarrs\/Add_etoiles_v1-scaled.jpg\" alt=\"\" width=\"2560\" height=\"1706\"><\/p>\r\n<p><span style=\"text-decoration: underline; font-size: 12pt;\">D\u00e9placement durant 29 mn<\/span><\/p>\r\n<p><img class=\"alignnone size-full wp-image-6669\" src=\"http:\/\/astrodan.fr\/site\/wp-content\/uploads\/Comete\/C_2021_s3_Panstarrs\/dep20mn.gif\" alt=\"\" width=\"999\" height=\"666\"><\/p>\r\n<p><span style=\"text-decoration: underline;\"><span style=\"font-size: 12pt;\">La com\u00e8te le 14 mai 2024, lunette SW 80ED + r\u00e9ducteur 0.87x + Canon 1200D<\/span><\/span><\/p>\r\n<p><span style=\"text-decoration: underline;\"><span style=\"font-size: 12pt;\">Addition de 19 poses de 3mn sur les \u00e9toiles<\/span><\/span><\/p>\r\n<p><img class=\"alignnone size-full wp-image-6840\" src=\"http:\/\/astrodan.fr\/site\/wp-content\/uploads\/Comete\/C_2021_s3_Panstarrs\/comete_S3_w.jpg\" alt=\"\" width=\"1500\" height=\"999\"><\/p>\r\n<p><span style=\"text-decoration: underline;\"><span style=\"font-size: 12pt;\">Alignement de 19 poses de 3mn sur le noyau<\/span><\/span>\u00a0<\/p>\r\n<p><img class=\"alignnone size-full wp-image-6848\" src=\"http:\/\/astrodan.fr\/site\/wp-content\/uploads\/Comete\/C_2021_s3_Panstarrs\/pp_light_stacked_Nw.jpg\" alt=\"\" width=\"1500\" height=\"1000\"><\/p>\r\n<p><span style=\"text-decoration: underline; font-size: 12pt;\">D\u00e9placement durant 1h<\/span><\/p>\r\n<p><img class=\"alignnone size-full wp-image-6841\" src=\"http:\/\/astrodan.fr\/site\/wp-content\/uploads\/Comete\/C_2021_s3_Panstarrs\/depla_60mn.gif\" alt=\"\" width=\"1000\" height=\"667\"><\/p>\r\n<p><span style=\"text-decoration: underline;\"><span style=\"font-size: 12pt;\">La com\u00e8te le 8 juin 2024\u00a0<\/span><\/span><\/p>\r\n<p><a href=\"http:\/\/www.astrosurf.com\/topic\/169098-soleil-et-ciel-profond\/?tab=comments#comment-2411269\" target=\"_blank\" rel=\"noopener\"><span style=\"text-decoration: underline;\"><span style=\"font-size: 12pt;\">Lien vers le forum d'Astrosurf<\/span><\/span><\/a><\/p>\r\n<p>\u00a0<\/p>","_et_gb_content_width":"","ngg_post_thumbnail":0,"footnotes":""},"_links":{"self":[{"href":"http:\/\/astrodan.fr\/site\/wp-json\/wp\/v2\/pages\/6666"}],"collection":[{"href":"http:\/\/astrodan.fr\/site\/wp-json\/wp\/v2\/pages"}],"about":[{"href":"http:\/\/astrodan.fr\/site\/wp-json\/wp\/v2\/types\/page"}],"author":[{"embeddable":true,"href":"http:\/\/astrodan.fr\/site\/wp-json\/wp\/v2\/users\/1"}],"replies":[{"embeddable":true,"href":"http:\/\/astrodan.fr\/site\/wp-json\/wp\/v2\/comments?post=6666"}],"version-history":[{"count":3,"href":"http:\/\/astrodan.fr\/site\/wp-json\/wp\/v2\/pages\/6666\/revisions"}],"predecessor-version":[{"id":7627,"href":"http:\/\/astrodan.fr\/site\/wp-json\/wp\/v2\/pages\/6666\/revisions\/7627"}],"up":[{"embeddable":true,"href":"http:\/\/astrodan.fr\/site\/wp-json\/wp\/v2\/pages\/5997"}],"wp:attachment":[{"href":"http:\/\/astrodan.fr\/site\/wp-json\/wp\/v2\/media?parent=6666"}],"curies":[{"name":"wp","href":"https:\/\/api.w.org\/{rel}","templated":true}]}}