{"id":6548,"date":"2024-02-12T16:01:56","date_gmt":"2024-02-12T15:01:56","guid":{"rendered":"http:\/\/astrodan.fr\/site\/?page_id=6548"},"modified":"2024-08-02T20:32:26","modified_gmt":"2024-08-02T18:32:26","slug":"2024-2","status":"publish","type":"page","link":"http:\/\/astrodan.fr\/site\/soleil-2\/images-solaires-2\/2024-2\/","title":{"rendered":"2024"},"content":{"rendered":"<p>[et_pb_section fb_built=\u00a0\u00bb1&Prime; _builder_version=\u00a0\u00bb4.24.2&Prime; hover_enabled=\u00a0\u00bb0&Prime; global_colors_info=\u00a0\u00bb{}\u00a0\u00bb background_color=\u00a0\u00bb#100a3f\u00a0\u00bb sticky_enabled=\u00a0\u00bb0&Prime;][et_pb_row _builder_version=\u00a0\u00bb4.16&Prime; background_size=\u00a0\u00bbinitial\u00a0\u00bb background_position=\u00a0\u00bbtop_left\u00a0\u00bb background_repeat=\u00a0\u00bbrepeat\u00a0\u00bb global_colors_info=\u00a0\u00bb{}\u00a0\u00bb][et_pb_column type=\u00a0\u00bb4_4&Prime; _builder_version=\u00a0\u00bb4.16&Prime; custom_padding=\u00a0\u00bb|||\u00a0\u00bb global_colors_info=\u00a0\u00bb{}\u00a0\u00bb custom_padding__hover=\u00a0\u00bb|||\u00a0\u00bb][et_pb_text _builder_version=\u00a0\u00bb4.16&Prime; background_size=\u00a0\u00bbinitial\u00a0\u00bb background_position=\u00a0\u00bbtop_left\u00a0\u00bb background_repeat=\u00a0\u00bbrepeat\u00a0\u00bb global_colors_info=\u00a0\u00bb{}\u00a0\u00bb]<\/p>\n<p><span style=\"text-decoration: underline;\"><span style=\"font-size: 12pt;\">Le Soleil le 12 f\u00e9vrier 2024 entre les nuages<\/span><\/span><\/p>\n<p><span style=\"text-decoration: underline;\"><span style=\"font-size: 12pt;\">Lunette SW 72 ED + Astrosolar 3.8 + ZWO 178mm + Baader K Line<\/span><\/span><\/p>\n<p><img loading=\"lazy\" decoding=\"async\" class=\"alignnone size-full wp-image-6549\" src=\"http:\/\/astrodan.fr\/site\/wp-content\/uploads\/Soleil-lumiere-blanche\/2024\/2024-02-12-1348_T.png\" alt=\"\" width=\"2000\" height=\"2000\"><\/p>\n<p><span style=\"text-decoration: underline;\"><span style=\"font-size: 12pt;\">Le Soleil le 23 f\u00e9vrier 2024 apr\u00e8s une averse de gr\u00eale<\/span><\/span><\/p>\n<p><span style=\"text-decoration: underline;\"><span style=\"font-size: 12pt;\">Lunette SW 72 ED + Astrosolar 3.8 + ZWO 178mm + Baader K Line<\/span><\/span><\/p>\n<p><img loading=\"lazy\" decoding=\"async\" class=\"alignnone size-full wp-image-6592\" src=\"http:\/\/astrodan.fr\/site\/wp-content\/uploads\/Soleil-lumiere-blanche\/2024\/Soleil_23_02_24_LBT.jpg\" alt=\"\" width=\"1900\" height=\"1900\"><\/p>\n<p><span style=\"text-decoration: underline;\"><span style=\"font-size: 12pt;\">Le soleil le 27 f\u00e9vrier 2024&nbsp;<\/span><\/span><\/p>\n<p><span style=\"text-decoration: underline;\"><span style=\"font-size: 12pt;\">Lunette SW 72 ED + Astrosolar 3.8 + ZWO 178mm + Baader K Line<\/span><\/span><\/p>\n<p><img loading=\"lazy\" decoding=\"async\" class=\"alignnone size-full wp-image-6604\" src=\"http:\/\/astrodan.fr\/site\/wp-content\/uploads\/Soleil-lumiere-blanche\/2024\/2024-02-27-1354_Sun_conv_.png\" alt=\"\" width=\"1900\" height=\"1900\"><\/p>\n<p><span style=\"text-decoration: underline; font-size: 12pt;\">Comparaison avec l&rsquo;image de satellite SDO<\/span>&nbsp;<\/p>\n<p><img loading=\"lazy\" decoding=\"async\" class=\"alignnone size-full wp-image-6603\" src=\"http:\/\/astrodan.fr\/site\/wp-content\/uploads\/Soleil-lumiere-blanche\/2024\/Comparatif_Info.png\" alt=\"\" width=\"3600\" height=\"2000\"><\/p>\n<p><span style=\"text-decoration: underline;\"><span style=\"font-size: 12pt;\">Suivi du Soleil en lumi\u00e8re blanche durant 5 jours, du 20 au 24 mars 2024&nbsp;<\/span><\/span><\/p>\n<p><a href=\"http:\/\/www.astrosurf.com\/topic\/168242-soleil-du-23-avril-animation-sur-5-jours\/?tab=comments#comment-2398977\" target=\"_blank\" rel=\"noopener\"><span style=\"text-decoration: underline;\"><span style=\"font-size: 12pt;\">Lien vers le forum d&rsquo;Astrosurf<\/span><\/span><\/a><\/p>\n<p><span style=\"text-decoration: underline;\"><span style=\"font-size: 12pt;\">Le soleil le 4 juin 2024&nbsp;<\/span><\/span><\/p>\n<p><a href=\"http:\/\/www.astrosurf.com\/topic\/169017-soleil-du-4-juin\/?tab=comments#comment-2410124\" target=\"_blank\" rel=\"noopener\"><span style=\"text-decoration: underline;\"><span style=\"font-size: 12pt;\">Lien vers le forum d&rsquo;Astrosurf<\/span><\/span><\/a><\/p>\n<p><span style=\"text-decoration: underline;\"><span style=\"font-size: 12pt;\">Le Soleil le 01 ao\u00fbt 2024&nbsp;<\/span><\/span><\/p>\n<p><a href=\"http:\/\/www.astrosurf.com\/topic\/169973-maximum-solaire\/\" target=\"_blank\" rel=\"noopener\"><span style=\"text-decoration: underline;\"><span style=\"font-size: 12pt;\">Lien vers le forum d&rsquo;Astrosurf<\/span><\/span><\/a><\/p>\n<p>&nbsp;<\/p>\n<p>[\/et_pb_text][\/et_pb_column][\/et_pb_row][\/et_pb_section]<\/p>\n","protected":false},"excerpt":{"rendered":"<p>Le Soleil le 12 f\u00e9vrier 2024 entre les nuages Lunette SW 72 ED + Astrosolar 3.8 + ZWO 178mm + Baader K Line Le Soleil le 23 f\u00e9vrier 2024 apr\u00e8s une averse de gr\u00eale Lunette SW 72 ED + Astrosolar 3.8 + ZWO 178mm + Baader K Line Le soleil le 27 f\u00e9vrier 2024&nbsp; Lunette [&hellip;]<\/p>\n","protected":false},"author":1,"featured_media":0,"parent":302,"menu_order":14,"comment_status":"closed","ping_status":"closed","template":"","meta":{"_et_pb_use_builder":"on","_et_pb_old_content":"<p><span style=\"text-decoration: underline;\"><span style=\"font-size: 12pt;\">Le Soleil le 12 f\u00e9vrier 2024 entre les nuages<\/span><\/span><\/p>\r\n<p><span style=\"text-decoration: underline;\"><span style=\"font-size: 12pt;\">Lunette SW 72 ED + Astrosolar 3.8 + ZWO 178mm + Baader K Line<\/span><\/span><\/p>\r\n<p><img class=\"alignnone size-full wp-image-6549\" src=\"http:\/\/astrodan.fr\/site\/wp-content\/uploads\/Soleil-lumiere-blanche\/2024\/2024-02-12-1348_T.png\" alt=\"\" width=\"2000\" height=\"2000\"><\/p>\r\n<p><span style=\"text-decoration: underline;\"><span style=\"font-size: 12pt;\">Le Soleil le 23 f\u00e9vrier 2024 apr\u00e8s une averse de gr\u00eale<\/span><\/span><\/p>\r\n<p><span style=\"text-decoration: underline;\"><span style=\"font-size: 12pt;\">Lunette SW 72 ED + Astrosolar 3.8 + ZWO 178mm + Baader K Line<\/span><\/span><\/p>\r\n<p><img class=\"alignnone size-full wp-image-6592\" src=\"http:\/\/astrodan.fr\/site\/wp-content\/uploads\/Soleil-lumiere-blanche\/2024\/Soleil_23_02_24_LBT.jpg\" alt=\"\" width=\"1900\" height=\"1900\"><\/p>\r\n<p><span style=\"text-decoration: underline;\"><span style=\"font-size: 12pt;\">Le soleil le 27 f\u00e9vrier 2024\u00a0<\/span><\/span><\/p>\r\n<p><span style=\"text-decoration: underline;\"><span style=\"font-size: 12pt;\">Lunette SW 72 ED + Astrosolar 3.8 + ZWO 178mm + Baader K Line<\/span><\/span><\/p>\r\n<p><img class=\"alignnone size-full wp-image-6604\" src=\"http:\/\/astrodan.fr\/site\/wp-content\/uploads\/Soleil-lumiere-blanche\/2024\/2024-02-27-1354_Sun_conv_.png\" alt=\"\" width=\"1900\" height=\"1900\"><\/p>\r\n<p><span style=\"text-decoration: underline; font-size: 12pt;\">Comparaison avec l'image de satellite SDO<\/span>\u00a0<\/p>\r\n<p><img class=\"alignnone size-full wp-image-6603\" src=\"http:\/\/astrodan.fr\/site\/wp-content\/uploads\/Soleil-lumiere-blanche\/2024\/Comparatif_Info.png\" alt=\"\" width=\"3600\" height=\"2000\"><\/p>\r\n<p><span style=\"text-decoration: underline;\"><span style=\"font-size: 12pt;\">Suivi du Soleil en lumi\u00e8re blanche durant 5 jours, du 20 au 24 mars 2024\u00a0<\/span><\/span><\/p>\r\n<p><a href=\"http:\/\/www.astrosurf.com\/topic\/168242-soleil-du-23-avril-animation-sur-5-jours\/?tab=comments#comment-2398977\" target=\"_blank\" rel=\"noopener\"><span style=\"text-decoration: underline;\"><span style=\"font-size: 12pt;\">Lien vers le forum d'Astrosurf<\/span><\/span><\/a><\/p>\r\n<p><span style=\"text-decoration: underline;\"><span style=\"font-size: 12pt;\">Le soleil le 4 juin 2024\u00a0<\/span><\/span><\/p>\r\n<p><a href=\"http:\/\/www.astrosurf.com\/topic\/169017-soleil-du-4-juin\/?tab=comments#comment-2410124\" target=\"_blank\" rel=\"noopener\"><span style=\"text-decoration: underline;\"><span style=\"font-size: 12pt;\">Lien vers le forum d'Astrosurf<\/span><\/span><\/a><\/p>\r\n<p><span style=\"text-decoration: underline;\"><span style=\"font-size: 12pt;\">Le Soleil le 01 ao\u00fbt 2024\u00a0<\/span><\/span><\/p>\r\n<p><a href=\"http:\/\/www.astrosurf.com\/topic\/169973-maximum-solaire\/\" target=\"_blank\" rel=\"noopener\"><span style=\"text-decoration: underline;\"><span style=\"font-size: 12pt;\">Lien vers le forum d'Astrosurf<\/span><\/span><\/a><\/p>\r\n<p>\u00a0<\/p>","_et_gb_content_width":"","ngg_post_thumbnail":0,"footnotes":""},"_links":{"self":[{"href":"http:\/\/astrodan.fr\/site\/wp-json\/wp\/v2\/pages\/6548"}],"collection":[{"href":"http:\/\/astrodan.fr\/site\/wp-json\/wp\/v2\/pages"}],"about":[{"href":"http:\/\/astrodan.fr\/site\/wp-json\/wp\/v2\/types\/page"}],"author":[{"embeddable":true,"href":"http:\/\/astrodan.fr\/site\/wp-json\/wp\/v2\/users\/1"}],"replies":[{"embeddable":true,"href":"http:\/\/astrodan.fr\/site\/wp-json\/wp\/v2\/comments?post=6548"}],"version-history":[{"count":3,"href":"http:\/\/astrodan.fr\/site\/wp-json\/wp\/v2\/pages\/6548\/revisions"}],"predecessor-version":[{"id":7088,"href":"http:\/\/astrodan.fr\/site\/wp-json\/wp\/v2\/pages\/6548\/revisions\/7088"}],"up":[{"embeddable":true,"href":"http:\/\/astrodan.fr\/site\/wp-json\/wp\/v2\/pages\/302"}],"wp:attachment":[{"href":"http:\/\/astrodan.fr\/site\/wp-json\/wp\/v2\/media?parent=6548"}],"curies":[{"name":"wp","href":"https:\/\/api.w.org\/{rel}","templated":true}]}}