{"id":6001,"date":"2023-05-11T20:21:51","date_gmt":"2023-05-11T18:21:51","guid":{"rendered":"http:\/\/astrodan.fr\/site\/?page_id=6001"},"modified":"2023-05-11T20:39:27","modified_gmt":"2023-05-11T18:39:27","slug":"c-2019-t4-atlas","status":"publish","type":"page","link":"http:\/\/astrodan.fr\/site\/cometes-2-2\/c-2019-t4-atlas\/","title":{"rendered":"C\/2019 T4 (Atlas)"},"content":{"rendered":"<p>[et_pb_section fb_built=\u00a0\u00bb1&Prime; _builder_version=\u00a0\u00bb4.20.2&Prime; hover_enabled=\u00a0\u00bb0&Prime; global_colors_info=\u00a0\u00bb{}\u00a0\u00bb background_color=\u00a0\u00bb#100a3f\u00a0\u00bb sticky_enabled=\u00a0\u00bb0&Prime;][et_pb_row _builder_version=\u00a0\u00bb4.16&Prime; background_size=\u00a0\u00bbinitial\u00a0\u00bb background_position=\u00a0\u00bbtop_left\u00a0\u00bb background_repeat=\u00a0\u00bbrepeat\u00a0\u00bb global_colors_info=\u00a0\u00bb{}\u00a0\u00bb][et_pb_column type=\u00a0\u00bb4_4&Prime; _builder_version=\u00a0\u00bb4.16&Prime; custom_padding=\u00a0\u00bb|||\u00a0\u00bb global_colors_info=\u00a0\u00bb{}\u00a0\u00bb custom_padding__hover=\u00a0\u00bb|||\u00a0\u00bb][et_pb_text _builder_version=\u00a0\u00bb4.16&Prime; background_size=\u00a0\u00bbinitial\u00a0\u00bb background_position=\u00a0\u00bbtop_left\u00a0\u00bb background_repeat=\u00a0\u00bbrepeat\u00a0\u00bb global_colors_info=\u00a0\u00bb{}\u00a0\u00bb]<\/p>\n<p><span style=\"text-decoration: underline; color: #808080;\"><span style=\"font-size: 12pt;\">La com\u00e8te C\/ 2019 T4 (Atlas)&nbsp; le 10 mai 2023 \u00e0 la 80ED + Canon 1000D<\/span><\/span><\/p>\n<p><span style=\"text-decoration: underline; color: #808080;\"><span style=\"font-size: 12pt;\">18 poses de 3 min<\/span><\/span><\/p>\n<p><span style=\"text-decoration: underline; color: #808080;\"><span style=\"font-size: 12pt;\">Addition sur le noyau de la com\u00e8te<\/span><\/span><\/p>\n<p><img loading=\"lazy\" decoding=\"async\" class=\"alignnone size-full wp-image-6007\" src=\"http:\/\/astrodan.fr\/site\/wp-content\/uploads\/Comete\/C_2019_T4_Atlas\/noyau_-scaled.jpg\" alt=\"\" width=\"2560\" height=\"1707\" srcset=\"http:\/\/astrodan.fr\/site\/wp-content\/uploads\/Comete\/C_2019_T4_Atlas\/noyau_-scaled.jpg 2560w, http:\/\/astrodan.fr\/site\/wp-content\/uploads\/Comete\/C_2019_T4_Atlas\/noyau_-1280x854.jpg 1280w, http:\/\/astrodan.fr\/site\/wp-content\/uploads\/Comete\/C_2019_T4_Atlas\/noyau_-980x653.jpg 980w, http:\/\/astrodan.fr\/site\/wp-content\/uploads\/Comete\/C_2019_T4_Atlas\/noyau_-480x320.jpg 480w\" sizes=\"(min-width: 0px) and (max-width: 480px) 480px, (min-width: 481px) and (max-width: 980px) 980px, (min-width: 981px) and (max-width: 1280px) 1280px, (min-width: 1281px) 2560px, 100vw\" \/><\/p>\n<p><span style=\"text-decoration: underline; color: #808080;\"><span style=\"font-size: 12pt;\">Addition sur les \u00e9toiles<\/span><\/span><\/p>\n<p><img loading=\"lazy\" decoding=\"async\" class=\"alignnone size-full wp-image-6006\" src=\"http:\/\/astrodan.fr\/site\/wp-content\/uploads\/Comete\/C_2019_T4_Atlas\/etoiles_-scaled.jpg\" alt=\"\" width=\"2560\" height=\"1707\" srcset=\"http:\/\/astrodan.fr\/site\/wp-content\/uploads\/Comete\/C_2019_T4_Atlas\/etoiles_-scaled.jpg 2560w, http:\/\/astrodan.fr\/site\/wp-content\/uploads\/Comete\/C_2019_T4_Atlas\/etoiles_-1280x854.jpg 1280w, http:\/\/astrodan.fr\/site\/wp-content\/uploads\/Comete\/C_2019_T4_Atlas\/etoiles_-980x653.jpg 980w, http:\/\/astrodan.fr\/site\/wp-content\/uploads\/Comete\/C_2019_T4_Atlas\/etoiles_-480x320.jpg 480w\" sizes=\"(min-width: 0px) and (max-width: 480px) 480px, (min-width: 481px) and (max-width: 980px) 980px, (min-width: 981px) and (max-width: 1280px) 1280px, (min-width: 1281px) 2560px, 100vw\" \/><\/p>\n<p><span style=\"text-decoration: underline;\"><span style=\"font-size: 12pt;\">Animation durant 54 min<\/span><\/span><\/p>\n<p><img loading=\"lazy\" decoding=\"async\" class=\"alignnone size-full wp-image-6005\" src=\"http:\/\/astrodan.fr\/site\/wp-content\/uploads\/Comete\/C_2019_T4_Atlas\/depla_T4.gif\" alt=\"\" width=\"800\" height=\"533\"><\/p>\n<p>&nbsp;<\/p>\n<p>&nbsp;<\/p>\n<p>[\/et_pb_text][\/et_pb_column][\/et_pb_row][\/et_pb_section]<\/p>\n","protected":false},"excerpt":{"rendered":"<p>La com\u00e8te C\/ 2019 T4 (Atlas)&nbsp; le 10 mai 2023 \u00e0 la 80ED + Canon 1000D 18 poses de 3 min Addition sur le noyau de la com\u00e8te Addition sur les \u00e9toiles Animation durant 54 min &nbsp; &nbsp;<\/p>\n","protected":false},"author":1,"featured_media":0,"parent":5997,"menu_order":0,"comment_status":"closed","ping_status":"closed","template":"","meta":{"_et_pb_use_builder":"on","_et_pb_old_content":"<p><span style=\"text-decoration: underline; color: #808080;\"><span style=\"font-size: 12pt;\">La com\u00e8te C\/ 2019 T4 (Atlas)\u00a0 le 10 mai 2023 \u00e0 la 80ED + Canon 1000D<\/span><\/span><\/p>\r\n<p><span style=\"text-decoration: underline; color: #808080;\"><span style=\"font-size: 12pt;\">18 poses de 3 min<\/span><\/span><\/p>\r\n<p><span style=\"text-decoration: underline; color: #808080;\"><span style=\"font-size: 12pt;\">Addition sur le noyau de la com\u00e8te<\/span><\/span><\/p>\r\n<p><img class=\"alignnone size-full wp-image-6007\" src=\"http:\/\/astrodan.fr\/site\/wp-content\/uploads\/Comete\/C_2019_T4_Atlas\/noyau_-scaled.jpg\" alt=\"\" width=\"2560\" height=\"1707\"><\/p>\r\n<p><span style=\"text-decoration: underline; color: #808080;\"><span style=\"font-size: 12pt;\">Addition sur les \u00e9toiles<\/span><\/span><\/p>\r\n<p><img class=\"alignnone size-full wp-image-6006\" src=\"http:\/\/astrodan.fr\/site\/wp-content\/uploads\/Comete\/C_2019_T4_Atlas\/etoiles_-scaled.jpg\" alt=\"\" width=\"2560\" height=\"1707\"><\/p>\r\n<p><span style=\"text-decoration: underline;\"><span style=\"font-size: 12pt;\">Animation durant 54 min<\/span><\/span><\/p>\r\n<p><img class=\"alignnone size-full wp-image-6005\" src=\"http:\/\/astrodan.fr\/site\/wp-content\/uploads\/Comete\/C_2019_T4_Atlas\/depla_T4.gif\" alt=\"\" width=\"800\" height=\"533\"><\/p>\r\n<p>\u00a0<\/p>\r\n<p>\u00a0<\/p>","_et_gb_content_width":"","ngg_post_thumbnail":0,"footnotes":""},"_links":{"self":[{"href":"http:\/\/astrodan.fr\/site\/wp-json\/wp\/v2\/pages\/6001"}],"collection":[{"href":"http:\/\/astrodan.fr\/site\/wp-json\/wp\/v2\/pages"}],"about":[{"href":"http:\/\/astrodan.fr\/site\/wp-json\/wp\/v2\/types\/page"}],"author":[{"embeddable":true,"href":"http:\/\/astrodan.fr\/site\/wp-json\/wp\/v2\/users\/1"}],"replies":[{"embeddable":true,"href":"http:\/\/astrodan.fr\/site\/wp-json\/wp\/v2\/comments?post=6001"}],"version-history":[{"count":3,"href":"http:\/\/astrodan.fr\/site\/wp-json\/wp\/v2\/pages\/6001\/revisions"}],"predecessor-version":[{"id":6023,"href":"http:\/\/astrodan.fr\/site\/wp-json\/wp\/v2\/pages\/6001\/revisions\/6023"}],"up":[{"embeddable":true,"href":"http:\/\/astrodan.fr\/site\/wp-json\/wp\/v2\/pages\/5997"}],"wp:attachment":[{"href":"http:\/\/astrodan.fr\/site\/wp-json\/wp\/v2\/media?parent=6001"}],"curies":[{"name":"wp","href":"https:\/\/api.w.org\/{rel}","templated":true}]}}