{"id":373,"date":"2015-04-25T13:54:47","date_gmt":"2015-04-25T11:54:47","guid":{"rendered":"http:\/\/astrodan.fr\/site\/?page_id=373"},"modified":"2024-04-03T03:21:16","modified_gmt":"2024-04-03T01:21:16","slug":"publications","status":"publish","type":"page","link":"http:\/\/astrodan.fr\/site\/page-d-exemple\/publications\/","title":{"rendered":"Publications"},"content":{"rendered":"<p>[et_pb_section fb_built=\u00a0\u00bb1&Prime; admin_label=\u00a0\u00bbsection\u00a0\u00bb _builder_version=\u00a0\u00bb4.24.2&Prime; hover_enabled=\u00a0\u00bb0&Prime; global_colors_info=\u00a0\u00bb{}\u00a0\u00bb background_color=\u00a0\u00bb#100a3f\u00a0\u00bb sticky_enabled=\u00a0\u00bb0&Prime;][et_pb_row admin_label=\u00a0\u00bbrow\u00a0\u00bb _builder_version=\u00a0\u00bb4.16&Prime; background_size=\u00a0\u00bbinitial\u00a0\u00bb background_position=\u00a0\u00bbtop_left\u00a0\u00bb background_repeat=\u00a0\u00bbrepeat\u00a0\u00bb global_colors_info=\u00a0\u00bb{}\u00a0\u00bb][et_pb_column type=\u00a0\u00bb4_4&Prime; _builder_version=\u00a0\u00bb4.16&Prime; custom_padding=\u00a0\u00bb|||\u00a0\u00bb global_colors_info=\u00a0\u00bb{}\u00a0\u00bb custom_padding__hover=\u00a0\u00bb|||\u00a0\u00bb][et_pb_text admin_label=\u00a0\u00bbText\u00a0\u00bb _builder_version=\u00a0\u00bb4.16&Prime; background_size=\u00a0\u00bbinitial\u00a0\u00bb background_position=\u00a0\u00bbtop_left\u00a0\u00bb background_repeat=\u00a0\u00bbrepeat\u00a0\u00bb global_colors_info=\u00a0\u00bb{}\u00a0\u00bb]<\/p>\n<p><a id=\"hdep\" name=\"hdep\"><\/a><\/p>\n<p><u>Quelques images publi\u00e9es dans Astronomie Magazine <\/u><\/p>\n<p><u>Avril 2007 <\/u><\/p>\n<p><img decoding=\"async\" src=\"http:\/\/astrodan.fr\/site\/wp-content\/uploads\/image\/accueil\/publications\/publi_astromag_avril%202007.jpg\" alt=\"\"><\/p>\n<p><u>D\u00e9cembre 2011<\/u><\/p>\n<p><img loading=\"lazy\" decoding=\"async\" class=\"alignnone wp-image-4394 size-full\" src=\"http:\/\/astrodan.fr\/site\/wp-content\/uploads\/2023\/publications\/publi_astromag_dec_2011.jpg\" alt=\"\" width=\"1124\" height=\"1600\" data-wpmflightbox=\"0\" data-wpmf_image_lightbox=\"http:\/\/astrodan.fr\/site\/wp-content\/uploads\/2023\/publications\/publi_astromag_dec_2011.jpg\" srcset=\"http:\/\/astrodan.fr\/site\/wp-content\/uploads\/2023\/publications\/publi_astromag_dec_2011.jpg 1124w, http:\/\/astrodan.fr\/site\/wp-content\/uploads\/2023\/publications\/publi_astromag_dec_2011-980x1395.jpg 980w, http:\/\/astrodan.fr\/site\/wp-content\/uploads\/2023\/publications\/publi_astromag_dec_2011-480x683.jpg 480w\" sizes=\"(min-width: 0px) and (max-width: 480px) 480px, (min-width: 481px) and (max-width: 980px) 980px, (min-width: 981px) 1124px, 100vw\" \/><\/p>\n<p><img loading=\"lazy\" decoding=\"async\" class=\"alignnone wp-image-4395 size-full\" src=\"http:\/\/astrodan.fr\/site\/wp-content\/uploads\/2023\/publications\/publi_astromag_dec_2011_.jpg\" alt=\"\" width=\"1200\" height=\"911\" data-wpmflightbox=\"0\" data-wpmf_image_lightbox=\"http:\/\/astrodan.fr\/site\/wp-content\/uploads\/2023\/publications\/publi_astromag_dec_2011_.jpg\" srcset=\"http:\/\/astrodan.fr\/site\/wp-content\/uploads\/2023\/publications\/publi_astromag_dec_2011_.jpg 1200w, http:\/\/astrodan.fr\/site\/wp-content\/uploads\/2023\/publications\/publi_astromag_dec_2011_-980x744.jpg 980w, http:\/\/astrodan.fr\/site\/wp-content\/uploads\/2023\/publications\/publi_astromag_dec_2011_-480x364.jpg 480w\" sizes=\"(min-width: 0px) and (max-width: 480px) 480px, (min-width: 481px) and (max-width: 980px) 980px, (min-width: 981px) 1200px, 100vw\" \/><\/p>\n<p><u>Mai 2015<\/u><\/p>\n<p><img decoding=\"async\" style=\"width: 1350px; height: 526px;\" src=\"http:\/\/astrodan.fr\/site\/wp-content\/uploads\/image\/accueil\/publications\/publi_astromag_mai_2015.jpg\" alt=\"\"><\/p>\n<p><u>Ciel &amp; Espace Mai 2015<\/u><\/p>\n<p><img loading=\"lazy\" decoding=\"async\" class=\"alignnone size-full wp-image-4392\" src=\"http:\/\/astrodan.fr\/site\/wp-content\/uploads\/2023\/publications\/CE_mai-2015.jpg\" alt=\"\" width=\"1200\" height=\"1036\" srcset=\"http:\/\/astrodan.fr\/site\/wp-content\/uploads\/2023\/publications\/CE_mai-2015.jpg 1200w, http:\/\/astrodan.fr\/site\/wp-content\/uploads\/2023\/publications\/CE_mai-2015-980x846.jpg 980w, http:\/\/astrodan.fr\/site\/wp-content\/uploads\/2023\/publications\/CE_mai-2015-480x414.jpg 480w\" sizes=\"(min-width: 0px) and (max-width: 480px) 480px, (min-width: 481px) and (max-width: 980px) 980px, (min-width: 981px) 1200px, 100vw\" \/><\/p>\n<p><u>Une photo de M42 publi\u00e9e dans Astrosurf-Magazine <\/u><\/p>\n<p><img loading=\"lazy\" decoding=\"async\" class=\"alignnone wp-image-4393 size-full\" src=\"http:\/\/astrodan.fr\/site\/wp-content\/uploads\/2023\/publications\/M42.jpg\" alt=\"\" width=\"1066\" height=\"1600\" data-wpmflightbox=\"0\" data-wpmf_image_lightbox=\"http:\/\/astrodan.fr\/site\/wp-content\/uploads\/2023\/publications\/M42.jpg\" srcset=\"http:\/\/astrodan.fr\/site\/wp-content\/uploads\/2023\/publications\/M42.jpg 1066w, http:\/\/astrodan.fr\/site\/wp-content\/uploads\/2023\/publications\/M42-980x1471.jpg 980w, http:\/\/astrodan.fr\/site\/wp-content\/uploads\/2023\/publications\/M42-480x720.jpg 480w\" sizes=\"(min-width: 0px) and (max-width: 480px) 480px, (min-width: 481px) and (max-width: 980px) 980px, (min-width: 981px) 1066px, 100vw\" \/><\/p>\n<p>Publication sur le CD Astrosurf de l&rsquo;animation de la com\u00e8te 46P\/Wirtanen<\/p>\n<p><img loading=\"lazy\" decoding=\"async\" src=\"http:\/\/astrodan.fr\/site\/wp-content\/uploads\/_thumbs\/Images\/accueil\/publications\/IMG_6910.JPG\" width=\"1500\" height=\"1000\"><\/p>\n<p><span style=\"text-decoration: underline;\"><span style=\"font-size: 12pt;\">Article publi\u00e9 lors d&rsquo;une interview par l&rsquo;\u00e9quipe de France 3 grand est :<\/span><\/span><\/p>\n<p><span style=\"text-decoration: underline;\"><span style=\"font-size: 12pt;\"><a href=\"https:\/\/france3-regions.francetvinfo.fr\/grand-est\/meurthe-et-moselle\/nancy\/soleil-pic-d-activites-en-2024-preparez-vous-au-spectacle-des-aurores-boreales-pres-de-chez-vous-2932971.html\" target=\"_blank\" rel=\"noopener\">Lien vers l&rsquo;article&nbsp;<\/a><\/span><\/span><\/p>\n<p><span style=\"text-decoration: underline;\"><span style=\"font-size: 12pt;\"><a href=\"https:\/\/eur01.safelinks.protection.outlook.com\/?url=https%3A%2F%2Fyoutu.be%2FD9i9erAlBQg%3Fsi%3DN8pAxe1UOkpMu2dL&amp;data=05%7C02%7Cdhenrion%40grundfos.com%7C2d2fbdd7b5504741688c08dc537acf37%7Cdabd5d9087c244c993cd783e03236e40%7C0%7C0%7C638477034119443450%7CUnknown%7CTWFpbGZsb3d8eyJWIjoiMC4wLjAwMDAiLCJQIjoiV2luMzIiLCJBTiI6Ik1haWwiLCJXVCI6Mn0%3D%7C0%7C%7C%7C&amp;sdata=llBA7gVYL6OntmTJFBcuCmy9HyBJr0bPiYCZsI45V04%3D&amp;reserved=0\" target=\"_blank\" rel=\"noopener\">Vid\u00e9o de l&rsquo;interview par FR3 Grand Est sur Youtube<\/a> <\/span><\/span><\/p>\n<p><span style=\"text-decoration: underline;\"><span style=\"font-size: 12pt;\">Et l&rsquo;article au format PDF :<\/span><\/span><\/p>\n<p><span style=\"text-decoration: underline;\"><span style=\"font-size: 12pt;\"><a href=\"http:\/\/astrodan.fr\/site\/wp-content\/uploads\/Publications\/Soleil-_-pic-dactivites-en-2024-preparez-vous-au-spectacle-des-aurores-boreales-pres-de-chez-vous.pdf\" target=\"\" rel=\"noopener\">Soleil Pic D&rsquo;activit\u00e9s En 2024, Pr\u00e9parez Vous Au Spectacle Des Aurores Bor\u00e9ales Pr\u00e8s De Chez Vous<\/a><\/span><\/span><\/p>\n<p><a href=\"http:\/\/astrodan.fr\/site\/?page_id=373\"><u>Haut de page<\/u><\/a><\/p>\n<p>[\/et_pb_text][\/et_pb_column][\/et_pb_row][\/et_pb_section]<\/p>\n","protected":false},"excerpt":{"rendered":"<p>Quelques images publi\u00e9es dans Astronomie Magazine Avril 2007 D\u00e9cembre 2011 Mai 2015 Ciel &amp; Espace Mai 2015 Une photo de M42 publi\u00e9e dans Astrosurf-Magazine Publication sur le CD Astrosurf de l&rsquo;animation de la com\u00e8te 46P\/Wirtanen Article publi\u00e9 lors d&rsquo;une interview par l&rsquo;\u00e9quipe de France 3 grand est : Lien vers l&rsquo;article&nbsp; Vid\u00e9o de l&rsquo;interview par [&hellip;]<\/p>\n","protected":false},"author":1,"featured_media":0,"parent":2,"menu_order":1,"comment_status":"closed","ping_status":"closed","template":"","meta":{"_et_pb_use_builder":"on","_et_pb_old_content":"<p><a id=\"hdep\" name=\"hdep\"><\/a><\/p>\r\n<p><u>Quelques images publi\u00e9es dans Astronomie Magazine <\/u><\/p>\r\n<p><u>Avril 2007 <\/u><\/p>\r\n<p><img src=\"http:\/\/astrodan.fr\/site\/wp-content\/uploads\/image\/accueil\/publications\/publi_astromag_avril%202007.jpg\" alt=\"\"><\/p>\r\n<p><u>D\u00e9cembre 2011<\/u><\/p>\r\n<p><img class=\"alignnone wp-image-4394 size-full\" src=\"http:\/\/astrodan.fr\/site\/wp-content\/uploads\/2023\/publications\/publi_astromag_dec_2011.jpg\" alt=\"\" width=\"1124\" height=\"1600\" data-wpmflightbox=\"0\" data-wpmf_image_lightbox=\"http:\/\/astrodan.fr\/site\/wp-content\/uploads\/2023\/publications\/publi_astromag_dec_2011.jpg\"><\/p>\r\n<p><img class=\"alignnone wp-image-4395 size-full\" src=\"http:\/\/astrodan.fr\/site\/wp-content\/uploads\/2023\/publications\/publi_astromag_dec_2011_.jpg\" alt=\"\" width=\"1200\" height=\"911\" data-wpmflightbox=\"0\" data-wpmf_image_lightbox=\"http:\/\/astrodan.fr\/site\/wp-content\/uploads\/2023\/publications\/publi_astromag_dec_2011_.jpg\"><\/p>\r\n<p><u>Mai 2015<\/u><\/p>\r\n<p><img style=\"width: 1350px; height: 526px;\" src=\"http:\/\/astrodan.fr\/site\/wp-content\/uploads\/image\/accueil\/publications\/publi_astromag_mai_2015.jpg\" alt=\"\"><\/p>\r\n<p><u>Ciel &amp; Espace Mai 2015<\/u><\/p>\r\n<p><img class=\"alignnone size-full wp-image-4392\" src=\"http:\/\/astrodan.fr\/site\/wp-content\/uploads\/2023\/publications\/CE_mai-2015.jpg\" alt=\"\" width=\"1200\" height=\"1036\"><\/p>\r\n<p><u>Une photo de M42 publi\u00e9e dans Astrosurf-Magazine <\/u><\/p>\r\n<p><img class=\"alignnone wp-image-4393 size-full\" src=\"http:\/\/astrodan.fr\/site\/wp-content\/uploads\/2023\/publications\/M42.jpg\" alt=\"\" width=\"1066\" height=\"1600\" data-wpmflightbox=\"0\" data-wpmf_image_lightbox=\"http:\/\/astrodan.fr\/site\/wp-content\/uploads\/2023\/publications\/M42.jpg\"><\/p>\r\n<p>Publication sur le CD Astrosurf de l'animation de la com\u00e8te 46P\/Wirtanen<\/p>\r\n<p><img src=\"http:\/\/astrodan.fr\/site\/wp-content\/uploads\/_thumbs\/Images\/accueil\/publications\/IMG_6910.JPG\" width=\"1500\" height=\"1000\"><\/p>\r\n<p><span style=\"text-decoration: underline;\"><span style=\"font-size: 12pt;\">Article publi\u00e9 lors d'une interview par l'\u00e9quipe de France 3 grand est :<\/span><\/span><\/p>\r\n<p><span style=\"text-decoration: underline;\"><span style=\"font-size: 12pt;\"><a href=\"https:\/\/france3-regions.francetvinfo.fr\/grand-est\/meurthe-et-moselle\/nancy\/soleil-pic-d-activites-en-2024-preparez-vous-au-spectacle-des-aurores-boreales-pres-de-chez-vous-2932971.html\" target=\"_blank\" rel=\"noopener\">Lien vers l'article&nbsp;<\/a><\/span><\/span><\/p>\r\n<p><span style=\"text-decoration: underline;\"><span style=\"font-size: 12pt;\"><a href=\"https:\/\/eur01.safelinks.protection.outlook.com\/?url=https%3A%2F%2Fyoutu.be%2FD9i9erAlBQg%3Fsi%3DN8pAxe1UOkpMu2dL&amp;data=05%7C02%7Cdhenrion%40grundfos.com%7C2d2fbdd7b5504741688c08dc537acf37%7Cdabd5d9087c244c993cd783e03236e40%7C0%7C0%7C638477034119443450%7CUnknown%7CTWFpbGZsb3d8eyJWIjoiMC4wLjAwMDAiLCJQIjoiV2luMzIiLCJBTiI6Ik1haWwiLCJXVCI6Mn0%3D%7C0%7C%7C%7C&amp;sdata=llBA7gVYL6OntmTJFBcuCmy9HyBJr0bPiYCZsI45V04%3D&amp;reserved=0\" target=\"_blank\" rel=\"noopener\">Vid\u00e9o de l'interview par FR3 Grand Est sur Youtube<\/a> <\/span><\/span><\/p>\r\n<p><span style=\"text-decoration: underline;\"><span style=\"font-size: 12pt;\">Et l'article au format PDF :<\/span><\/span><\/p>\r\n<p><span style=\"text-decoration: underline;\"><span style=\"font-size: 12pt;\"><a href=\"http:\/\/astrodan.fr\/site\/wp-content\/uploads\/Publications\/Soleil-_-pic-dactivites-en-2024-preparez-vous-au-spectacle-des-aurores-boreales-pres-de-chez-vous.pdf\" target=\"\" rel=\"noopener\">Soleil Pic D'activit\u00e9s En 2024, Pr\u00e9parez Vous Au Spectacle Des Aurores Bor\u00e9ales Pr\u00e8s De Chez Vous<\/a><\/span><\/span><\/p>\r\n<p><a href=\"http:\/\/astrodan.fr\/site\/?page_id=373\"><u>Haut de page<\/u><\/a><\/p>","_et_gb_content_width":"","ngg_post_thumbnail":0,"footnotes":""},"_links":{"self":[{"href":"http:\/\/astrodan.fr\/site\/wp-json\/wp\/v2\/pages\/373"}],"collection":[{"href":"http:\/\/astrodan.fr\/site\/wp-json\/wp\/v2\/pages"}],"about":[{"href":"http:\/\/astrodan.fr\/site\/wp-json\/wp\/v2\/types\/page"}],"author":[{"embeddable":true,"href":"http:\/\/astrodan.fr\/site\/wp-json\/wp\/v2\/users\/1"}],"replies":[{"embeddable":true,"href":"http:\/\/astrodan.fr\/site\/wp-json\/wp\/v2\/comments?post=373"}],"version-history":[{"count":3,"href":"http:\/\/astrodan.fr\/site\/wp-json\/wp\/v2\/pages\/373\/revisions"}],"predecessor-version":[{"id":6770,"href":"http:\/\/astrodan.fr\/site\/wp-json\/wp\/v2\/pages\/373\/revisions\/6770"}],"up":[{"embeddable":true,"href":"http:\/\/astrodan.fr\/site\/wp-json\/wp\/v2\/pages\/2"}],"wp:attachment":[{"href":"http:\/\/astrodan.fr\/site\/wp-json\/wp\/v2\/media?parent=373"}],"curies":[{"name":"wp","href":"https:\/\/api.w.org\/{rel}","templated":true}]}}