{"id":3404,"date":"2022-07-07T11:37:12","date_gmt":"2022-07-07T09:37:12","guid":{"rendered":"http:\/\/astrodan.fr\/site\/?page_id=3404"},"modified":"2023-02-28T14:40:50","modified_gmt":"2023-02-28T13:40:50","slug":"comete-c-2022-e3-ztf","status":"publish","type":"page","link":"http:\/\/astrodan.fr\/site\/cometes-2\/comete-c-2022-e3-ztf\/","title":{"rendered":"C\/2022 E3 (ZTF)"},"content":{"rendered":"<p>[et_pb_section fb_built=\u00a0\u00bb1&Prime; admin_label=\u00a0\u00bbsection\u00a0\u00bb _builder_version=\u00a0\u00bb4.20.0&Prime; hover_enabled=\u00a0\u00bb0&Prime; global_colors_info=\u00a0\u00bb{}\u00a0\u00bb background_color=\u00a0\u00bb#100a3f\u00a0\u00bb sticky_enabled=\u00a0\u00bb0&Prime;][et_pb_row admin_label=\u00a0\u00bbrow\u00a0\u00bb _builder_version=\u00a0\u00bb4.16&Prime; background_size=\u00a0\u00bbinitial\u00a0\u00bb background_position=\u00a0\u00bbtop_left\u00a0\u00bb background_repeat=\u00a0\u00bbrepeat\u00a0\u00bb global_colors_info=\u00a0\u00bb{}\u00a0\u00bb][et_pb_column type=\u00a0\u00bb4_4&Prime; _builder_version=\u00a0\u00bb4.16&Prime; custom_padding=\u00a0\u00bb|||\u00a0\u00bb global_colors_info=\u00a0\u00bb{}\u00a0\u00bb custom_padding__hover=\u00a0\u00bb|||\u00a0\u00bb][et_pb_text admin_label=\u00a0\u00bbText\u00a0\u00bb _builder_version=\u00a0\u00bb4.16&Prime; background_size=\u00a0\u00bbinitial\u00a0\u00bb background_position=\u00a0\u00bbtop_left\u00a0\u00bb background_repeat=\u00a0\u00bbrepeat\u00a0\u00bb global_colors_info=\u00a0\u00bb{}\u00a0\u00bb]<\/p>\n<p><span style=\"text-decoration: underline;\">La com\u00e8te C\/2022 E3 (ZTF) au Newton de 200mm<\/span><\/p>\n<p><span style=\"text-decoration: underline;\">D\u00e9placement de la com\u00e8te durant une heure<\/span><\/p>\n<p><img loading=\"lazy\" decoding=\"async\" class=\"alignnone size-full wp-image-3407\" src=\"http:\/\/astrodan.fr\/site\/wp-content\/uploads\/Comete\/comete-c_2022_E3-ztf\/dep_E3_99mn.gif\" alt=\"\" width=\"980\" height=\"653\"><\/p>\n<p><span style=\"text-decoration: underline;\">Passage de la com\u00e8te pr\u00e8s de Messier 57<\/span>&nbsp;<\/p>\n<p><img loading=\"lazy\" decoding=\"async\" class=\"alignnone wp-image-3408 size-full\" src=\"http:\/\/astrodan.fr\/site\/wp-content\/uploads\/Comete\/comete-c_2022_E3-ztf\/etoiles2_FA-scaled.jpg\" alt=\"\" width=\"1400\" height=\"932\" data-wpmflightbox=\"0\" data-wpmf_image_lightbox=\"http:\/\/astrodan.fr\/site\/wp-content\/uploads\/Comete\/comete-c_2022_E3-ztf\/etoiles2_FA-scaled.jpg\" srcset=\"http:\/\/astrodan.fr\/site\/wp-content\/uploads\/Comete\/comete-c_2022_E3-ztf\/etoiles2_FA-scaled.jpg 2560w, http:\/\/astrodan.fr\/site\/wp-content\/uploads\/Comete\/comete-c_2022_E3-ztf\/etoiles2_FA-300x200.jpg 300w, http:\/\/astrodan.fr\/site\/wp-content\/uploads\/Comete\/comete-c_2022_E3-ztf\/etoiles2_FA-1024x682.jpg 1024w, http:\/\/astrodan.fr\/site\/wp-content\/uploads\/Comete\/comete-c_2022_E3-ztf\/etoiles2_FA-150x100.jpg 150w, http:\/\/astrodan.fr\/site\/wp-content\/uploads\/Comete\/comete-c_2022_E3-ztf\/etoiles2_FA-768x512.jpg 768w, http:\/\/astrodan.fr\/site\/wp-content\/uploads\/Comete\/comete-c_2022_E3-ztf\/etoiles2_FA-1536x1023.jpg 1536w, http:\/\/astrodan.fr\/site\/wp-content\/uploads\/Comete\/comete-c_2022_E3-ztf\/etoiles2_FA-2048x1364.jpg 2048w\" sizes=\"(max-width: 1400px) 100vw, 1400px\" \/><\/p>\n<p><img loading=\"lazy\" decoding=\"async\" class=\"alignnone wp-image-3409 size-full\" src=\"http:\/\/astrodan.fr\/site\/wp-content\/uploads\/Comete\/comete-c_2022_E3-ztf\/trace2_A-scaled.jpg\" alt=\"\" width=\"1400\" height=\"932\" data-wpmflightbox=\"0\" data-wpmf_image_lightbox=\"http:\/\/astrodan.fr\/site\/wp-content\/uploads\/Comete\/comete-c_2022_E3-ztf\/trace2_A-scaled.jpg\" srcset=\"http:\/\/astrodan.fr\/site\/wp-content\/uploads\/Comete\/comete-c_2022_E3-ztf\/trace2_A-scaled.jpg 2560w, http:\/\/astrodan.fr\/site\/wp-content\/uploads\/Comete\/comete-c_2022_E3-ztf\/trace2_A-300x200.jpg 300w, http:\/\/astrodan.fr\/site\/wp-content\/uploads\/Comete\/comete-c_2022_E3-ztf\/trace2_A-1024x682.jpg 1024w, http:\/\/astrodan.fr\/site\/wp-content\/uploads\/Comete\/comete-c_2022_E3-ztf\/trace2_A-150x100.jpg 150w, http:\/\/astrodan.fr\/site\/wp-content\/uploads\/Comete\/comete-c_2022_E3-ztf\/trace2_A-768x512.jpg 768w, http:\/\/astrodan.fr\/site\/wp-content\/uploads\/Comete\/comete-c_2022_E3-ztf\/trace2_A-1536x1023.jpg 1536w, http:\/\/astrodan.fr\/site\/wp-content\/uploads\/Comete\/comete-c_2022_E3-ztf\/trace2_A-2048x1364.jpg 2048w\" sizes=\"(max-width: 1400px) 100vw, 1400px\" \/><\/p>\n<p><img loading=\"lazy\" decoding=\"async\" class=\"alignnone size-full wp-image-3410\" src=\"http:\/\/astrodan.fr\/site\/wp-content\/uploads\/Comete\/comete-c_2022_E3-ztf\/etoiles2_F_rec.jpg\" alt=\"\" width=\"1400\" height=\"933\" srcset=\"http:\/\/astrodan.fr\/site\/wp-content\/uploads\/Comete\/comete-c_2022_E3-ztf\/etoiles2_F_rec.jpg 1400w, http:\/\/astrodan.fr\/site\/wp-content\/uploads\/Comete\/comete-c_2022_E3-ztf\/etoiles2_F_rec-300x200.jpg 300w, http:\/\/astrodan.fr\/site\/wp-content\/uploads\/Comete\/comete-c_2022_E3-ztf\/etoiles2_F_rec-1024x682.jpg 1024w, http:\/\/astrodan.fr\/site\/wp-content\/uploads\/Comete\/comete-c_2022_E3-ztf\/etoiles2_F_rec-150x100.jpg 150w, http:\/\/astrodan.fr\/site\/wp-content\/uploads\/Comete\/comete-c_2022_E3-ztf\/etoiles2_F_rec-768x512.jpg 768w\" sizes=\"(max-width: 1400px) 100vw, 1400px\" \/><\/p>\n<p><img loading=\"lazy\" decoding=\"async\" class=\"alignnone wp-image-3411 size-full\" src=\"http:\/\/astrodan.fr\/site\/wp-content\/uploads\/Comete\/comete-c_2022_E3-ztf\/trace2_E3.jpg\" alt=\"\" width=\"1400\" height=\"933\" data-wpmflightbox=\"0\" data-wpmf_image_lightbox=\"http:\/\/astrodan.fr\/site\/wp-content\/uploads\/Comete\/comete-c_2022_E3-ztf\/trace2_E3.jpg\" srcset=\"http:\/\/astrodan.fr\/site\/wp-content\/uploads\/Comete\/comete-c_2022_E3-ztf\/trace2_E3.jpg 1400w, http:\/\/astrodan.fr\/site\/wp-content\/uploads\/Comete\/comete-c_2022_E3-ztf\/trace2_E3-300x200.jpg 300w, http:\/\/astrodan.fr\/site\/wp-content\/uploads\/Comete\/comete-c_2022_E3-ztf\/trace2_E3-1024x682.jpg 1024w, http:\/\/astrodan.fr\/site\/wp-content\/uploads\/Comete\/comete-c_2022_E3-ztf\/trace2_E3-150x100.jpg 150w, http:\/\/astrodan.fr\/site\/wp-content\/uploads\/Comete\/comete-c_2022_E3-ztf\/trace2_E3-768x512.jpg 768w\" sizes=\"(max-width: 1400px) 100vw, 1400px\" \/><\/p>\n<p><span style=\"text-decoration: underline;\">La com\u00e8te E3 le 18 juillet 2022 dans la Lyre<\/span><\/p>\n<p><img loading=\"lazy\" decoding=\"async\" class=\"alignnone wp-image-3537 size-full\" src=\"http:\/\/astrodan.fr\/site\/wp-content\/uploads\/Comete\/comete-c_2022_E3-ztf\/E3_astroA-scaled.jpg\" alt=\"\" width=\"1400\" height=\"933\" data-wpmflightbox=\"0\" data-wpmf_image_lightbox=\"http:\/\/astrodan.fr\/site\/wp-content\/uploads\/Comete\/comete-c_2022_E3-ztf\/E3_astroA-scaled.jpg\" srcset=\"http:\/\/astrodan.fr\/site\/wp-content\/uploads\/Comete\/comete-c_2022_E3-ztf\/E3_astroA-scaled.jpg 2560w, http:\/\/astrodan.fr\/site\/wp-content\/uploads\/Comete\/comete-c_2022_E3-ztf\/E3_astroA-300x200.jpg 300w, http:\/\/astrodan.fr\/site\/wp-content\/uploads\/Comete\/comete-c_2022_E3-ztf\/E3_astroA-1024x683.jpg 1024w, http:\/\/astrodan.fr\/site\/wp-content\/uploads\/Comete\/comete-c_2022_E3-ztf\/E3_astroA-150x100.jpg 150w, http:\/\/astrodan.fr\/site\/wp-content\/uploads\/Comete\/comete-c_2022_E3-ztf\/E3_astroA-768x512.jpg 768w, http:\/\/astrodan.fr\/site\/wp-content\/uploads\/Comete\/comete-c_2022_E3-ztf\/E3_astroA-1536x1024.jpg 1536w, http:\/\/astrodan.fr\/site\/wp-content\/uploads\/Comete\/comete-c_2022_E3-ztf\/E3_astroA-2048x1365.jpg 2048w\" sizes=\"(max-width: 1400px) 100vw, 1400px\" \/><\/p>\n<p><img loading=\"lazy\" decoding=\"async\" class=\"alignnone size-full wp-image-3536\" src=\"http:\/\/astrodan.fr\/site\/wp-content\/uploads\/Comete\/comete-c_2022_E3-ztf\/E3_astro_R_A.jpg\" alt=\"\" width=\"1500\" height=\"1000\" srcset=\"http:\/\/astrodan.fr\/site\/wp-content\/uploads\/Comete\/comete-c_2022_E3-ztf\/E3_astro_R_A.jpg 1500w, http:\/\/astrodan.fr\/site\/wp-content\/uploads\/Comete\/comete-c_2022_E3-ztf\/E3_astro_R_A-300x200.jpg 300w, http:\/\/astrodan.fr\/site\/wp-content\/uploads\/Comete\/comete-c_2022_E3-ztf\/E3_astro_R_A-1024x683.jpg 1024w, http:\/\/astrodan.fr\/site\/wp-content\/uploads\/Comete\/comete-c_2022_E3-ztf\/E3_astro_R_A-150x100.jpg 150w, http:\/\/astrodan.fr\/site\/wp-content\/uploads\/Comete\/comete-c_2022_E3-ztf\/E3_astro_R_A-768x512.jpg 768w\" sizes=\"(max-width: 1500px) 100vw, 1500px\" \/><\/p>\n<p><span style=\"text-decoration: underline;\">La com\u00e8te le 29 janvier 2023<\/span><\/p>\n<p><span style=\"text-decoration: underline;\">Lunette 80Ed + r\u00e9ducteur 0.85 + Danon 1000D<\/span><\/p>\n<p><span style=\"text-decoration: underline;\">Addition de 20 poses de 2 min<\/span><\/p>\n<p><img loading=\"lazy\" decoding=\"async\" class=\"alignnone size-full wp-image-4216\" src=\"http:\/\/astrodan.fr\/site\/wp-content\/uploads\/Comete\/E3-ZTF-2023\/add_20light_etoiles-scaled.jpg\" alt=\"\" width=\"1400\" height=\"933\" srcset=\"http:\/\/astrodan.fr\/site\/wp-content\/uploads\/Comete\/E3-ZTF-2023\/add_20light_etoiles-scaled.jpg 1400w, http:\/\/astrodan.fr\/site\/wp-content\/uploads\/Comete\/E3-ZTF-2023\/add_20light_etoiles-1280x853.jpg 1280w, http:\/\/astrodan.fr\/site\/wp-content\/uploads\/Comete\/E3-ZTF-2023\/add_20light_etoiles-980x653.jpg 980w, http:\/\/astrodan.fr\/site\/wp-content\/uploads\/Comete\/E3-ZTF-2023\/add_20light_etoiles-480x320.jpg 480w\" sizes=\"(min-width: 0px) and (max-width: 480px) 480px, (min-width: 481px) and (max-width: 980px) 980px, (min-width: 981px) and (max-width: 1280px) 1280px, (min-width: 1281px) 1400px, 100vw\" \/><\/p>\n<p><img loading=\"lazy\" decoding=\"async\" class=\"alignnone wp-image-4219 size-full\" src=\"http:\/\/astrodan.fr\/site\/wp-content\/uploads\/Comete\/E3-ZTF-2023\/light_stacked_20-scaled.jpg\" alt=\"\" width=\"1400\" height=\"928\" data-wpmflightbox=\"0\" data-wpmf_image_lightbox=\"http:\/\/astrodan.fr\/site\/wp-content\/uploads\/Comete\/E3-ZTF-2023\/light_stacked_20-scaled.jpg\" srcset=\"http:\/\/astrodan.fr\/site\/wp-content\/uploads\/Comete\/E3-ZTF-2023\/light_stacked_20-scaled.jpg 1400w, http:\/\/astrodan.fr\/site\/wp-content\/uploads\/Comete\/E3-ZTF-2023\/light_stacked_20-1280x848.jpg 1280w, http:\/\/astrodan.fr\/site\/wp-content\/uploads\/Comete\/E3-ZTF-2023\/light_stacked_20-980x649.jpg 980w, http:\/\/astrodan.fr\/site\/wp-content\/uploads\/Comete\/E3-ZTF-2023\/light_stacked_20-480x318.jpg 480w\" sizes=\"(min-width: 0px) and (max-width: 480px) 480px, (min-width: 481px) and (max-width: 980px) 980px, (min-width: 981px) and (max-width: 1280px) 1280px, (min-width: 1281px) 1400px, 100vw\" \/><\/p>\n<p><span style=\"text-decoration: underline;\">Animation durant 40 min<\/span><\/p>\n<p><img loading=\"lazy\" decoding=\"async\" class=\"alignnone size-full wp-image-4217\" src=\"http:\/\/astrodan.fr\/site\/wp-content\/uploads\/Comete\/E3-ZTF-2023\/dep_20p_.gif\" alt=\"\" width=\"1000\" height=\"666\"><\/p>\n<p><span style=\"text-decoration: underline;\">La m\u00eame nuit , mais suivi pendant 60 min&nbsp;<\/span><\/p>\n<p>&nbsp;<\/p>\n<p><img loading=\"lazy\" decoding=\"async\" class=\"alignnone size-full wp-image-4221\" src=\"http:\/\/astrodan.fr\/site\/wp-content\/uploads\/Comete\/E3-ZTF-2023\/r_pp_light_stacked_60_3-scaled.jpg\" alt=\"\" width=\"1400\" height=\"934\" srcset=\"http:\/\/astrodan.fr\/site\/wp-content\/uploads\/Comete\/E3-ZTF-2023\/r_pp_light_stacked_60_3-scaled.jpg 1400w, http:\/\/astrodan.fr\/site\/wp-content\/uploads\/Comete\/E3-ZTF-2023\/r_pp_light_stacked_60_3-1280x854.jpg 1280w, http:\/\/astrodan.fr\/site\/wp-content\/uploads\/Comete\/E3-ZTF-2023\/r_pp_light_stacked_60_3-980x653.jpg 980w, http:\/\/astrodan.fr\/site\/wp-content\/uploads\/Comete\/E3-ZTF-2023\/r_pp_light_stacked_60_3-480x320.jpg 480w\" sizes=\"(min-width: 0px) and (max-width: 480px) 480px, (min-width: 481px) and (max-width: 980px) 980px, (min-width: 981px) and (max-width: 1280px) 1280px, (min-width: 1281px) 1400px, 100vw\" \/> <img loading=\"lazy\" decoding=\"async\" class=\"alignnone size-full wp-image-4220\" src=\"http:\/\/astrodan.fr\/site\/wp-content\/uploads\/Comete\/E3-ZTF-2023\/light_stacked_60_1_-scaled.jpg\" alt=\"\" width=\"2560\" height=\"1706\" srcset=\"http:\/\/astrodan.fr\/site\/wp-content\/uploads\/Comete\/E3-ZTF-2023\/light_stacked_60_1_-scaled.jpg 2560w, http:\/\/astrodan.fr\/site\/wp-content\/uploads\/Comete\/E3-ZTF-2023\/light_stacked_60_1_-1280x853.jpg 1280w, http:\/\/astrodan.fr\/site\/wp-content\/uploads\/Comete\/E3-ZTF-2023\/light_stacked_60_1_-980x653.jpg 980w, http:\/\/astrodan.fr\/site\/wp-content\/uploads\/Comete\/E3-ZTF-2023\/light_stacked_60_1_-480x320.jpg 480w\" sizes=\"(min-width: 0px) and (max-width: 480px) 480px, (min-width: 481px) and (max-width: 980px) 980px, (min-width: 981px) and (max-width: 1280px) 1280px, (min-width: 1281px) 2560px, 100vw\" \/><\/p>\n<p><img loading=\"lazy\" decoding=\"async\" class=\"alignnone size-full wp-image-4218\" src=\"http:\/\/astrodan.fr\/site\/wp-content\/uploads\/Comete\/E3-ZTF-2023\/deplacement_60_V2.gif\" alt=\"\" width=\"1000\" height=\"667\"><\/p>\n<p><span style=\"text-decoration: underline;\">La com\u00e8te C\/2022 E3 ZTF le 10 f\u00e9vrier 2023 \u00e0 la SW 72ED + Canon 1000d<\/span><\/p>\n<p><img loading=\"lazy\" decoding=\"async\" class=\"alignnone size-full wp-image-4639\" src=\"http:\/\/astrodan.fr\/site\/wp-content\/uploads\/2023\/cometes\/2022e3\/finale_2.png\" alt=\"\" width=\"3863\" height=\"2570\" srcset=\"http:\/\/astrodan.fr\/site\/wp-content\/uploads\/2023\/cometes\/2022e3\/finale_2.png 3863w, http:\/\/astrodan.fr\/site\/wp-content\/uploads\/2023\/cometes\/2022e3\/finale_2-1280x852.png 1280w, http:\/\/astrodan.fr\/site\/wp-content\/uploads\/2023\/cometes\/2022e3\/finale_2-980x652.png 980w, http:\/\/astrodan.fr\/site\/wp-content\/uploads\/2023\/cometes\/2022e3\/finale_2-480x319.png 480w\" sizes=\"(min-width: 0px) and (max-width: 480px) 480px, (min-width: 481px) and (max-width: 980px) 980px, (min-width: 981px) and (max-width: 1280px) 1280px, (min-width: 1281px) 3863px, 100vw\" \/> <img loading=\"lazy\" decoding=\"async\" class=\"alignnone size-full wp-image-4638\" src=\"http:\/\/astrodan.fr\/site\/wp-content\/uploads\/2023\/cometes\/2022e3\/comete_E3_72ED-scaled.jpg\" alt=\"\" width=\"2560\" height=\"1701\" srcset=\"http:\/\/astrodan.fr\/site\/wp-content\/uploads\/2023\/cometes\/2022e3\/comete_E3_72ED-scaled.jpg 2560w, http:\/\/astrodan.fr\/site\/wp-content\/uploads\/2023\/cometes\/2022e3\/comete_E3_72ED-1280x851.jpg 1280w, http:\/\/astrodan.fr\/site\/wp-content\/uploads\/2023\/cometes\/2022e3\/comete_E3_72ED-980x651.jpg 980w, http:\/\/astrodan.fr\/site\/wp-content\/uploads\/2023\/cometes\/2022e3\/comete_E3_72ED-480x319.jpg 480w\" sizes=\"(min-width: 0px) and (max-width: 480px) 480px, (min-width: 481px) and (max-width: 980px) 980px, (min-width: 981px) and (max-width: 1280px) 1280px, (min-width: 1281px) 2560px, 100vw\" \/><\/p>\n<p><span style=\"text-decoration: underline;\">Le 12 f\u00e9vrier 2023 au Canon 1000d + Canon 40mm, mosa\u00efque de 2 morceaux<\/span><\/p>\n<p><img loading=\"lazy\" decoding=\"async\" class=\"alignnone size-full wp-image-4641\" src=\"http:\/\/astrodan.fr\/site\/wp-content\/uploads\/2023\/cometes\/2022e3\/panorama_F_as-scaled.jpg\" alt=\"\" width=\"2560\" height=\"2331\" srcset=\"http:\/\/astrodan.fr\/site\/wp-content\/uploads\/2023\/cometes\/2022e3\/panorama_F_as-scaled.jpg 2560w, http:\/\/astrodan.fr\/site\/wp-content\/uploads\/2023\/cometes\/2022e3\/panorama_F_as-1280x1166.jpg 1280w, http:\/\/astrodan.fr\/site\/wp-content\/uploads\/2023\/cometes\/2022e3\/panorama_F_as-980x892.jpg 980w, http:\/\/astrodan.fr\/site\/wp-content\/uploads\/2023\/cometes\/2022e3\/panorama_F_as-480x437.jpg 480w\" sizes=\"(min-width: 0px) and (max-width: 480px) 480px, (min-width: 481px) and (max-width: 980px) 980px, (min-width: 981px) and (max-width: 1280px) 1280px, (min-width: 1281px) 2560px, 100vw\" \/><\/p>\n<p>Les 2 images seules<\/p>\n<p><img loading=\"lazy\" decoding=\"async\" class=\"alignnone wp-image-4642 size-full\" src=\"http:\/\/astrodan.fr\/site\/wp-content\/uploads\/2023\/cometes\/2022e3\/serie1finale_as-scaled.jpg\" alt=\"\" width=\"2560\" height=\"1701\" data-wpmflightbox=\"0\" data-wpmf_image_lightbox=\"http:\/\/astrodan.fr\/site\/wp-content\/uploads\/2023\/cometes\/2022e3\/serie1finale_as-scaled.jpg\" srcset=\"http:\/\/astrodan.fr\/site\/wp-content\/uploads\/2023\/cometes\/2022e3\/serie1finale_as-scaled.jpg 2560w, http:\/\/astrodan.fr\/site\/wp-content\/uploads\/2023\/cometes\/2022e3\/serie1finale_as-1280x851.jpg 1280w, http:\/\/astrodan.fr\/site\/wp-content\/uploads\/2023\/cometes\/2022e3\/serie1finale_as-980x651.jpg 980w, http:\/\/astrodan.fr\/site\/wp-content\/uploads\/2023\/cometes\/2022e3\/serie1finale_as-480x319.jpg 480w\" sizes=\"(min-width: 0px) and (max-width: 480px) 480px, (min-width: 481px) and (max-width: 980px) 980px, (min-width: 981px) and (max-width: 1280px) 1280px, (min-width: 1281px) 2560px, 100vw\" \/><\/p>\n<p><img loading=\"lazy\" decoding=\"async\" class=\"alignnone wp-image-4643 size-full\" src=\"http:\/\/astrodan.fr\/site\/wp-content\/uploads\/2023\/cometes\/2022e3\/serie2finale_as-scaled.jpg\" alt=\"\" width=\"2560\" height=\"1705\" data-wpmflightbox=\"0\" data-wpmf_image_lightbox=\"http:\/\/astrodan.fr\/site\/wp-content\/uploads\/2023\/cometes\/2022e3\/serie2finale_as-scaled.jpg\" srcset=\"http:\/\/astrodan.fr\/site\/wp-content\/uploads\/2023\/cometes\/2022e3\/serie2finale_as-scaled.jpg 2560w, http:\/\/astrodan.fr\/site\/wp-content\/uploads\/2023\/cometes\/2022e3\/serie2finale_as-1280x853.jpg 1280w, http:\/\/astrodan.fr\/site\/wp-content\/uploads\/2023\/cometes\/2022e3\/serie2finale_as-980x653.jpg 980w, http:\/\/astrodan.fr\/site\/wp-content\/uploads\/2023\/cometes\/2022e3\/serie2finale_as-480x320.jpg 480w\" sizes=\"(min-width: 0px) and (max-width: 480px) 480px, (min-width: 481px) and (max-width: 980px) 980px, (min-width: 981px) and (max-width: 1280px) 1280px, (min-width: 1281px) 2560px, 100vw\" \/><\/p>\n<p>&nbsp;<\/p>\n<p><a href=\"http:\/\/astrodan.fr\/site\/?page_id=3404\"><span style=\"text-decoration: underline;\">Haut de page<\/span><\/a><\/p>\n<p>[\/et_pb_text][\/et_pb_column][\/et_pb_row][\/et_pb_section]<\/p>\n","protected":false},"excerpt":{"rendered":"<p>La com\u00e8te C\/2022 E3 (ZTF) au Newton de 200mm D\u00e9placement de la com\u00e8te durant une heure Passage de la com\u00e8te pr\u00e8s de Messier 57&nbsp; La com\u00e8te E3 le 18 juillet 2022 dans la Lyre La com\u00e8te le 29 janvier 2023 Lunette 80Ed + r\u00e9ducteur 0.85 + Danon 1000D Addition de 20 poses de 2 min [&hellip;]<\/p>\n","protected":false},"author":1,"featured_media":0,"parent":120,"menu_order":21,"comment_status":"closed","ping_status":"closed","template":"","meta":{"_et_pb_use_builder":"on","_et_pb_old_content":"<p><span style=\"text-decoration: underline;\">La com\u00e8te C\/2022 E3 (ZTF) au Newton de 200mm<\/span><\/p>\r\n<p><span style=\"text-decoration: underline;\">D\u00e9placement de la com\u00e8te durant une heure<\/span><\/p>\r\n<p><img class=\"alignnone size-full wp-image-3407\" src=\"http:\/\/astrodan.fr\/site\/wp-content\/uploads\/Comete\/comete-c_2022_E3-ztf\/dep_E3_99mn.gif\" alt=\"\" width=\"980\" height=\"653\"><\/p>\r\n<p><span style=\"text-decoration: underline;\">Passage de la com\u00e8te pr\u00e8s de Messier 57<\/span>&nbsp;<\/p>\r\n<p><img class=\"alignnone wp-image-3408 size-full\" src=\"http:\/\/astrodan.fr\/site\/wp-content\/uploads\/Comete\/comete-c_2022_E3-ztf\/etoiles2_FA-scaled.jpg\" alt=\"\" width=\"1400\" height=\"932\" data-wpmflightbox=\"0\" data-wpmf_image_lightbox=\"http:\/\/astrodan.fr\/site\/wp-content\/uploads\/Comete\/comete-c_2022_E3-ztf\/etoiles2_FA-scaled.jpg\"><\/p>\r\n<p><img class=\"alignnone wp-image-3409 size-full\" src=\"http:\/\/astrodan.fr\/site\/wp-content\/uploads\/Comete\/comete-c_2022_E3-ztf\/trace2_A-scaled.jpg\" alt=\"\" width=\"1400\" height=\"932\" data-wpmflightbox=\"0\" data-wpmf_image_lightbox=\"http:\/\/astrodan.fr\/site\/wp-content\/uploads\/Comete\/comete-c_2022_E3-ztf\/trace2_A-scaled.jpg\"><\/p>\r\n<p><img class=\"alignnone size-full wp-image-3410\" src=\"http:\/\/astrodan.fr\/site\/wp-content\/uploads\/Comete\/comete-c_2022_E3-ztf\/etoiles2_F_rec.jpg\" alt=\"\" width=\"1400\" height=\"933\"><\/p>\r\n<p><img class=\"alignnone wp-image-3411 size-full\" src=\"http:\/\/astrodan.fr\/site\/wp-content\/uploads\/Comete\/comete-c_2022_E3-ztf\/trace2_E3.jpg\" alt=\"\" width=\"1400\" height=\"933\" data-wpmflightbox=\"0\" data-wpmf_image_lightbox=\"http:\/\/astrodan.fr\/site\/wp-content\/uploads\/Comete\/comete-c_2022_E3-ztf\/trace2_E3.jpg\"><\/p>\r\n<p><span style=\"text-decoration: underline;\">La com\u00e8te E3 le 18 juillet 2022 dans la Lyre<\/span><\/p>\r\n<p><img class=\"alignnone wp-image-3537 size-full\" src=\"http:\/\/astrodan.fr\/site\/wp-content\/uploads\/Comete\/comete-c_2022_E3-ztf\/E3_astroA-scaled.jpg\" alt=\"\" width=\"1400\" height=\"933\" data-wpmflightbox=\"0\" data-wpmf_image_lightbox=\"http:\/\/astrodan.fr\/site\/wp-content\/uploads\/Comete\/comete-c_2022_E3-ztf\/E3_astroA-scaled.jpg\"><\/p>\r\n<p><img class=\"alignnone size-full wp-image-3536\" src=\"http:\/\/astrodan.fr\/site\/wp-content\/uploads\/Comete\/comete-c_2022_E3-ztf\/E3_astro_R_A.jpg\" alt=\"\" width=\"1500\" height=\"1000\"><\/p>\r\n<p><span style=\"text-decoration: underline;\">La com\u00e8te le 29 janvier 2023<\/span><\/p>\r\n<p><span style=\"text-decoration: underline;\">Lunette 80Ed + r\u00e9ducteur 0.85 + Danon 1000D<\/span><\/p>\r\n<p><span style=\"text-decoration: underline;\">Addition de 20 poses de 2 min<\/span><\/p>\r\n<p><img class=\"alignnone size-full wp-image-4216\" src=\"http:\/\/astrodan.fr\/site\/wp-content\/uploads\/Comete\/E3-ZTF-2023\/add_20light_etoiles-scaled.jpg\" alt=\"\" width=\"1400\" height=\"933\"><\/p>\r\n<p><img class=\"alignnone wp-image-4219 size-full\" src=\"http:\/\/astrodan.fr\/site\/wp-content\/uploads\/Comete\/E3-ZTF-2023\/light_stacked_20-scaled.jpg\" alt=\"\" width=\"1400\" height=\"928\" data-wpmflightbox=\"0\" data-wpmf_image_lightbox=\"http:\/\/astrodan.fr\/site\/wp-content\/uploads\/Comete\/E3-ZTF-2023\/light_stacked_20-scaled.jpg\"><\/p>\r\n<p><span style=\"text-decoration: underline;\">Animation durant 40 min<\/span><\/p>\r\n<p><img class=\"alignnone size-full wp-image-4217\" src=\"http:\/\/astrodan.fr\/site\/wp-content\/uploads\/Comete\/E3-ZTF-2023\/dep_20p_.gif\" alt=\"\" width=\"1000\" height=\"666\"><\/p>\r\n<p><span style=\"text-decoration: underline;\">La m\u00eame nuit , mais suivi pendant 60 min&nbsp;<\/span><\/p>\r\n<p>&nbsp;<\/p>\r\n<p><img class=\"alignnone size-full wp-image-4221\" src=\"http:\/\/astrodan.fr\/site\/wp-content\/uploads\/Comete\/E3-ZTF-2023\/r_pp_light_stacked_60_3-scaled.jpg\" alt=\"\" width=\"1400\" height=\"934\"> <img class=\"alignnone size-full wp-image-4220\" src=\"http:\/\/astrodan.fr\/site\/wp-content\/uploads\/Comete\/E3-ZTF-2023\/light_stacked_60_1_-scaled.jpg\" alt=\"\" width=\"2560\" height=\"1706\"><\/p>\r\n<p><img class=\"alignnone size-full wp-image-4218\" src=\"http:\/\/astrodan.fr\/site\/wp-content\/uploads\/Comete\/E3-ZTF-2023\/deplacement_60_V2.gif\" alt=\"\" width=\"1000\" height=\"667\"><\/p>\r\n<p><span style=\"text-decoration: underline;\">La com\u00e8te C\/2022 E3 ZTF le 10 f\u00e9vrier 2023 \u00e0 la SW 72ED + Canon 1000d<\/span><\/p>\r\n<p><img class=\"alignnone size-full wp-image-4639\" src=\"http:\/\/astrodan.fr\/site\/wp-content\/uploads\/2023\/cometes\/2022e3\/finale_2.png\" alt=\"\" width=\"3863\" height=\"2570\"> <img class=\"alignnone size-full wp-image-4638\" src=\"http:\/\/astrodan.fr\/site\/wp-content\/uploads\/2023\/cometes\/2022e3\/comete_E3_72ED-scaled.jpg\" alt=\"\" width=\"2560\" height=\"1701\"><\/p>\r\n<p><span style=\"text-decoration: underline;\">Le 12 f\u00e9vrier 2023 au Canon 1000d + Canon 40mm, mosa\u00efque de 2 morceaux<\/span><\/p>\r\n<p><img class=\"alignnone size-full wp-image-4641\" src=\"http:\/\/astrodan.fr\/site\/wp-content\/uploads\/2023\/cometes\/2022e3\/panorama_F_as-scaled.jpg\" alt=\"\" width=\"2560\" height=\"2331\"><\/p>\r\n<p>Les 2 images seules<\/p>\r\n<p><img class=\"alignnone wp-image-4642 size-full\" src=\"http:\/\/astrodan.fr\/site\/wp-content\/uploads\/2023\/cometes\/2022e3\/serie1finale_as-scaled.jpg\" alt=\"\" width=\"2560\" height=\"1701\" data-wpmflightbox=\"0\" data-wpmf_image_lightbox=\"http:\/\/astrodan.fr\/site\/wp-content\/uploads\/2023\/cometes\/2022e3\/serie1finale_as-scaled.jpg\"><\/p>\r\n<p><img class=\"alignnone wp-image-4643 size-full\" src=\"http:\/\/astrodan.fr\/site\/wp-content\/uploads\/2023\/cometes\/2022e3\/serie2finale_as-scaled.jpg\" alt=\"\" width=\"2560\" height=\"1705\" data-wpmflightbox=\"0\" data-wpmf_image_lightbox=\"http:\/\/astrodan.fr\/site\/wp-content\/uploads\/2023\/cometes\/2022e3\/serie2finale_as-scaled.jpg\"><\/p>\r\n<p>&nbsp;<\/p>\r\n<p><a href=\"http:\/\/astrodan.fr\/site\/?page_id=3404\"><span style=\"text-decoration: underline;\">Haut de page<\/span><\/a><\/p>","_et_gb_content_width":"","ngg_post_thumbnail":0,"footnotes":""},"_links":{"self":[{"href":"http:\/\/astrodan.fr\/site\/wp-json\/wp\/v2\/pages\/3404"}],"collection":[{"href":"http:\/\/astrodan.fr\/site\/wp-json\/wp\/v2\/pages"}],"about":[{"href":"http:\/\/astrodan.fr\/site\/wp-json\/wp\/v2\/types\/page"}],"author":[{"embeddable":true,"href":"http:\/\/astrodan.fr\/site\/wp-json\/wp\/v2\/users\/1"}],"replies":[{"embeddable":true,"href":"http:\/\/astrodan.fr\/site\/wp-json\/wp\/v2\/comments?post=3404"}],"version-history":[{"count":3,"href":"http:\/\/astrodan.fr\/site\/wp-json\/wp\/v2\/pages\/3404\/revisions"}],"predecessor-version":[{"id":4946,"href":"http:\/\/astrodan.fr\/site\/wp-json\/wp\/v2\/pages\/3404\/revisions\/4946"}],"up":[{"embeddable":true,"href":"http:\/\/astrodan.fr\/site\/wp-json\/wp\/v2\/pages\/120"}],"wp:attachment":[{"href":"http:\/\/astrodan.fr\/site\/wp-json\/wp\/v2\/media?parent=3404"}],"curies":[{"name":"wp","href":"https:\/\/api.w.org\/{rel}","templated":true}]}}