{"id":2112,"date":"2021-11-23T13:08:29","date_gmt":"2021-11-23T12:08:29","guid":{"rendered":"http:\/\/astrodan.fr\/site\/?page_id=2112"},"modified":"2023-02-28T14:39:39","modified_gmt":"2023-02-28T13:39:39","slug":"comete-c-2021-leonard-a1","status":"publish","type":"page","link":"http:\/\/astrodan.fr\/site\/cometes-2\/comete-c-2021-leonard-a1\/","title":{"rendered":"C\/2021 L\u00e9onard A1"},"content":{"rendered":"<p>[et_pb_section fb_built=\u00a0\u00bb1&Prime; admin_label=\u00a0\u00bbsection\u00a0\u00bb _builder_version=\u00a0\u00bb4.20.0&Prime; hover_enabled=\u00a0\u00bb0&Prime; global_colors_info=\u00a0\u00bb{}\u00a0\u00bb background_color=\u00a0\u00bb#100a3f\u00a0\u00bb sticky_enabled=\u00a0\u00bb0&Prime;][et_pb_row admin_label=\u00a0\u00bbrow\u00a0\u00bb _builder_version=\u00a0\u00bb4.16&Prime; background_size=\u00a0\u00bbinitial\u00a0\u00bb background_position=\u00a0\u00bbtop_left\u00a0\u00bb background_repeat=\u00a0\u00bbrepeat\u00a0\u00bb global_colors_info=\u00a0\u00bb{}\u00a0\u00bb][et_pb_column type=\u00a0\u00bb4_4&Prime; _builder_version=\u00a0\u00bb4.16&Prime; custom_padding=\u00a0\u00bb|||\u00a0\u00bb global_colors_info=\u00a0\u00bb{}\u00a0\u00bb custom_padding__hover=\u00a0\u00bb|||\u00a0\u00bb][et_pb_text admin_label=\u00a0\u00bbText\u00a0\u00bb _builder_version=\u00a0\u00bb4.16&Prime; background_size=\u00a0\u00bbinitial\u00a0\u00bb background_position=\u00a0\u00bbtop_left\u00a0\u00bb background_repeat=\u00a0\u00bbrepeat\u00a0\u00bb global_colors_info=\u00a0\u00bb{}\u00a0\u00bb]<\/p>\n<p><span style=\"text-decoration: underline;\">Passage de la com\u00e8te C\/ 2021 L\u00e9onard A1 pr\u00e8s de la grande Ourse, le 23 novembre 2021<\/span><\/p>\n<p>Lune pr\u00e9sente \u00e0 87%, lunette 80ED + Canon 1000D<\/p>\n<p>Animation sur 62 minutes,<\/p>\n<p><img loading=\"lazy\" decoding=\"async\" src=\"http:\/\/astrodan.fr\/site\/wp-content\/uploads\/_thumbs\/Images\/Com%C3%A8tes\/C_2021_L%C3%A9onard%20A1\/C2021_leonard_A1.gif\" width=\"800\" height=\"533\"><\/p>\n<p><img loading=\"lazy\" decoding=\"async\" src=\"http:\/\/astrodan.fr\/site\/wp-content\/uploads\/_thumbs\/Images\/Com%C3%A8tes\/C_2021_L%C3%A9onard%20A1\/s1_etoile.jpg\" width=\"1500\" height=\"1000\"> <img loading=\"lazy\" decoding=\"async\" src=\"http:\/\/astrodan.fr\/site\/wp-content\/uploads\/_thumbs\/Images\/Com%C3%A8tes\/C_2021_L%C3%A9onard%20A1\/s1_noyau.jpg\" width=\"1500\" height=\"1000\"> <img loading=\"lazy\" decoding=\"async\" src=\"http:\/\/astrodan.fr\/site\/wp-content\/uploads\/_thumbs\/Images\/Com%C3%A8tes\/C_2021_L%C3%A9onard%20A1\/s2_etoile.jpg\" width=\"1500\" height=\"1000\"> <img loading=\"lazy\" decoding=\"async\" src=\"http:\/\/astrodan.fr\/site\/wp-content\/uploads\/_thumbs\/Images\/Com%C3%A8tes\/C_2021_L%C3%A9onard%20A1\/s2_noyau.jpg\" width=\"1500\" height=\"1000\"> <img loading=\"lazy\" decoding=\"async\" src=\"http:\/\/astrodan.fr\/site\/wp-content\/uploads\/_thumbs\/Images\/Com%C3%A8tes\/C_2021_L%C3%A9onard%20A1\/leo.jpg\" width=\"1500\" height=\"999\"><\/p>\n<p><img loading=\"lazy\" decoding=\"async\" src=\"http:\/\/astrodan.fr\/site\/wp-content\/uploads\/_thumbs\/Images\/Com%C3%A8tes\/C_2021_L%C3%A9onard%20A1\/comete_f.jpg\" width=\"1500\" height=\"990\"><\/p>\n<p>[\/et_pb_text][\/et_pb_column][\/et_pb_row][\/et_pb_section]<\/p>\n","protected":false},"excerpt":{"rendered":"<p>Passage de la com\u00e8te C\/ 2021 L\u00e9onard A1 pr\u00e8s de la grande Ourse, le 23 novembre 2021 Lune pr\u00e9sente \u00e0 87%, lunette 80ED + Canon 1000D Animation sur 62 minutes,<\/p>\n","protected":false},"author":1,"featured_media":0,"parent":120,"menu_order":20,"comment_status":"closed","ping_status":"closed","template":"","meta":{"_et_pb_use_builder":"on","_et_pb_old_content":"<p><span style=\"text-decoration: underline;\">Passage de la com\u00e8te C\/ 2021 L\u00e9onard A1 pr\u00e8s de la grande Ourse, le 23 novembre 2021<\/span><\/p>\r\n<p>Lune pr\u00e9sente \u00e0 87%, lunette 80ED + Canon 1000D<\/p>\r\n<p>Animation sur 62 minutes,<\/p>\r\n<p><img src=\"http:\/\/astrodan.fr\/site\/wp-content\/uploads\/_thumbs\/Images\/Com%C3%A8tes\/C_2021_L%C3%A9onard%20A1\/C2021_leonard_A1.gif\" width=\"800\" height=\"533\"><\/p>\r\n<p><img src=\"http:\/\/astrodan.fr\/site\/wp-content\/uploads\/_thumbs\/Images\/Com%C3%A8tes\/C_2021_L%C3%A9onard%20A1\/s1_etoile.jpg\" width=\"1500\" height=\"1000\"> <img src=\"http:\/\/astrodan.fr\/site\/wp-content\/uploads\/_thumbs\/Images\/Com%C3%A8tes\/C_2021_L%C3%A9onard%20A1\/s1_noyau.jpg\" width=\"1500\" height=\"1000\"> <img src=\"http:\/\/astrodan.fr\/site\/wp-content\/uploads\/_thumbs\/Images\/Com%C3%A8tes\/C_2021_L%C3%A9onard%20A1\/s2_etoile.jpg\" width=\"1500\" height=\"1000\"> <img src=\"http:\/\/astrodan.fr\/site\/wp-content\/uploads\/_thumbs\/Images\/Com%C3%A8tes\/C_2021_L%C3%A9onard%20A1\/s2_noyau.jpg\" width=\"1500\" height=\"1000\"> <img src=\"http:\/\/astrodan.fr\/site\/wp-content\/uploads\/_thumbs\/Images\/Com%C3%A8tes\/C_2021_L%C3%A9onard%20A1\/leo.jpg\" width=\"1500\" height=\"999\"><\/p>\r\n<p><img src=\"http:\/\/astrodan.fr\/site\/wp-content\/uploads\/_thumbs\/Images\/Com%C3%A8tes\/C_2021_L%C3%A9onard%20A1\/comete_f.jpg\" width=\"1500\" height=\"990\"><\/p>","_et_gb_content_width":"","ngg_post_thumbnail":0,"footnotes":""},"_links":{"self":[{"href":"http:\/\/astrodan.fr\/site\/wp-json\/wp\/v2\/pages\/2112"}],"collection":[{"href":"http:\/\/astrodan.fr\/site\/wp-json\/wp\/v2\/pages"}],"about":[{"href":"http:\/\/astrodan.fr\/site\/wp-json\/wp\/v2\/types\/page"}],"author":[{"embeddable":true,"href":"http:\/\/astrodan.fr\/site\/wp-json\/wp\/v2\/users\/1"}],"replies":[{"embeddable":true,"href":"http:\/\/astrodan.fr\/site\/wp-json\/wp\/v2\/comments?post=2112"}],"version-history":[{"count":3,"href":"http:\/\/astrodan.fr\/site\/wp-json\/wp\/v2\/pages\/2112\/revisions"}],"predecessor-version":[{"id":4944,"href":"http:\/\/astrodan.fr\/site\/wp-json\/wp\/v2\/pages\/2112\/revisions\/4944"}],"up":[{"embeddable":true,"href":"http:\/\/astrodan.fr\/site\/wp-json\/wp\/v2\/pages\/120"}],"wp:attachment":[{"href":"http:\/\/astrodan.fr\/site\/wp-json\/wp\/v2\/media?parent=2112"}],"curies":[{"name":"wp","href":"https:\/\/api.w.org\/{rel}","templated":true}]}}

C/2021 Léonard A1

<p>[et_pb_section fb_built= »1&Prime; admin_label= »section » _builder_version= »4.20.0&Prime; hover_enabled= »0&Prime; global_colors_info= »{} » background_color= »#100a3f » sticky_enabled= »0&Prime;][et_pb_row admin_label= »row » _builder_version= »4.16&Prime; background_size= »initial » background_position= »top_left » background_repeat= »repeat » global_colors_info= »{} »][et_pb_column type= »4_4&Prime; _builder_version= »4.16&Prime; custom_padding= »||| » global_colors_info= »{} » custom_padding__hover= »||| »][et_pb_text admin_label= »Text » _builder_version= »4.16&Prime; background_size= »initial » background_position= »top_left » background_repeat= »repeat » global_colors_info= »{} »]</p>
<p><span style="text-decoration: underline;">Passage de la comète C/ 2021 Léonard A1 près de la grande Ourse, le 23 novembre 2021</span></p>
<p>Lune présente à 87%, lunette 80ED + Canon 1000D</p>
<p>Animation sur 62 minutes,</p>
<p><img loading="lazy" decoding="async" src="http://astrodan.fr/site/wp-content/uploads/_thumbs/Images/Com%C3%A8tes/C_2021_L%C3%A9onard%20A1/C2021_leonard_A1.gif" width="800" height="533"></p>
<p><img loading="lazy" decoding="async" src="http://astrodan.fr/site/wp-content/uploads/_thumbs/Images/Com%C3%A8tes/C_2021_L%C3%A9onard%20A1/s1_etoile.jpg" width="1500" height="1000"> <img loading="lazy" decoding="async" src="http://astrodan.fr/site/wp-content/uploads/_thumbs/Images/Com%C3%A8tes/C_2021_L%C3%A9onard%20A1/s1_noyau.jpg" width="1500" height="1000"> <img loading="lazy" decoding="async" src="http://astrodan.fr/site/wp-content/uploads/_thumbs/Images/Com%C3%A8tes/C_2021_L%C3%A9onard%20A1/s2_etoile.jpg" width="1500" height="1000"> <img loading="lazy" decoding="async" src="http://astrodan.fr/site/wp-content/uploads/_thumbs/Images/Com%C3%A8tes/C_2021_L%C3%A9onard%20A1/s2_noyau.jpg" width="1500" height="1000"> <img loading="lazy" decoding="async" src="http://astrodan.fr/site/wp-content/uploads/_thumbs/Images/Com%C3%A8tes/C_2021_L%C3%A9onard%20A1/leo.jpg" width="1500" height="999"></p>
<p><img loading="lazy" decoding="async" src="http://astrodan.fr/site/wp-content/uploads/_thumbs/Images/Com%C3%A8tes/C_2021_L%C3%A9onard%20A1/comete_f.jpg" width="1500" height="990"></p>
<p>[/et_pb_text][/et_pb_column][/et_pb_row][/et_pb_section]</p>

<p>Passage de la comète C/ 2021 Léonard A1 près de la grande Ourse, le 23 novembre 2021 Lune présente à 87%, lunette 80ED + Canon 1000D Animation sur 62 minutes,</p>

<p><span style="text-decoration: underline;">Passage de la comète C/ 2021 Léonard A1 près de la grande Ourse, le 23 novembre 2021</span></p>
<p>Lune présente à 87%, lunette 80ED + Canon 1000D</p>
<p>Animation sur 62 minutes,</p>
<p><img src="http://astrodan.fr/site/wp-content/uploads/_thumbs/Images/Com%C3%A8tes/C_2021_L%C3%A9onard%20A1/C2021_leonard_A1.gif" width="800" height="533"></p>
<p><img src="http://astrodan.fr/site/wp-content/uploads/_thumbs/Images/Com%C3%A8tes/C_2021_L%C3%A9onard%20A1/s1_etoile.jpg" width="1500" height="1000"> <img src="http://astrodan.fr/site/wp-content/uploads/_thumbs/Images/Com%C3%A8tes/C_2021_L%C3%A9onard%20A1/s1_noyau.jpg" width="1500" height="1000"> <img src="http://astrodan.fr/site/wp-content/uploads/_thumbs/Images/Com%C3%A8tes/C_2021_L%C3%A9onard%20A1/s2_etoile.jpg" width="1500" height="1000"> <img src="http://astrodan.fr/site/wp-content/uploads/_thumbs/Images/Com%C3%A8tes/C_2021_L%C3%A9onard%20A1/s2_noyau.jpg" width="1500" height="1000"> <img src="http://astrodan.fr/site/wp-content/uploads/_thumbs/Images/Com%C3%A8tes/C_2021_L%C3%A9onard%20A1/leo.jpg" width="1500" height="999"></p>
<p><img src="http://astrodan.fr/site/wp-content/uploads/_thumbs/Images/Com%C3%A8tes/C_2021_L%C3%A9onard%20A1/comete_f.jpg" width="1500" height="990"></p>
