{"id":1956,"date":"2021-05-31T13:30:24","date_gmt":"2021-05-31T11:30:24","guid":{"rendered":"http:\/\/astrodan.fr\/site\/?page_id=1956"},"modified":"2023-02-28T14:37:38","modified_gmt":"2023-02-28T13:37:38","slug":"comete-c-2017-k2-panstarrs","status":"publish","type":"page","link":"http:\/\/astrodan.fr\/site\/cometes-2\/comete-c-2017-k2-panstarrs\/","title":{"rendered":"C\/2017 K2 Panstarrs"},"content":{"rendered":"<p>[et_pb_section fb_built=\u00a0\u00bb1&Prime; admin_label=\u00a0\u00bbsection\u00a0\u00bb _builder_version=\u00a0\u00bb4.20.0&Prime; hover_enabled=\u00a0\u00bb0&Prime; global_colors_info=\u00a0\u00bb{}\u00a0\u00bb background_color=\u00a0\u00bb#100a3f\u00a0\u00bb sticky_enabled=\u00a0\u00bb0&Prime;][et_pb_row admin_label=\u00a0\u00bbrow\u00a0\u00bb _builder_version=\u00a0\u00bb4.16&Prime; background_size=\u00a0\u00bbinitial\u00a0\u00bb background_position=\u00a0\u00bbtop_left\u00a0\u00bb background_repeat=\u00a0\u00bbrepeat\u00a0\u00bb global_colors_info=\u00a0\u00bb{}\u00a0\u00bb][et_pb_column type=\u00a0\u00bb4_4&Prime; _builder_version=\u00a0\u00bb4.16&Prime; custom_padding=\u00a0\u00bb|||\u00a0\u00bb global_colors_info=\u00a0\u00bb{}\u00a0\u00bb custom_padding__hover=\u00a0\u00bb|||\u00a0\u00bb][et_pb_text admin_label=\u00a0\u00bbText\u00a0\u00bb _builder_version=\u00a0\u00bb4.16&Prime; background_size=\u00a0\u00bbinitial\u00a0\u00bb background_position=\u00a0\u00bbtop_left\u00a0\u00bb background_repeat=\u00a0\u00bbrepeat\u00a0\u00bb global_colors_info=\u00a0\u00bb{}\u00a0\u00bb]<\/p>\n<p><span style=\"text-decoration: underline;\">Le 31 mai 2021 au Canon M50 + 80ED, addition de 30 poses de 1mn<\/span><\/p>\n<p><img loading=\"lazy\" decoding=\"async\" src=\"http:\/\/astrodan.fr\/site\/wp-content\/uploads\/_thumbs\/Images\/Com%C3%A8tes\/comete_Panstarrs_K2.jpg\" width=\"1500\" height=\"1000\"><\/p>\n<p><img loading=\"lazy\" decoding=\"async\" src=\"http:\/\/astrodan.fr\/site\/wp-content\/uploads\/_thumbs\/Images\/Com%C3%A8tes\/comete_K2_.jpg\" width=\"1500\" height=\"1000\"><\/p>\n<p><span style=\"text-decoration: underline;\">La com\u00e8te le 20 juin 2022<\/span><\/p>\n<p><img loading=\"lazy\" decoding=\"async\" class=\"alignnone wp-image-3276 size-full\" src=\"http:\/\/astrodan.fr\/site\/wp-content\/uploads\/Comete\/etoile_k2-scaled.jpg\" alt=\"\" width=\"1400\" height=\"934\" data-wpmflightbox=\"0\" data-wpmf_image_lightbox=\"http:\/\/astrodan.fr\/site\/wp-content\/uploads\/Comete\/etoile_k2-scaled.jpg\" srcset=\"http:\/\/astrodan.fr\/site\/wp-content\/uploads\/Comete\/etoile_k2-scaled.jpg 2560w, http:\/\/astrodan.fr\/site\/wp-content\/uploads\/Comete\/etoile_k2-300x200.jpg 300w, http:\/\/astrodan.fr\/site\/wp-content\/uploads\/Comete\/etoile_k2-1024x683.jpg 1024w, http:\/\/astrodan.fr\/site\/wp-content\/uploads\/Comete\/etoile_k2-150x100.jpg 150w, http:\/\/astrodan.fr\/site\/wp-content\/uploads\/Comete\/etoile_k2-768x512.jpg 768w, http:\/\/astrodan.fr\/site\/wp-content\/uploads\/Comete\/etoile_k2-1536x1024.jpg 1536w, http:\/\/astrodan.fr\/site\/wp-content\/uploads\/Comete\/etoile_k2-2048x1365.jpg 2048w\" sizes=\"(max-width: 1400px) 100vw, 1400px\" \/> <img loading=\"lazy\" decoding=\"async\" class=\"alignnone wp-image-3277 size-full\" src=\"http:\/\/astrodan.fr\/site\/wp-content\/uploads\/Comete\/noyau_k2-scaled.jpg\" alt=\"\" width=\"1400\" height=\"933\" data-wpmflightbox=\"0\" data-wpmf_image_lightbox=\"http:\/\/astrodan.fr\/site\/wp-content\/uploads\/Comete\/noyau_k2-scaled.jpg\" srcset=\"http:\/\/astrodan.fr\/site\/wp-content\/uploads\/Comete\/noyau_k2-scaled.jpg 2560w, http:\/\/astrodan.fr\/site\/wp-content\/uploads\/Comete\/noyau_k2-300x200.jpg 300w, http:\/\/astrodan.fr\/site\/wp-content\/uploads\/Comete\/noyau_k2-1024x683.jpg 1024w, http:\/\/astrodan.fr\/site\/wp-content\/uploads\/Comete\/noyau_k2-150x100.jpg 150w, http:\/\/astrodan.fr\/site\/wp-content\/uploads\/Comete\/noyau_k2-768x512.jpg 768w, http:\/\/astrodan.fr\/site\/wp-content\/uploads\/Comete\/noyau_k2-1536x1024.jpg 1536w, http:\/\/astrodan.fr\/site\/wp-content\/uploads\/Comete\/noyau_k2-2048x1365.jpg 2048w\" sizes=\"(max-width: 1400px) 100vw, 1400px\" \/><\/p>\n<p>&nbsp;<\/p>\n<p><img loading=\"lazy\" decoding=\"async\" class=\"alignnone size-full wp-image-3252\" src=\"http:\/\/astrodan.fr\/site\/wp-content\/uploads\/Comete\/C_2017_k2\/dep_N.gif\" alt=\"\" width=\"1500\" height=\"1000\"> <img loading=\"lazy\" decoding=\"async\" class=\"alignnone size-full wp-image-3251\" src=\"http:\/\/astrodan.fr\/site\/wp-content\/uploads\/Comete\/C_2017_k2\/dep_ET.gif\" alt=\"\" width=\"1500\" height=\"1000\"><\/p>\n<p><span style=\"text-decoration: underline;\">La com\u00e8te le 3 juillet 2022 au newton de 200mm<\/span><\/p>\n<p><img loading=\"lazy\" decoding=\"async\" class=\"alignnone size-full wp-image-3396\" src=\"http:\/\/astrodan.fr\/site\/wp-content\/uploads\/Comete\/deplacementk2_sw.jpg\" alt=\"\" width=\"1400\" height=\"933\" srcset=\"http:\/\/astrodan.fr\/site\/wp-content\/uploads\/Comete\/deplacementk2_sw.jpg 1400w, http:\/\/astrodan.fr\/site\/wp-content\/uploads\/Comete\/deplacementk2_sw-300x200.jpg 300w, http:\/\/astrodan.fr\/site\/wp-content\/uploads\/Comete\/deplacementk2_sw-1024x682.jpg 1024w, http:\/\/astrodan.fr\/site\/wp-content\/uploads\/Comete\/deplacementk2_sw-150x100.jpg 150w, http:\/\/astrodan.fr\/site\/wp-content\/uploads\/Comete\/deplacementk2_sw-768x512.jpg 768w\" sizes=\"(max-width: 1400px) 100vw, 1400px\" \/> <img loading=\"lazy\" decoding=\"async\" class=\"alignnone wp-image-3397 size-full\" src=\"http:\/\/astrodan.fr\/site\/wp-content\/uploads\/Comete\/noyauk2_sw.jpg\" alt=\"\" width=\"1400\" height=\"903\" data-wpmflightbox=\"0\" data-wpmf_image_lightbox=\"http:\/\/astrodan.fr\/site\/wp-content\/uploads\/Comete\/noyauk2_sw.jpg\" srcset=\"http:\/\/astrodan.fr\/site\/wp-content\/uploads\/Comete\/noyauk2_sw.jpg 1400w, http:\/\/astrodan.fr\/site\/wp-content\/uploads\/Comete\/noyauk2_sw-300x194.jpg 300w, http:\/\/astrodan.fr\/site\/wp-content\/uploads\/Comete\/noyauk2_sw-1024x660.jpg 1024w, http:\/\/astrodan.fr\/site\/wp-content\/uploads\/Comete\/noyauk2_sw-150x97.jpg 150w, http:\/\/astrodan.fr\/site\/wp-content\/uploads\/Comete\/noyauk2_sw-768x495.jpg 768w\" sizes=\"(max-width: 1400px) 100vw, 1400px\" \/> <img loading=\"lazy\" decoding=\"async\" class=\"alignnone wp-image-3398 size-full\" src=\"http:\/\/astrodan.fr\/site\/wp-content\/uploads\/Comete\/noyauk2_sw_.jpg\" alt=\"\" width=\"1400\" height=\"903\" data-wpmflightbox=\"0\" data-wpmf_image_lightbox=\"http:\/\/astrodan.fr\/site\/wp-content\/uploads\/Comete\/noyauk2_sw_.jpg\" srcset=\"http:\/\/astrodan.fr\/site\/wp-content\/uploads\/Comete\/noyauk2_sw_.jpg 1400w, http:\/\/astrodan.fr\/site\/wp-content\/uploads\/Comete\/noyauk2_sw_-300x194.jpg 300w, http:\/\/astrodan.fr\/site\/wp-content\/uploads\/Comete\/noyauk2_sw_-1024x660.jpg 1024w, http:\/\/astrodan.fr\/site\/wp-content\/uploads\/Comete\/noyauk2_sw_-150x97.jpg 150w, http:\/\/astrodan.fr\/site\/wp-content\/uploads\/Comete\/noyauk2_sw_-768x495.jpg 768w\" sizes=\"(max-width: 1400px) 100vw, 1400px\" \/><\/p>\n<p><span style=\"text-decoration: underline;\">D\u00e9placement de la com\u00e8te durant une heure<\/span><\/p>\n<p><img loading=\"lazy\" decoding=\"async\" class=\"alignnone wp-image-3399 size-full\" src=\"http:\/\/astrodan.fr\/site\/wp-content\/uploads\/Comete\/animation_K2_T200.gif\" alt=\"\" width=\"800\" height=\"533\" data-wpmflightbox=\"0\" data-wpmf_image_lightbox=\"http:\/\/astrodan.fr\/site\/wp-content\/uploads\/Comete\/animation_K2_T200.gif\"><\/p>\n<p><span style=\"text-decoration: underline;\">Passage de la com\u00e8te pr\u00e8s de Messier 10<\/span><\/p>\n<p><img loading=\"lazy\" decoding=\"async\" class=\"alignnone size-full wp-image-3532\" src=\"http:\/\/astrodan.fr\/site\/wp-content\/uploads\/Comete\/C_2017_k2\/m10_k2etal_MA-scaled.jpg\" alt=\"\" width=\"1400\" height=\"933\" srcset=\"http:\/\/astrodan.fr\/site\/wp-content\/uploads\/Comete\/C_2017_k2\/m10_k2etal_MA-scaled.jpg 2560w, http:\/\/astrodan.fr\/site\/wp-content\/uploads\/Comete\/C_2017_k2\/m10_k2etal_MA-300x200.jpg 300w, http:\/\/astrodan.fr\/site\/wp-content\/uploads\/Comete\/C_2017_k2\/m10_k2etal_MA-1024x682.jpg 1024w, http:\/\/astrodan.fr\/site\/wp-content\/uploads\/Comete\/C_2017_k2\/m10_k2etal_MA-150x100.jpg 150w, http:\/\/astrodan.fr\/site\/wp-content\/uploads\/Comete\/C_2017_k2\/m10_k2etal_MA-768x512.jpg 768w, http:\/\/astrodan.fr\/site\/wp-content\/uploads\/Comete\/C_2017_k2\/m10_k2etal_MA-1536x1024.jpg 1536w, http:\/\/astrodan.fr\/site\/wp-content\/uploads\/Comete\/C_2017_k2\/m10_k2etal_MA-2048x1365.jpg 2048w\" sizes=\"(max-width: 1400px) 100vw, 1400px\" \/><\/p>\n<p><img loading=\"lazy\" decoding=\"async\" class=\"alignnone wp-image-3533 size-full\" src=\"http:\/\/astrodan.fr\/site\/wp-content\/uploads\/Comete\/C_2017_k2\/noyauk2_m10_etal-scaled.jpg\" alt=\"\" width=\"1400\" height=\"934\" data-wpmflightbox=\"0\" data-wpmf_image_lightbox=\"http:\/\/astrodan.fr\/site\/wp-content\/uploads\/Comete\/C_2017_k2\/noyauk2_m10_etal-scaled.jpg\" srcset=\"http:\/\/astrodan.fr\/site\/wp-content\/uploads\/Comete\/C_2017_k2\/noyauk2_m10_etal-scaled.jpg 2560w, http:\/\/astrodan.fr\/site\/wp-content\/uploads\/Comete\/C_2017_k2\/noyauk2_m10_etal-300x200.jpg 300w, http:\/\/astrodan.fr\/site\/wp-content\/uploads\/Comete\/C_2017_k2\/noyauk2_m10_etal-1024x683.jpg 1024w, http:\/\/astrodan.fr\/site\/wp-content\/uploads\/Comete\/C_2017_k2\/noyauk2_m10_etal-150x100.jpg 150w, http:\/\/astrodan.fr\/site\/wp-content\/uploads\/Comete\/C_2017_k2\/noyauk2_m10_etal-768x512.jpg 768w, http:\/\/astrodan.fr\/site\/wp-content\/uploads\/Comete\/C_2017_k2\/noyauk2_m10_etal-1536x1024.jpg 1536w, http:\/\/astrodan.fr\/site\/wp-content\/uploads\/Comete\/C_2017_k2\/noyauk2_m10_etal-2048x1365.jpg 2048w\" sizes=\"(max-width: 1400px) 100vw, 1400px\" \/><\/p>\n<p><a href=\"http:\/\/astrodan.fr\/site\/?page_id=1956\"><span style=\"text-decoration: underline;\">Haut de page<\/span><\/a><\/p>\n<p>[\/et_pb_text][\/et_pb_column][\/et_pb_row][\/et_pb_section]<\/p>\n","protected":false},"excerpt":{"rendered":"<p>Le 31 mai 2021 au Canon M50 + 80ED, addition de 30 poses de 1mn La com\u00e8te le 20 juin 2022 &nbsp; La com\u00e8te le 3 juillet 2022 au newton de 200mm D\u00e9placement de la com\u00e8te durant une heure Passage de la com\u00e8te pr\u00e8s de Messier 10 Haut de page<\/p>\n","protected":false},"author":1,"featured_media":0,"parent":120,"menu_order":17,"comment_status":"closed","ping_status":"closed","template":"","meta":{"_et_pb_use_builder":"on","_et_pb_old_content":"<p><span style=\"text-decoration: underline;\">Le 31 mai 2021 au Canon M50 + 80ED, addition de 30 poses de 1mn<\/span><\/p>\r\n<p><img src=\"http:\/\/astrodan.fr\/site\/wp-content\/uploads\/_thumbs\/Images\/Com%C3%A8tes\/comete_Panstarrs_K2.jpg\" width=\"1500\" height=\"1000\"><\/p>\r\n<p><img src=\"http:\/\/astrodan.fr\/site\/wp-content\/uploads\/_thumbs\/Images\/Com%C3%A8tes\/comete_K2_.jpg\" width=\"1500\" height=\"1000\"><\/p>\r\n<p><span style=\"text-decoration: underline;\">La com\u00e8te le 20 juin 2022<\/span><\/p>\r\n<p><img class=\"alignnone wp-image-3276 size-full\" src=\"http:\/\/astrodan.fr\/site\/wp-content\/uploads\/Comete\/etoile_k2-scaled.jpg\" alt=\"\" width=\"1400\" height=\"934\" data-wpmflightbox=\"0\" data-wpmf_image_lightbox=\"http:\/\/astrodan.fr\/site\/wp-content\/uploads\/Comete\/etoile_k2-scaled.jpg\"> <img class=\"alignnone wp-image-3277 size-full\" src=\"http:\/\/astrodan.fr\/site\/wp-content\/uploads\/Comete\/noyau_k2-scaled.jpg\" alt=\"\" width=\"1400\" height=\"933\" data-wpmflightbox=\"0\" data-wpmf_image_lightbox=\"http:\/\/astrodan.fr\/site\/wp-content\/uploads\/Comete\/noyau_k2-scaled.jpg\"><\/p>\r\n<p>&nbsp;<\/p>\r\n<p><img class=\"alignnone size-full wp-image-3252\" src=\"http:\/\/astrodan.fr\/site\/wp-content\/uploads\/Comete\/C_2017_k2\/dep_N.gif\" alt=\"\" width=\"1500\" height=\"1000\"> <img class=\"alignnone size-full wp-image-3251\" src=\"http:\/\/astrodan.fr\/site\/wp-content\/uploads\/Comete\/C_2017_k2\/dep_ET.gif\" alt=\"\" width=\"1500\" height=\"1000\"><\/p>\r\n<p><span style=\"text-decoration: underline;\">La com\u00e8te le 3 juillet 2022 au newton de 200mm<\/span><\/p>\r\n<p><img class=\"alignnone size-full wp-image-3396\" src=\"http:\/\/astrodan.fr\/site\/wp-content\/uploads\/Comete\/deplacementk2_sw.jpg\" alt=\"\" width=\"1400\" height=\"933\"> <img class=\"alignnone wp-image-3397 size-full\" src=\"http:\/\/astrodan.fr\/site\/wp-content\/uploads\/Comete\/noyauk2_sw.jpg\" alt=\"\" width=\"1400\" height=\"903\" data-wpmflightbox=\"0\" data-wpmf_image_lightbox=\"http:\/\/astrodan.fr\/site\/wp-content\/uploads\/Comete\/noyauk2_sw.jpg\"> <img class=\"alignnone wp-image-3398 size-full\" src=\"http:\/\/astrodan.fr\/site\/wp-content\/uploads\/Comete\/noyauk2_sw_.jpg\" alt=\"\" width=\"1400\" height=\"903\" data-wpmflightbox=\"0\" data-wpmf_image_lightbox=\"http:\/\/astrodan.fr\/site\/wp-content\/uploads\/Comete\/noyauk2_sw_.jpg\"><\/p>\r\n<p><span style=\"text-decoration: underline;\">D\u00e9placement de la com\u00e8te durant une heure<\/span><\/p>\r\n<p><img class=\"alignnone wp-image-3399 size-full\" src=\"http:\/\/astrodan.fr\/site\/wp-content\/uploads\/Comete\/animation_K2_T200.gif\" alt=\"\" width=\"800\" height=\"533\" data-wpmflightbox=\"0\" data-wpmf_image_lightbox=\"http:\/\/astrodan.fr\/site\/wp-content\/uploads\/Comete\/animation_K2_T200.gif\"><\/p>\r\n<p><span style=\"text-decoration: underline;\">Passage de la com\u00e8te pr\u00e8s de Messier 10<\/span><\/p>\r\n<p><img class=\"alignnone size-full wp-image-3532\" src=\"http:\/\/astrodan.fr\/site\/wp-content\/uploads\/Comete\/C_2017_k2\/m10_k2etal_MA-scaled.jpg\" alt=\"\" width=\"1400\" height=\"933\"><\/p>\r\n<p><img class=\"alignnone wp-image-3533 size-full\" src=\"http:\/\/astrodan.fr\/site\/wp-content\/uploads\/Comete\/C_2017_k2\/noyauk2_m10_etal-scaled.jpg\" alt=\"\" width=\"1400\" height=\"934\" data-wpmflightbox=\"0\" data-wpmf_image_lightbox=\"http:\/\/astrodan.fr\/site\/wp-content\/uploads\/Comete\/C_2017_k2\/noyauk2_m10_etal-scaled.jpg\"><\/p>\r\n<p><a href=\"http:\/\/astrodan.fr\/site\/?page_id=1956\"><span style=\"text-decoration: underline;\">Haut de page<\/span><\/a><\/p>","_et_gb_content_width":"","ngg_post_thumbnail":0,"footnotes":""},"_links":{"self":[{"href":"http:\/\/astrodan.fr\/site\/wp-json\/wp\/v2\/pages\/1956"}],"collection":[{"href":"http:\/\/astrodan.fr\/site\/wp-json\/wp\/v2\/pages"}],"about":[{"href":"http:\/\/astrodan.fr\/site\/wp-json\/wp\/v2\/types\/page"}],"author":[{"embeddable":true,"href":"http:\/\/astrodan.fr\/site\/wp-json\/wp\/v2\/users\/1"}],"replies":[{"embeddable":true,"href":"http:\/\/astrodan.fr\/site\/wp-json\/wp\/v2\/comments?post=1956"}],"version-history":[{"count":3,"href":"http:\/\/astrodan.fr\/site\/wp-json\/wp\/v2\/pages\/1956\/revisions"}],"predecessor-version":[{"id":4938,"href":"http:\/\/astrodan.fr\/site\/wp-json\/wp\/v2\/pages\/1956\/revisions\/4938"}],"up":[{"embeddable":true,"href":"http:\/\/astrodan.fr\/site\/wp-json\/wp\/v2\/pages\/120"}],"wp:attachment":[{"href":"http:\/\/astrodan.fr\/site\/wp-json\/wp\/v2\/media?parent=1956"}],"curies":[{"name":"wp","href":"https:\/\/api.w.org\/{rel}","templated":true}]}}