{"id":1399,"date":"2019-09-11T15:41:35","date_gmt":"2019-09-11T13:41:35","guid":{"rendered":"http:\/\/astrodan.fr\/site\/?page_id=1399"},"modified":"2023-02-28T14:32:04","modified_gmt":"2023-02-28T13:32:04","slug":"comete-africano-c-2018-w2","status":"publish","type":"page","link":"http:\/\/astrodan.fr\/site\/cometes-2\/comete-africano-c-2018-w2\/","title":{"rendered":"C\/2018 W2 Africano"},"content":{"rendered":"<p>[et_pb_section fb_built=\u00a0\u00bb1&Prime; admin_label=\u00a0\u00bbsection\u00a0\u00bb _builder_version=\u00a0\u00bb4.20.0&Prime; hover_enabled=\u00a0\u00bb0&Prime; global_colors_info=\u00a0\u00bb{}\u00a0\u00bb background_color=\u00a0\u00bb#100a3f\u00a0\u00bb sticky_enabled=\u00a0\u00bb0&Prime;][et_pb_row admin_label=\u00a0\u00bbrow\u00a0\u00bb _builder_version=\u00a0\u00bb4.16&Prime; background_size=\u00a0\u00bbinitial\u00a0\u00bb background_position=\u00a0\u00bbtop_left\u00a0\u00bb background_repeat=\u00a0\u00bbrepeat\u00a0\u00bb global_colors_info=\u00a0\u00bb{}\u00a0\u00bb][et_pb_column type=\u00a0\u00bb4_4&Prime; _builder_version=\u00a0\u00bb4.16&Prime; custom_padding=\u00a0\u00bb|||\u00a0\u00bb global_colors_info=\u00a0\u00bb{}\u00a0\u00bb custom_padding__hover=\u00a0\u00bb|||\u00a0\u00bb][et_pb_text admin_label=\u00a0\u00bbText\u00a0\u00bb _builder_version=\u00a0\u00bb4.16&Prime; background_size=\u00a0\u00bbinitial\u00a0\u00bb background_position=\u00a0\u00bbtop_left\u00a0\u00bb background_repeat=\u00a0\u00bbrepeat\u00a0\u00bb global_colors_info=\u00a0\u00bb{}\u00a0\u00bb]<\/p>\n<p><span style=\"text-decoration: underline;\">Com\u00e8te Africano C\/2018 W2 le 19 septembre 2019 <\/span><span style=\"text-decoration: underline;\">\u00e0 la 80ED + Canon 1000D addition de 20 poses de 3mn<\/span><\/p>\n<p><img loading=\"lazy\" decoding=\"async\" src=\"http:\/\/astrodan.fr\/site\/wp-content\/uploads\/_thumbs\/Images\/Com%C3%A8tes\/trace_africanow2_w.jpg\" width=\"1500\" height=\"1000\"><\/p>\n<p><span style=\"text-decoration: underline;\">Animation durant 1h<\/span><\/p>\n<p><img loading=\"lazy\" decoding=\"async\" src=\"http:\/\/astrodan.fr\/site\/wp-content\/uploads\/_thumbs\/Images\/Com%C3%A8tes\/anim_1h_.gif\" width=\"1200\" height=\"800\"><\/p>\n<p><span style=\"text-decoration: underline;\">Passage de la com\u00e8te pr\u00e8s de M31, Canon 100mm + 1000D , 18 poses de 2mn<\/span><\/p>\n<p><img loading=\"lazy\" decoding=\"async\" src=\"http:\/\/astrodan.fr\/site\/wp-content\/uploads\/_thumbs\/Images\/Com%C3%A8tes\/champ1_w_detail.jpg\" width=\"2000\" height=\"1333\"><\/p>\n<p>&nbsp;<\/p>\n<p>[\/et_pb_text][\/et_pb_column][\/et_pb_row][\/et_pb_section]<\/p>\n","protected":false},"excerpt":{"rendered":"<p>Com\u00e8te Africano C\/2018 W2 le 19 septembre 2019 \u00e0 la 80ED + Canon 1000D addition de 20 poses de 3mn Animation durant 1h Passage de la com\u00e8te pr\u00e8s de M31, Canon 100mm + 1000D , 18 poses de 2mn &nbsp;<\/p>\n","protected":false},"author":1,"featured_media":0,"parent":120,"menu_order":9,"comment_status":"closed","ping_status":"closed","template":"","meta":{"_et_pb_use_builder":"on","_et_pb_old_content":"<p><span style=\"text-decoration: underline;\">Com\u00e8te Africano C\/2018 W2 le 19 septembre 2019 <\/span><span style=\"text-decoration: underline;\">\u00e0 la 80ED + Canon 1000D addition de 20 poses de 3mn<\/span><\/p>\r\n<p><img src=\"http:\/\/astrodan.fr\/site\/wp-content\/uploads\/_thumbs\/Images\/Com%C3%A8tes\/trace_africanow2_w.jpg\" width=\"1500\" height=\"1000\"><\/p>\r\n<p><span style=\"text-decoration: underline;\">Animation durant 1h<\/span><\/p>\r\n<p><img src=\"http:\/\/astrodan.fr\/site\/wp-content\/uploads\/_thumbs\/Images\/Com%C3%A8tes\/anim_1h_.gif\" width=\"1200\" height=\"800\"><\/p>\r\n<p><span style=\"text-decoration: underline;\">Passage de la com\u00e8te pr\u00e8s de M31, Canon 100mm + 1000D , 18 poses de 2mn<\/span><\/p>\r\n<p><img src=\"http:\/\/astrodan.fr\/site\/wp-content\/uploads\/_thumbs\/Images\/Com%C3%A8tes\/champ1_w_detail.jpg\" width=\"2000\" height=\"1333\"><\/p>\r\n<p>&nbsp;<\/p>","_et_gb_content_width":"","ngg_post_thumbnail":0,"footnotes":""},"_links":{"self":[{"href":"http:\/\/astrodan.fr\/site\/wp-json\/wp\/v2\/pages\/1399"}],"collection":[{"href":"http:\/\/astrodan.fr\/site\/wp-json\/wp\/v2\/pages"}],"about":[{"href":"http:\/\/astrodan.fr\/site\/wp-json\/wp\/v2\/types\/page"}],"author":[{"embeddable":true,"href":"http:\/\/astrodan.fr\/site\/wp-json\/wp\/v2\/users\/1"}],"replies":[{"embeddable":true,"href":"http:\/\/astrodan.fr\/site\/wp-json\/wp\/v2\/comments?post=1399"}],"version-history":[{"count":3,"href":"http:\/\/astrodan.fr\/site\/wp-json\/wp\/v2\/pages\/1399\/revisions"}],"predecessor-version":[{"id":4924,"href":"http:\/\/astrodan.fr\/site\/wp-json\/wp\/v2\/pages\/1399\/revisions\/4924"}],"up":[{"embeddable":true,"href":"http:\/\/astrodan.fr\/site\/wp-json\/wp\/v2\/pages\/120"}],"wp:attachment":[{"href":"http:\/\/astrodan.fr\/site\/wp-json\/wp\/v2\/media?parent=1399"}],"curies":[{"name":"wp","href":"https:\/\/api.w.org\/{rel}","templated":true}]}}