{"id":1215,"date":"2019-02-26T02:43:44","date_gmt":"2019-02-26T01:43:44","guid":{"rendered":"http:\/\/astrodan.fr\/site\/?page_id=1215"},"modified":"2023-02-24T17:41:04","modified_gmt":"2023-02-24T16:41:04","slug":"supernova","status":"publish","type":"page","link":"http:\/\/astrodan.fr\/site\/ciel-profond\/supernova\/","title":{"rendered":"Supernova"},"content":{"rendered":"<p>[et_pb_section fb_built=\u00a0\u00bb1&Prime; admin_label=\u00a0\u00bbsection\u00a0\u00bb _builder_version=\u00a0\u00bb4.20.0&Prime; hover_enabled=\u00a0\u00bb0&Prime; global_colors_info=\u00a0\u00bb{}\u00a0\u00bb background_color=\u00a0\u00bb#100a3f\u00a0\u00bb sticky_enabled=\u00a0\u00bb0&Prime;][et_pb_row admin_label=\u00a0\u00bbrow\u00a0\u00bb _builder_version=\u00a0\u00bb4.16&Prime; background_size=\u00a0\u00bbinitial\u00a0\u00bb background_position=\u00a0\u00bbtop_left\u00a0\u00bb background_repeat=\u00a0\u00bbrepeat\u00a0\u00bb global_colors_info=\u00a0\u00bb{}\u00a0\u00bb][et_pb_column type=\u00a0\u00bb4_4&Prime; _builder_version=\u00a0\u00bb4.16&Prime; custom_padding=\u00a0\u00bb|||\u00a0\u00bb global_colors_info=\u00a0\u00bb{}\u00a0\u00bb custom_padding__hover=\u00a0\u00bb|||\u00a0\u00bb][et_pb_text admin_label=\u00a0\u00bbText\u00a0\u00bb _builder_version=\u00a0\u00bb4.16&Prime; background_size=\u00a0\u00bbinitial\u00a0\u00bb background_position=\u00a0\u00bbtop_left\u00a0\u00bb background_repeat=\u00a0\u00bbrepeat\u00a0\u00bb global_colors_info=\u00a0\u00bb{}\u00a0\u00bb]<\/p>\n<p><span style=\"text-decoration: underline;\">Apparition d&rsquo;une nouvelle \u00e9toile non r\u00e9pertori\u00e9e<\/span><\/p>\n<p><img loading=\"lazy\" decoding=\"async\" src=\"http:\/\/astrodan.fr\/site\/wp-content\/uploads\/_thumbs\/Images\/ciel%20profond\/supernova\/anim.gif\" width=\"1500\" height=\"1000\" \/> <img loading=\"lazy\" decoding=\"async\" src=\"http:\/\/astrodan.fr\/site\/wp-content\/uploads\/_thumbs\/Images\/ciel%20profond\/supernova\/Capture1.JPG\" width=\"1919\" height=\"1026\" \/> <img loading=\"lazy\" decoding=\"async\" src=\"http:\/\/astrodan.fr\/site\/wp-content\/uploads\/_thumbs\/Images\/ciel%20profond\/supernova\/Capture2.JPG\" width=\"1920\" height=\"1052\" \/> <img loading=\"lazy\" decoding=\"async\" src=\"http:\/\/astrodan.fr\/site\/wp-content\/uploads\/_thumbs\/Images\/ciel%20profond\/supernova\/comparatif_.jpg\" width=\"1481\" height=\"1000\" \/><\/p>\n<p>&nbsp;<\/p>\n<p><span style=\"text-decoration: underline;\"><em>Supernova SN 2019 ein<\/em><\/span><\/p>\n<p>&nbsp;<\/p>\n<p><img loading=\"lazy\" decoding=\"async\" src=\"http:\/\/astrodan.fr\/site\/wp-content\/uploads\/_thumbs\/Images\/ciel%20profond\/supernova\/aladin_.jpg\" width=\"1704\" height=\"1023\" \/>\u00a0<img loading=\"lazy\" decoding=\"async\" src=\"http:\/\/astrodan.fr\/site\/wp-content\/uploads\/_thumbs\/Images\/ciel%20profond\/supernova\/ngc5353_Annotated_.jpg\" width=\"1500\" height=\"1000\" \/> <img loading=\"lazy\" decoding=\"async\" src=\"http:\/\/astrodan.fr\/site\/wp-content\/uploads\/_thumbs\/Images\/ciel%20profond\/supernova\/supernova_PIx_m_w_.jpg\" width=\"1500\" height=\"1000\" \/><\/p>\n<p><span style=\"text-decoration: underline;\">Supernova dans la Grande Ourse :<\/span><\/p>\n<p><img loading=\"lazy\" decoding=\"async\" src=\"http:\/\/astrodan.fr\/site\/wp-content\/uploads\/_thumbs\/Images\/ciel%20profond\/supernova\/anim_2.gif\" width=\"1500\" height=\"995\" \/> <img loading=\"lazy\" decoding=\"async\" src=\"http:\/\/astrodan.fr\/site\/wp-content\/uploads\/_thumbs\/Images\/ciel%20profond\/supernova\/Capture3.JPG\" width=\"1707\" height=\"994\" \/> <img loading=\"lazy\" decoding=\"async\" src=\"http:\/\/astrodan.fr\/site\/wp-content\/uploads\/_thumbs\/Images\/ciel%20profond\/supernova\/Capture5.JPG\" width=\"1106\" height=\"653\" \/> <img loading=\"lazy\" decoding=\"async\" src=\"http:\/\/astrodan.fr\/site\/wp-content\/uploads\/_thumbs\/Images\/ciel%20profond\/supernova\/Capture6.JPG\" width=\"1704\" height=\"969\" \/><\/p>\n<p><span style=\"text-decoration: underline;\">Nouvelle nova dans le Cygne<\/span><\/p>\n<p>Pose courte de 10s avec la 80ED + Canon 1000D<\/p>\n<p><img loading=\"lazy\" decoding=\"async\" src=\"http:\/\/astrodan.fr\/site\/wp-content\/uploads\/_thumbs\/Images\/ciel%20profond\/supernova\/Capture1.JPG_2.jpg\" width=\"1708\" height=\"1006\" \/> <img loading=\"lazy\" decoding=\"async\" src=\"http:\/\/astrodan.fr\/site\/wp-content\/uploads\/_thumbs\/Images\/ciel%20profond\/supernova\/l2.jpg\" width=\"1979\" height=\"1319\" \/><\/p>\n<p>&nbsp;<\/p>\n<p>&nbsp;<\/p>\n<p><a href=\"http:\/\/astrodan.fr\/site\/?page_id=1215\"><span style=\"text-decoration: underline;\">Haut de page<\/span><\/a><\/p>\n<p>[\/et_pb_text][\/et_pb_column][\/et_pb_row][\/et_pb_section]<\/p>\n","protected":false},"excerpt":{"rendered":"<p>Apparition d&rsquo;une nouvelle \u00e9toile non r\u00e9pertori\u00e9e &nbsp; Supernova SN 2019 ein &nbsp; \u00a0 Supernova dans la Grande Ourse : Nouvelle nova dans le Cygne Pose courte de 10s avec la 80ED + Canon 1000D &nbsp; &nbsp; Haut de page<\/p>\n","protected":false},"author":1,"featured_media":0,"parent":79,"menu_order":9,"comment_status":"closed","ping_status":"closed","template":"","meta":{"_et_pb_use_builder":"on","_et_pb_old_content":"<p><span style=\"text-decoration: underline;\">Apparition d'une nouvelle \u00e9toile non r\u00e9pertori\u00e9e<\/span><\/p>\r\n<p><img src=\"http:\/\/astrodan.fr\/site\/wp-content\/uploads\/_thumbs\/Images\/ciel%20profond\/supernova\/anim.gif\" width=\"1500\" height=\"1000\" \/> <img src=\"http:\/\/astrodan.fr\/site\/wp-content\/uploads\/_thumbs\/Images\/ciel%20profond\/supernova\/Capture1.JPG\" width=\"1919\" height=\"1026\" \/> <img src=\"http:\/\/astrodan.fr\/site\/wp-content\/uploads\/_thumbs\/Images\/ciel%20profond\/supernova\/Capture2.JPG\" width=\"1920\" height=\"1052\" \/> <img src=\"http:\/\/astrodan.fr\/site\/wp-content\/uploads\/_thumbs\/Images\/ciel%20profond\/supernova\/comparatif_.jpg\" width=\"1481\" height=\"1000\" \/><\/p>\r\n<p>&nbsp;<\/p>\r\n<p><span style=\"text-decoration: underline;\"><em>Supernova SN 2019 ein<\/em><\/span><\/p>\r\n<p>&nbsp;<\/p>\r\n<p><img src=\"http:\/\/astrodan.fr\/site\/wp-content\/uploads\/_thumbs\/Images\/ciel%20profond\/supernova\/aladin_.jpg\" width=\"1704\" height=\"1023\" \/>\u00a0<img src=\"http:\/\/astrodan.fr\/site\/wp-content\/uploads\/_thumbs\/Images\/ciel%20profond\/supernova\/ngc5353_Annotated_.jpg\" width=\"1500\" height=\"1000\" \/> <img src=\"http:\/\/astrodan.fr\/site\/wp-content\/uploads\/_thumbs\/Images\/ciel%20profond\/supernova\/supernova_PIx_m_w_.jpg\" width=\"1500\" height=\"1000\" \/><\/p>\r\n<p><span style=\"text-decoration: underline;\">Supernova dans la Grande Ourse :<\/span><\/p>\r\n<p><img src=\"http:\/\/astrodan.fr\/site\/wp-content\/uploads\/_thumbs\/Images\/ciel%20profond\/supernova\/anim_2.gif\" width=\"1500\" height=\"995\" \/> <img src=\"http:\/\/astrodan.fr\/site\/wp-content\/uploads\/_thumbs\/Images\/ciel%20profond\/supernova\/Capture3.JPG\" width=\"1707\" height=\"994\" \/> <img src=\"http:\/\/astrodan.fr\/site\/wp-content\/uploads\/_thumbs\/Images\/ciel%20profond\/supernova\/Capture5.JPG\" width=\"1106\" height=\"653\" \/> <img src=\"http:\/\/astrodan.fr\/site\/wp-content\/uploads\/_thumbs\/Images\/ciel%20profond\/supernova\/Capture6.JPG\" width=\"1704\" height=\"969\" \/><\/p>\r\n<p><span style=\"text-decoration: underline;\">Nouvelle nova dans le Cygne<\/span><\/p>\r\n<p>Pose courte de 10s avec la 80ED + Canon 1000D<\/p>\r\n<p><img src=\"http:\/\/astrodan.fr\/site\/wp-content\/uploads\/_thumbs\/Images\/ciel%20profond\/supernova\/Capture1.JPG_2.jpg\" width=\"1708\" height=\"1006\" \/> <img src=\"http:\/\/astrodan.fr\/site\/wp-content\/uploads\/_thumbs\/Images\/ciel%20profond\/supernova\/l2.jpg\" width=\"1979\" height=\"1319\" \/><\/p>\r\n<p>&nbsp;<\/p>\r\n<p>&nbsp;<\/p>\r\n<p><a href=\"http:\/\/astrodan.fr\/site\/?page_id=1215\"><span style=\"text-decoration: underline;\">Haut de page<\/span><\/a><\/p>","_et_gb_content_width":"","ngg_post_thumbnail":0,"footnotes":""},"_links":{"self":[{"href":"http:\/\/astrodan.fr\/site\/wp-json\/wp\/v2\/pages\/1215"}],"collection":[{"href":"http:\/\/astrodan.fr\/site\/wp-json\/wp\/v2\/pages"}],"about":[{"href":"http:\/\/astrodan.fr\/site\/wp-json\/wp\/v2\/types\/page"}],"author":[{"embeddable":true,"href":"http:\/\/astrodan.fr\/site\/wp-json\/wp\/v2\/users\/1"}],"replies":[{"embeddable":true,"href":"http:\/\/astrodan.fr\/site\/wp-json\/wp\/v2\/comments?post=1215"}],"version-history":[{"count":3,"href":"http:\/\/astrodan.fr\/site\/wp-json\/wp\/v2\/pages\/1215\/revisions"}],"predecessor-version":[{"id":4863,"href":"http:\/\/astrodan.fr\/site\/wp-json\/wp\/v2\/pages\/1215\/revisions\/4863"}],"up":[{"embeddable":true,"href":"http:\/\/astrodan.fr\/site\/wp-json\/wp\/v2\/pages\/79"}],"wp:attachment":[{"href":"http:\/\/astrodan.fr\/site\/wp-json\/wp\/v2\/media?parent=1215"}],"curies":[{"name":"wp","href":"https:\/\/api.w.org\/{rel}","templated":true}]}}