{"id":1200,"date":"2019-02-11T11:26:33","date_gmt":"2019-02-11T10:26:33","guid":{"rendered":"http:\/\/astrodan.fr\/site\/?page_id=1200"},"modified":"2025-04-23T11:16:10","modified_gmt":"2025-04-23T09:16:10","slug":"anaglyphes-3d","status":"publish","type":"page","link":"http:\/\/astrodan.fr\/site\/ciel-profond\/anaglyphes-3d\/","title":{"rendered":"Anaglyphes 3D"},"content":{"rendered":"<p>[et_pb_section fb_built=\u00a0\u00bb1&Prime; _builder_version=\u00a0\u00bb4.24.2&Prime; hover_enabled=\u00a0\u00bb0&Prime; global_colors_info=\u00a0\u00bb{}\u00a0\u00bb background_color=\u00a0\u00bb#100a3f\u00a0\u00bb sticky_enabled=\u00a0\u00bb0&Prime;][et_pb_row _builder_version=\u00a0\u00bb4.16&Prime; background_size=\u00a0\u00bbinitial\u00a0\u00bb background_position=\u00a0\u00bbtop_left\u00a0\u00bb background_repeat=\u00a0\u00bbrepeat\u00a0\u00bb global_colors_info=\u00a0\u00bb{}\u00a0\u00bb][et_pb_column type=\u00a0\u00bb4_4&Prime; _builder_version=\u00a0\u00bb4.16&Prime; custom_padding=\u00a0\u00bb|||\u00a0\u00bb global_colors_info=\u00a0\u00bb{}\u00a0\u00bb custom_padding__hover=\u00a0\u00bb|||\u00a0\u00bb][et_pb_text _builder_version=\u00a0\u00bb4.16&Prime; background_size=\u00a0\u00bbinitial\u00a0\u00bb background_position=\u00a0\u00bbtop_left\u00a0\u00bb background_repeat=\u00a0\u00bbrepeat\u00a0\u00bb global_colors_info=\u00a0\u00bb{}\u00a0\u00bb]<\/p>\n<p>Lorsqu\u2019on regarde le ciel, on n\u2019a aucune id\u00e9e des distances des \u00e9toiles. On parle d\u2019ailleurs toujours de vo\u00fbte \u00e9toil\u00e9e et de sph\u00e8re c\u00e9leste comme si tous les astres \u00e9taient situ\u00e9s \u00e0 la m\u00eame distance de notre \u0153il. On sait pourtant depuis pr\u00e8s de deux si\u00e8cles que ce n\u2019est pas le cas.<\/p>\n<p>En partant de mes photos, j&rsquo;ai pu r\u00e9aliser quelques anaglyphes en d\u00e9calant puis superposant les images, l&rsquo;effet 3D apparait avec l&rsquo;utilisation de lunettes rouge &#8211; cyan ou lunettes anaglyphes !<\/p>\n<p><span style=\"text-decoration: underline;\">La constellation de Cassiop\u00e9e<\/span><\/p>\n<p><img loading=\"lazy\" decoding=\"async\" src=\"http:\/\/astrodan.fr\/site\/wp-content\/uploads\/_thumbs\/Images\/anaglyphes\/cassiopee_3d.jpg\" width=\"1477\" height=\"1000\"> <img loading=\"lazy\" decoding=\"async\" src=\"http:\/\/astrodan.fr\/site\/wp-content\/uploads\/_thumbs\/Images\/anaglyphes\/cassiopee_3d_line.jpg\" width=\"1477\" height=\"1000\"><\/p>\n<p><span style=\"text-decoration: underline;\">La constellation du Cocher<\/span><\/p>\n<p><img loading=\"lazy\" decoding=\"async\" src=\"http:\/\/astrodan.fr\/site\/wp-content\/uploads\/_thumbs\/Images\/anaglyphes\/cocher_anaglyphe.jpg\" width=\"1483\" height=\"1000\"> <img loading=\"lazy\" decoding=\"async\" src=\"http:\/\/astrodan.fr\/site\/wp-content\/uploads\/_thumbs\/Images\/anaglyphes\/cocher_anaglyphe_line.jpg\" width=\"1483\" height=\"1000\"><\/p>\n<p><span style=\"text-decoration: underline;\">Amas Collinder 399<\/span><\/p>\n<p><img loading=\"lazy\" decoding=\"async\" src=\"http:\/\/astrodan.fr\/site\/wp-content\/uploads\/_thumbs\/Images\/anaglyphes\/Collinder%20399_anaglyphe.jpg\" width=\"1500\" height=\"1000\"> <img loading=\"lazy\" decoding=\"async\" src=\"http:\/\/astrodan.fr\/site\/wp-content\/uploads\/_thumbs\/Images\/anaglyphes\/Collinder%20399_anaglyphe_Line.jpg\" width=\"1500\" height=\"1000\"><\/p>\n<p><span style=\"text-decoration: underline;\">La constellation de la Lyre<\/span><\/p>\n<p><img loading=\"lazy\" decoding=\"async\" src=\"http:\/\/astrodan.fr\/site\/wp-content\/uploads\/_thumbs\/Images\/anaglyphes\/lyre_3d.jpg\" width=\"1477\" height=\"1000\"> <img loading=\"lazy\" decoding=\"async\" src=\"http:\/\/astrodan.fr\/site\/wp-content\/uploads\/_thumbs\/Images\/anaglyphes\/lyre_3d_line.jpg\" width=\"1477\" height=\"1000\"><\/p>\n<p><span style=\"text-decoration: underline;\">Amas des Pl\u00e9iades Messier 45<\/span><\/p>\n<p><img loading=\"lazy\" decoding=\"async\" src=\"http:\/\/astrodan.fr\/site\/wp-content\/uploads\/_thumbs\/Images\/anaglyphes\/M45_anaglyphe.jpg\" width=\"1407\" height=\"1000\"><\/p>\n<p><span style=\"text-decoration: underline;\">La constellation d&rsquo;Orion<\/span><\/p>\n<p><img loading=\"lazy\" decoding=\"async\" src=\"http:\/\/astrodan.fr\/site\/wp-content\/uploads\/_thumbs\/Images\/anaglyphes\/orion_new_anaglyphe_R.jpg\" width=\"644\" height=\"1000\"><\/p>\n<p><img loading=\"lazy\" decoding=\"async\" src=\"http:\/\/astrodan.fr\/site\/wp-content\/uploads\/_thumbs\/Images\/anaglyphes\/orion_new_anaglyphe_line_R.jpg\" width=\"644\" height=\"1000\"><\/p>\n<p><span style=\"text-decoration: underline;\">La n\u00e9buleuse de la t\u00eate de cheval Ic 434 dans Orion<\/span><\/p>\n<p><img loading=\"lazy\" decoding=\"async\" src=\"http:\/\/astrodan.fr\/site\/wp-content\/uploads\/_thumbs\/Images\/anaglyphes\/cheval_anaglyphe.jpg\" width=\"1484\" height=\"1000\"><\/p>\n<p><span style=\"text-decoration: underline;\">La constellation de la Grande Ourse<\/span><\/p>\n<p><img loading=\"lazy\" decoding=\"async\" src=\"http:\/\/astrodan.fr\/site\/wp-content\/uploads\/_thumbs\/Images\/anaglyphes\/GO_3D_w.jpg\" width=\"1487\" height=\"1000\"><\/p>\n<p><img loading=\"lazy\" decoding=\"async\" src=\"http:\/\/astrodan.fr\/site\/wp-content\/uploads\/_thumbs\/Images\/anaglyphes\/GO_3D_line_w.jpg\" width=\"1487\" height=\"1000\"><\/p>\n<p><span style=\"text-decoration: underline;\">Les plan\u00e8tes en 3D<\/span><\/p>\n<p><span style=\"text-decoration: underline;\">Photos de Jupiter<\/span><\/p>\n<p><img loading=\"lazy\" decoding=\"async\" src=\"http:\/\/astrodan.fr\/site\/wp-content\/uploads\/_thumbs\/Images\/anaglyphes\/jup_anagl.png\" width=\"801\" height=\"681\"> <img loading=\"lazy\" decoding=\"async\" src=\"http:\/\/astrodan.fr\/site\/wp-content\/uploads\/_thumbs\/Images\/anaglyphes\/Jupiter_anaglyphe.png\" width=\"500\" height=\"500\"><\/p>\n<p><span style=\"text-decoration: underline;\">Rotation de Jupiter en 3D pendant 1h<\/span><\/p>\n<p><img loading=\"lazy\" decoding=\"async\" src=\"http:\/\/astrodan.fr\/site\/wp-content\/uploads\/_thumbs\/Images\/anaglyphes\/rotation_sat.gif\" width=\"1280\" height=\"853\"><\/p>\n<p><span style=\"text-decoration: underline;\">Deux autres vues de Jupiter et de de Saturne en 3D<\/span><\/p>\n<p><img loading=\"lazy\" decoding=\"async\" src=\"http:\/\/astrodan.fr\/site\/wp-content\/uploads\/_thumbs\/Images\/anaglyphes\/sat_jup.png\" width=\"729\" height=\"345\"> <img loading=\"lazy\" decoding=\"async\" src=\"http:\/\/astrodan.fr\/site\/wp-content\/uploads\/_thumbs\/Images\/anaglyphes\/saturne_anaglyphe.png\" width=\"299\" height=\"299\"><\/p>\n<p><span style=\"text-decoration: underline;\">Mars en 3D<\/span><\/p>\n<p><img loading=\"lazy\" decoding=\"async\" src=\"http:\/\/astrodan.fr\/site\/wp-content\/uploads\/_thumbs\/Images\/anaglyphes\/Mars_3D.JPG\" width=\"960\" height=\"909\"><\/p>\n<p><span style=\"text-decoration: underline;\">Le Soleil en 3D<\/span><\/p>\n<p><img loading=\"lazy\" decoding=\"async\" src=\"http:\/\/astrodan.fr\/site\/wp-content\/uploads\/_thumbs\/Images\/anaglyphes\/soleil_13_05_15_3d.JPG\" width=\"1015\" height=\"1023\"><\/p>\n<p><span style=\"text-decoration: underline;\">La Lune en 3D<\/span><\/p>\n<p><img loading=\"lazy\" decoding=\"async\" src=\"http:\/\/astrodan.fr\/site\/wp-content\/uploads\/_thumbs\/Images\/anaglyphes\/cendree_3d.JPG\" width=\"1025\" height=\"1023\"><\/p>\n<p><img loading=\"lazy\" decoding=\"async\" src=\"http:\/\/astrodan.fr\/site\/wp-content\/uploads\/_thumbs\/Images\/anaglyphes\/Capture.JPG\" width=\"1194\" height=\"1005\"> <img loading=\"lazy\" decoding=\"async\" src=\"http:\/\/astrodan.fr\/site\/wp-content\/uploads\/_thumbs\/Images\/anaglyphes\/gibbeuse_3D.JPG\" width=\"1067\" height=\"1019\"> <img loading=\"lazy\" decoding=\"async\" src=\"http:\/\/astrodan.fr\/site\/wp-content\/uploads\/_thumbs\/Images\/anaglyphes\/gm_finale_3d.jpg\" width=\"1022\" height=\"1018\"> <img loading=\"lazy\" decoding=\"async\" src=\"http:\/\/astrodan.fr\/site\/wp-content\/uploads\/_thumbs\/Images\/anaglyphes\/Lune_22_11_18_3d.jpg\" width=\"1013\" height=\"1004\">&nbsp; <img loading=\"lazy\" decoding=\"async\" src=\"http:\/\/astrodan.fr\/site\/wp-content\/uploads\/_thumbs\/Images\/anaglyphes\/lune_iss_3d.JPG\" width=\"1017\" height=\"1019\"> <img loading=\"lazy\" decoding=\"async\" src=\"http:\/\/astrodan.fr\/site\/wp-content\/uploads\/_thumbs\/Images\/anaglyphes\/lune_sat_finale_3d.jpg\" width=\"981\" height=\"958\"> <img loading=\"lazy\" decoding=\"async\" src=\"http:\/\/astrodan.fr\/site\/wp-content\/uploads\/_thumbs\/Images\/anaglyphes\/moon_inv_3d.jpg\" width=\"978\" height=\"953\"> <img loading=\"lazy\" decoding=\"async\" src=\"http:\/\/astrodan.fr\/site\/wp-content\/uploads\/_thumbs\/Images\/anaglyphes\/moon_site_3d.jpg\" width=\"873\" height=\"937\"> <img loading=\"lazy\" decoding=\"async\" src=\"http:\/\/astrodan.fr\/site\/wp-content\/uploads\/_thumbs\/Images\/anaglyphes\/mosalune_f_w_3d.jpg\" width=\"984\" height=\"1011\"><\/p>\n<p><span style=\"text-decoration: underline;\">La pleine Lune du 27 avril 2021 en 3D<\/span><\/p>\n<p><img loading=\"lazy\" decoding=\"async\" src=\"http:\/\/astrodan.fr\/site\/wp-content\/uploads\/_thumbs\/Images\/Lune\/anaglyphe.jpg\" width=\"1164\" height=\"1500\"><\/p>\n<p>&nbsp;<\/p>\n<p>&nbsp;<\/p>\n<p><a href=\"http:\/\/astrodan.fr\/site\/?page_id=1200\"><span style=\"text-decoration: underline;\">Haut de page<\/span><\/a><\/p>\n<p>&nbsp;<\/p>\n<p>[\/et_pb_text][\/et_pb_column][\/et_pb_row][\/et_pb_section]<\/p>\n","protected":false},"excerpt":{"rendered":"<p>Lorsqu\u2019on regarde le ciel, on n\u2019a aucune id\u00e9e des distances des \u00e9toiles. On parle d\u2019ailleurs toujours de vo\u00fbte \u00e9toil\u00e9e et de sph\u00e8re c\u00e9leste comme si tous les astres \u00e9taient situ\u00e9s \u00e0 la m\u00eame distance de notre \u0153il. On sait pourtant depuis pr\u00e8s de deux si\u00e8cles que ce n\u2019est pas le cas. En partant de mes [&hellip;]<\/p>\n","protected":false},"author":1,"featured_media":0,"parent":79,"menu_order":8,"comment_status":"closed","ping_status":"closed","template":"","meta":{"_et_pb_use_builder":"on","_et_pb_old_content":"<p>Lorsqu\u2019on regarde le ciel, on n\u2019a aucune id\u00e9e des distances des \u00e9toiles. On parle d\u2019ailleurs toujours de vo\u00fbte \u00e9toil\u00e9e et de sph\u00e8re c\u00e9leste comme si tous les astres \u00e9taient situ\u00e9s \u00e0 la m\u00eame distance de notre \u0153il. On sait pourtant depuis pr\u00e8s de deux si\u00e8cles que ce n\u2019est pas le cas.<\/p>\r\n<p>En partant de mes photos, j'ai pu r\u00e9aliser quelques anaglyphes en d\u00e9calant puis superposant les images, l'effet 3D apparait avec l'utilisation de lunettes rouge - cyan ou lunettes anaglyphes !<\/p>\r\n<p><span style=\"text-decoration: underline;\">La constellation de Cassiop\u00e9e<\/span><\/p>\r\n<p><img src=\"http:\/\/astrodan.fr\/site\/wp-content\/uploads\/_thumbs\/Images\/anaglyphes\/cassiopee_3d.jpg\" width=\"1477\" height=\"1000\"> <img src=\"http:\/\/astrodan.fr\/site\/wp-content\/uploads\/_thumbs\/Images\/anaglyphes\/cassiopee_3d_line.jpg\" width=\"1477\" height=\"1000\"><\/p>\r\n<p><span style=\"text-decoration: underline;\">La constellation du Cocher<\/span><\/p>\r\n<p><img src=\"http:\/\/astrodan.fr\/site\/wp-content\/uploads\/_thumbs\/Images\/anaglyphes\/cocher_anaglyphe.jpg\" width=\"1483\" height=\"1000\"> <img src=\"http:\/\/astrodan.fr\/site\/wp-content\/uploads\/_thumbs\/Images\/anaglyphes\/cocher_anaglyphe_line.jpg\" width=\"1483\" height=\"1000\"><\/p>\r\n<p><span style=\"text-decoration: underline;\">Amas Collinder 399<\/span><\/p>\r\n<p><img src=\"http:\/\/astrodan.fr\/site\/wp-content\/uploads\/_thumbs\/Images\/anaglyphes\/Collinder%20399_anaglyphe.jpg\" width=\"1500\" height=\"1000\"> <img src=\"http:\/\/astrodan.fr\/site\/wp-content\/uploads\/_thumbs\/Images\/anaglyphes\/Collinder%20399_anaglyphe_Line.jpg\" width=\"1500\" height=\"1000\"><\/p>\r\n<p><span style=\"text-decoration: underline;\">La constellation de la Lyre<\/span><\/p>\r\n<p><img src=\"http:\/\/astrodan.fr\/site\/wp-content\/uploads\/_thumbs\/Images\/anaglyphes\/lyre_3d.jpg\" width=\"1477\" height=\"1000\"> <img src=\"http:\/\/astrodan.fr\/site\/wp-content\/uploads\/_thumbs\/Images\/anaglyphes\/lyre_3d_line.jpg\" width=\"1477\" height=\"1000\"><\/p>\r\n<p><span style=\"text-decoration: underline;\">Amas des Pl\u00e9iades Messier 45<\/span><\/p>\r\n<p><img src=\"http:\/\/astrodan.fr\/site\/wp-content\/uploads\/_thumbs\/Images\/anaglyphes\/M45_anaglyphe.jpg\" width=\"1407\" height=\"1000\"><\/p>\r\n<p><span style=\"text-decoration: underline;\">La constellation d'Orion<\/span><\/p>\r\n<p><img src=\"http:\/\/astrodan.fr\/site\/wp-content\/uploads\/_thumbs\/Images\/anaglyphes\/orion_new_anaglyphe_R.jpg\" width=\"644\" height=\"1000\"><\/p>\r\n<p><img src=\"http:\/\/astrodan.fr\/site\/wp-content\/uploads\/_thumbs\/Images\/anaglyphes\/orion_new_anaglyphe_line_R.jpg\" width=\"644\" height=\"1000\"><\/p>\r\n<p><span style=\"text-decoration: underline;\">La n\u00e9buleuse de la t\u00eate de cheval Ic 434 dans Orion<\/span><\/p>\r\n<p><img src=\"http:\/\/astrodan.fr\/site\/wp-content\/uploads\/_thumbs\/Images\/anaglyphes\/cheval_anaglyphe.jpg\" width=\"1484\" height=\"1000\"><\/p>\r\n<p><span style=\"text-decoration: underline;\">La constellation de la Grande Ourse<\/span><\/p>\r\n<p><img src=\"http:\/\/astrodan.fr\/site\/wp-content\/uploads\/_thumbs\/Images\/anaglyphes\/GO_3D_w.jpg\" width=\"1487\" height=\"1000\"><\/p>\r\n<p><img src=\"http:\/\/astrodan.fr\/site\/wp-content\/uploads\/_thumbs\/Images\/anaglyphes\/GO_3D_line_w.jpg\" width=\"1487\" height=\"1000\"><\/p>\r\n<p><span style=\"text-decoration: underline;\">Les plan\u00e8tes en 3D<\/span><\/p>\r\n<p><span style=\"text-decoration: underline;\">Photos de Jupiter<\/span><\/p>\r\n<p><img src=\"http:\/\/astrodan.fr\/site\/wp-content\/uploads\/_thumbs\/Images\/anaglyphes\/jup_anagl.png\" width=\"801\" height=\"681\"> <img src=\"http:\/\/astrodan.fr\/site\/wp-content\/uploads\/_thumbs\/Images\/anaglyphes\/Jupiter_anaglyphe.png\" width=\"500\" height=\"500\"><\/p>\r\n<p><span style=\"text-decoration: underline;\">Rotation de Jupiter en 3D pendant 1h<\/span><\/p>\r\n<p><img src=\"http:\/\/astrodan.fr\/site\/wp-content\/uploads\/_thumbs\/Images\/anaglyphes\/rotation_sat.gif\" width=\"1280\" height=\"853\"><\/p>\r\n<p><span style=\"text-decoration: underline;\">Deux autres vues de Jupiter et de de Saturne en 3D<\/span><\/p>\r\n<p><img src=\"http:\/\/astrodan.fr\/site\/wp-content\/uploads\/_thumbs\/Images\/anaglyphes\/sat_jup.png\" width=\"729\" height=\"345\"> <img src=\"http:\/\/astrodan.fr\/site\/wp-content\/uploads\/_thumbs\/Images\/anaglyphes\/saturne_anaglyphe.png\" width=\"299\" height=\"299\"><\/p>\r\n<p><span style=\"text-decoration: underline;\">Mars en 3D<\/span><\/p>\r\n<p><img src=\"http:\/\/astrodan.fr\/site\/wp-content\/uploads\/_thumbs\/Images\/anaglyphes\/Mars_3D.JPG\" width=\"960\" height=\"909\"><\/p>\r\n<p><span style=\"text-decoration: underline;\">Le Soleil en 3D<\/span><\/p>\r\n<p><img src=\"http:\/\/astrodan.fr\/site\/wp-content\/uploads\/_thumbs\/Images\/anaglyphes\/soleil_13_05_15_3d.JPG\" width=\"1015\" height=\"1023\"><\/p>\r\n<p><span style=\"text-decoration: underline;\">La Lune en 3D<\/span><\/p>\r\n<p><img src=\"http:\/\/astrodan.fr\/site\/wp-content\/uploads\/_thumbs\/Images\/anaglyphes\/cendree_3d.JPG\" width=\"1025\" height=\"1023\"><\/p>\r\n<p><img src=\"http:\/\/astrodan.fr\/site\/wp-content\/uploads\/_thumbs\/Images\/anaglyphes\/Capture.JPG\" width=\"1194\" height=\"1005\"> <img src=\"http:\/\/astrodan.fr\/site\/wp-content\/uploads\/_thumbs\/Images\/anaglyphes\/gibbeuse_3D.JPG\" width=\"1067\" height=\"1019\"> <img src=\"http:\/\/astrodan.fr\/site\/wp-content\/uploads\/_thumbs\/Images\/anaglyphes\/gm_finale_3d.jpg\" width=\"1022\" height=\"1018\"> <img src=\"http:\/\/astrodan.fr\/site\/wp-content\/uploads\/_thumbs\/Images\/anaglyphes\/Lune_22_11_18_3d.jpg\" width=\"1013\" height=\"1004\">\u00a0 <img src=\"http:\/\/astrodan.fr\/site\/wp-content\/uploads\/_thumbs\/Images\/anaglyphes\/lune_iss_3d.JPG\" width=\"1017\" height=\"1019\"> <img src=\"http:\/\/astrodan.fr\/site\/wp-content\/uploads\/_thumbs\/Images\/anaglyphes\/lune_sat_finale_3d.jpg\" width=\"981\" height=\"958\"> <img src=\"http:\/\/astrodan.fr\/site\/wp-content\/uploads\/_thumbs\/Images\/anaglyphes\/moon_inv_3d.jpg\" width=\"978\" height=\"953\"> <img src=\"http:\/\/astrodan.fr\/site\/wp-content\/uploads\/_thumbs\/Images\/anaglyphes\/moon_site_3d.jpg\" width=\"873\" height=\"937\"> <img src=\"http:\/\/astrodan.fr\/site\/wp-content\/uploads\/_thumbs\/Images\/anaglyphes\/mosalune_f_w_3d.jpg\" width=\"984\" height=\"1011\"><\/p>\r\n<p><span style=\"text-decoration: underline;\">La pleine Lune du 27 avril 2021 en 3D<\/span><\/p>\r\n<p><img src=\"http:\/\/astrodan.fr\/site\/wp-content\/uploads\/_thumbs\/Images\/Lune\/anaglyphe.jpg\" width=\"1164\" height=\"1500\"><\/p>\r\n<p>\u00a0<\/p>\r\n<p>\u00a0<\/p>\r\n<p><a href=\"http:\/\/astrodan.fr\/site\/?page_id=1200\"><span style=\"text-decoration: underline;\">Haut de page<\/span><\/a><\/p>\r\n<p>\u00a0<\/p>","_et_gb_content_width":"","ngg_post_thumbnail":0,"footnotes":""},"_links":{"self":[{"href":"http:\/\/astrodan.fr\/site\/wp-json\/wp\/v2\/pages\/1200"}],"collection":[{"href":"http:\/\/astrodan.fr\/site\/wp-json\/wp\/v2\/pages"}],"about":[{"href":"http:\/\/astrodan.fr\/site\/wp-json\/wp\/v2\/types\/page"}],"author":[{"embeddable":true,"href":"http:\/\/astrodan.fr\/site\/wp-json\/wp\/v2\/users\/1"}],"replies":[{"embeddable":true,"href":"http:\/\/astrodan.fr\/site\/wp-json\/wp\/v2\/comments?post=1200"}],"version-history":[{"count":3,"href":"http:\/\/astrodan.fr\/site\/wp-json\/wp\/v2\/pages\/1200\/revisions"}],"predecessor-version":[{"id":7514,"href":"http:\/\/astrodan.fr\/site\/wp-json\/wp\/v2\/pages\/1200\/revisions\/7514"}],"up":[{"embeddable":true,"href":"http:\/\/astrodan.fr\/site\/wp-json\/wp\/v2\/pages\/79"}],"wp:attachment":[{"href":"http:\/\/astrodan.fr\/site\/wp-json\/wp\/v2\/media?parent=1200"}],"curies":[{"name":"wp","href":"https:\/\/api.w.org\/{rel}","templated":true}]}}