{"id":120,"date":"2015-04-12T23:44:43","date_gmt":"2015-04-12T21:44:43","guid":{"rendered":"http:\/\/astrodan.fr\/site\/?page_id=120"},"modified":"2023-05-11T19:24:22","modified_gmt":"2023-05-11T17:24:22","slug":"cometes-2","status":"publish","type":"page","link":"http:\/\/astrodan.fr\/site\/cometes-2\/","title":{"rendered":"Com\u00e8tes 1"},"content":{"rendered":"<p>[et_pb_section fb_built=\u00a0\u00bb1&Prime; admin_label=\u00a0\u00bbsection\u00a0\u00bb _builder_version=\u00a0\u00bb4.20.0&Prime; background_color=\u00a0\u00bb#100a3f\u00a0\u00bb global_colors_info=\u00a0\u00bb{}\u00a0\u00bb][et_pb_row admin_label=\u00a0\u00bbrow\u00a0\u00bb _builder_version=\u00a0\u00bb4.16&Prime; background_size=\u00a0\u00bbinitial\u00a0\u00bb background_position=\u00a0\u00bbtop_left\u00a0\u00bb background_repeat=\u00a0\u00bbrepeat\u00a0\u00bb global_colors_info=\u00a0\u00bb{}\u00a0\u00bb][et_pb_column type=\u00a0\u00bb4_4&Prime; _builder_version=\u00a0\u00bb4.16&Prime; custom_padding=\u00a0\u00bb|||\u00a0\u00bb global_colors_info=\u00a0\u00bb{}\u00a0\u00bb custom_padding__hover=\u00a0\u00bb|||\u00a0\u00bb][et_pb_text admin_label=\u00a0\u00bbText\u00a0\u00bb _builder_version=\u00a0\u00bb4.16&Prime; background_size=\u00a0\u00bbinitial\u00a0\u00bb background_position=\u00a0\u00bbtop_left\u00a0\u00bb background_repeat=\u00a0\u00bbrepeat\u00a0\u00bb global_colors_info=\u00a0\u00bb{}\u00a0\u00bb]<\/p>\n<p><span style=\"font-size: 26px;\">C&rsquo;est quoi une com\u00e8te ?<\/span><\/p>\n<p>Une com\u00e8te est, en astronomie, un petit corps constitu\u00e9 d&rsquo;un noyau de glace et de poussi\u00e8re en orbite (sauf perturbation) autour d&rsquo;une \u00e9toile. Lorsque son orbite, qui a g\u00e9n\u00e9ralement la forme d&rsquo;une ellipse tr\u00e8s allong\u00e9e, l&rsquo;am\u00e8ne pr\u00e8s de cette \u00e9toile (par exemple le Soleil dans le Syst\u00e8me solaire), la com\u00e8te est expos\u00e9e \u00e0 diverses forces \u00e9manant de cette derni\u00e8re : vent stellaire, pression de radiation et gravitation. Le noyau s&rsquo;entoure alors d&rsquo;une sorte de fine atmosph\u00e8re brillante constitu\u00e9e de gaz et de poussi\u00e8res, appel\u00e9e chevelure ou coma, souvent prolong\u00e9e de deux tra\u00een\u00e9es lumineuses compos\u00e9es \u00e9galement de gaz et de poussi\u00e8res, les queues (une de gaz ionis\u00e9 et une de poussi\u00e8res), qui peuvent s&rsquo;\u00e9tendre sur plusieurs dizaines de millions de kilom\u00e8tres.<\/p>\n<p>Dans le Syst\u00e8me solaire, quand elles s&rsquo;approchent suffisamment de la Terre ou que leur magnitude est importante, les com\u00e8tes deviennent visibles \u00e0 l&rsquo;\u0153il nu (parfois m\u00eame de jour) et peuvent \u00eatre spectaculaires ; elles sont alors class\u00e9es comme \u00ab grandes com\u00e8tes \u00bb.<\/p>\n<p>[\/et_pb_text][\/et_pb_column][\/et_pb_row][\/et_pb_section]<\/p>\n","protected":false},"excerpt":{"rendered":"<p>C&rsquo;est quoi une com\u00e8te ? Une com\u00e8te est, en astronomie, un petit corps constitu\u00e9 d&rsquo;un noyau de glace et de poussi\u00e8re en orbite (sauf perturbation) autour d&rsquo;une \u00e9toile. Lorsque son orbite, qui a g\u00e9n\u00e9ralement la forme d&rsquo;une ellipse tr\u00e8s allong\u00e9e, l&rsquo;am\u00e8ne pr\u00e8s de cette \u00e9toile (par exemple le Soleil dans le Syst\u00e8me solaire), la com\u00e8te [&hellip;]<\/p>\n","protected":false},"author":1,"featured_media":0,"parent":0,"menu_order":0,"comment_status":"closed","ping_status":"closed","template":"","meta":{"_et_pb_use_builder":"on","_et_pb_old_content":"<p><span style=\"font-size: 26px;\">C'est quoi une com\u00e8te ?<\/span><\/p>\r\n<p>Une com\u00e8te est, en astronomie, un petit corps constitu\u00e9 d'un noyau de glace et de poussi\u00e8re en orbite (sauf perturbation) autour d'une \u00e9toile. Lorsque son orbite, qui a g\u00e9n\u00e9ralement la forme d'une ellipse tr\u00e8s allong\u00e9e, l'am\u00e8ne pr\u00e8s de cette \u00e9toile (par exemple le Soleil dans le Syst\u00e8me solaire), la com\u00e8te est expos\u00e9e \u00e0 diverses forces \u00e9manant de cette derni\u00e8re : vent stellaire, pression de radiation et gravitation. Le noyau s'entoure alors d'une sorte de fine atmosph\u00e8re brillante constitu\u00e9e de gaz et de poussi\u00e8res, appel\u00e9e chevelure ou coma, souvent prolong\u00e9e de deux tra\u00een\u00e9es lumineuses compos\u00e9es \u00e9galement de gaz et de poussi\u00e8res, les queues (une de gaz ionis\u00e9 et une de poussi\u00e8res), qui peuvent s'\u00e9tendre sur plusieurs dizaines de millions de kilom\u00e8tres.<\/p>\r\n<p>Dans le Syst\u00e8me solaire, quand elles s'approchent suffisamment de la Terre ou que leur magnitude est importante, les com\u00e8tes deviennent visibles \u00e0 l'\u0153il nu (parfois m\u00eame de jour) et peuvent \u00eatre spectaculaires ; elles sont alors class\u00e9es comme \u00ab grandes com\u00e8tes \u00bb.<\/p>","_et_gb_content_width":"","ngg_post_thumbnail":0,"footnotes":""},"_links":{"self":[{"href":"http:\/\/astrodan.fr\/site\/wp-json\/wp\/v2\/pages\/120"}],"collection":[{"href":"http:\/\/astrodan.fr\/site\/wp-json\/wp\/v2\/pages"}],"about":[{"href":"http:\/\/astrodan.fr\/site\/wp-json\/wp\/v2\/types\/page"}],"author":[{"embeddable":true,"href":"http:\/\/astrodan.fr\/site\/wp-json\/wp\/v2\/users\/1"}],"replies":[{"embeddable":true,"href":"http:\/\/astrodan.fr\/site\/wp-json\/wp\/v2\/comments?post=120"}],"version-history":[{"count":3,"href":"http:\/\/astrodan.fr\/site\/wp-json\/wp\/v2\/pages\/120\/revisions"}],"predecessor-version":[{"id":5996,"href":"http:\/\/astrodan.fr\/site\/wp-json\/wp\/v2\/pages\/120\/revisions\/5996"}],"wp:attachment":[{"href":"http:\/\/astrodan.fr\/site\/wp-json\/wp\/v2\/media?parent=120"}],"curies":[{"name":"wp","href":"https:\/\/api.w.org\/{rel}","templated":true}]}}