{"id":1133,"date":"2018-11-18T09:37:11","date_gmt":"2018-11-18T08:37:11","guid":{"rendered":"http:\/\/astrodan.fr\/site\/?page_id=1133"},"modified":"2023-02-28T14:31:09","modified_gmt":"2023-02-28T13:31:09","slug":"comete-46p-wirtanen","status":"publish","type":"page","link":"http:\/\/astrodan.fr\/site\/cometes-2\/comete-46p-wirtanen\/","title":{"rendered":"46P\/Wirtanen"},"content":{"rendered":"<p>[et_pb_section fb_built=\u00a0\u00bb1&Prime; admin_label=\u00a0\u00bbsection\u00a0\u00bb _builder_version=\u00a0\u00bb4.20.0&Prime; hover_enabled=\u00a0\u00bb0&Prime; global_colors_info=\u00a0\u00bb{}\u00a0\u00bb background_color=\u00a0\u00bb#100a3f\u00a0\u00bb sticky_enabled=\u00a0\u00bb0&Prime;][et_pb_row admin_label=\u00a0\u00bbrow\u00a0\u00bb _builder_version=\u00a0\u00bb4.16&Prime; background_size=\u00a0\u00bbinitial\u00a0\u00bb background_position=\u00a0\u00bbtop_left\u00a0\u00bb background_repeat=\u00a0\u00bbrepeat\u00a0\u00bb global_colors_info=\u00a0\u00bb{}\u00a0\u00bb][et_pb_column type=\u00a0\u00bb4_4&Prime; _builder_version=\u00a0\u00bb4.16&Prime; custom_padding=\u00a0\u00bb|||\u00a0\u00bb global_colors_info=\u00a0\u00bb{}\u00a0\u00bb custom_padding__hover=\u00a0\u00bb|||\u00a0\u00bb][et_pb_text admin_label=\u00a0\u00bbText\u00a0\u00bb _builder_version=\u00a0\u00bb4.16&Prime; background_size=\u00a0\u00bbinitial\u00a0\u00bb background_position=\u00a0\u00bbtop_left\u00a0\u00bb background_repeat=\u00a0\u00bbrepeat\u00a0\u00bb global_colors_info=\u00a0\u00bb{}\u00a0\u00bb]<\/p>\n<p>Premi\u00e8res images de la com\u00e8te le 16 novembre 2018 au terrain d&rsquo;aviation de Petit-Ebersviller<\/p>\n<p>Lunette 80ED + Canon 1000D<\/p>\n<p><img loading=\"lazy\" decoding=\"async\" src=\"http:\/\/astrodan.fr\/site\/wp-content\/uploads\/_thumbs\/Images\/Com%C3%A8tes\/Com%C3%A8te%2046P_Wirtanen\/anim.gif\" width=\"1280\" height=\"800\"> <img loading=\"lazy\" decoding=\"async\" src=\"http:\/\/astrodan.fr\/site\/wp-content\/uploads\/_thumbs\/Images\/Com%C3%A8tes\/Com%C3%A8te%2046P_Wirtanen\/noyau_w.jpg\" width=\"1500\" height=\"1000\"><\/p>\n<p><span style=\"text-decoration: underline;\">Vue de la com\u00e8te le 4 d\u00e9cembre 2018<\/span><\/p>\n<p>Lunette 80ED +Canon 1000D, 37 poses de 2mn<\/p>\n<p><img loading=\"lazy\" decoding=\"async\" src=\"http:\/\/astrodan.fr\/site\/wp-content\/uploads\/_thumbs\/Images\/Com%C3%A8tes\/Com%C3%A8te%2046P_Wirtanen\/anim_etoile.gif\" width=\"1000\" height=\"667\"> <img loading=\"lazy\" decoding=\"async\" src=\"http:\/\/astrodan.fr\/site\/wp-content\/uploads\/_thumbs\/Images\/Com%C3%A8tes\/Com%C3%A8te%2046P_Wirtanen\/anim_noyau.gif\" width=\"1000\" height=\"667\"> <img loading=\"lazy\" decoding=\"async\" src=\"http:\/\/astrodan.fr\/site\/wp-content\/uploads\/_thumbs\/Images\/Com%C3%A8tes\/Com%C3%A8te%2046P_Wirtanen\/noyau.jpg\" width=\"1500\" height=\"1005\"> <img loading=\"lazy\" decoding=\"async\" src=\"http:\/\/astrodan.fr\/site\/wp-content\/uploads\/_thumbs\/Images\/Com%C3%A8tes\/Com%C3%A8te%2046P_Wirtanen\/trace.jpg\" width=\"1500\" height=\"982\"><\/p>\n<p><span style=\"text-decoration: underline;\">Images de la com\u00e8te le 12 d\u00e9cembre 2018<\/span><\/p>\n<p>Tr\u00e8s grand champ au Samyang 8mm + Canon 700D<\/p>\n<p><img loading=\"lazy\" decoding=\"async\" src=\"http:\/\/astrodan.fr\/site\/wp-content\/uploads\/_thumbs\/Images\/Com%C3%A8tes\/Com%C3%A8te%2046P_Wirtanen\/wirtanen_8mm_w.jpg\" width=\"1500\" height=\"1000\">&nbsp; Grand champ au Canon 40mm + 700D<span style=\"text-decoration: underline;\"><br \/>\n<\/span><\/p>\n<p><img loading=\"lazy\" decoding=\"async\" src=\"http:\/\/astrodan.fr\/site\/wp-content\/uploads\/_thumbs\/Images\/Com%C3%A8tes\/Com%C3%A8te%2046P_Wirtanen\/wirtanen_40mm_w.jpg\" width=\"1500\" height=\"1000\"><\/p>\n<p>Alignement les \u00e9toiles<\/p>\n<p><img loading=\"lazy\" decoding=\"async\" src=\"http:\/\/astrodan.fr\/site\/wp-content\/uploads\/_thumbs\/Images\/Com%C3%A8tes\/Com%C3%A8te%2046P_Wirtanen\/trace_rec.jpg\" width=\"1500\" height=\"980\"><\/p>\n<p>Alignement sur le noyau<\/p>\n<p><img loading=\"lazy\" decoding=\"async\" src=\"http:\/\/astrodan.fr\/site\/wp-content\/uploads\/_thumbs\/Images\/Com%C3%A8tes\/Com%C3%A8te%2046P_Wirtanen\/noyau_.jpg\" width=\"1500\" height=\"980\"><\/p>\n<p>D\u00e9placement de la com\u00e8te dans la ciel durant 1h<\/p>\n<p><img loading=\"lazy\" decoding=\"async\" src=\"http:\/\/astrodan.fr\/site\/wp-content\/uploads\/_thumbs\/Images\/Com%C3%A8tes\/Com%C3%A8te%2046P_Wirtanen\/anim_etoiles.gif\" width=\"1200\" height=\"799\"> <img loading=\"lazy\" decoding=\"async\" src=\"http:\/\/astrodan.fr\/site\/wp-content\/uploads\/_thumbs\/Images\/Com%C3%A8tes\/Com%C3%A8te%2046P_Wirtanen\/animation_noyau.gif\" width=\"1200\" height=\"799\"><\/p>\n<p>Mise en \u00e9vidence des 2 queues de la com\u00e8te<\/p>\n<p><img loading=\"lazy\" decoding=\"async\" src=\"http:\/\/astrodan.fr\/site\/wp-content\/uploads\/_thumbs\/Images\/Com%C3%A8tes\/Com%C3%A8te%2046P_Wirtanen\/jets.gif\" width=\"1588\" height=\"1243\"><\/p>\n<p><span style=\"text-decoration: underline;\">1er test de la monture Omegon Minitrack LX2<\/span><\/p>\n<p>Com\u00e8te 46P\/Wirtanen \u00e0 24mm de focale, addition de 12 poses<\/p>\n<p><img loading=\"lazy\" decoding=\"async\" src=\"http:\/\/astrodan.fr\/site\/wp-content\/uploads\/_thumbs\/Images\/Com%C3%A8tes\/Com%C3%A8te%2046P_Wirtanen\/46p_m2w.jpg\" width=\"1500\" height=\"1000\"> <img loading=\"lazy\" decoding=\"async\" src=\"http:\/\/astrodan.fr\/site\/wp-content\/uploads\/_thumbs\/Images\/Com%C3%A8tes\/Com%C3%A8te%2046P_Wirtanen\/46p_m2w_A.jpg\" width=\"1500\" height=\"1000\"><\/p>\n<p><span style=\"text-decoration: underline;\">46P\/ Wirtanen le 02 janvier 2019<\/span><\/p>\n<p>Canon 1000D + 40mm + Minitrack LX2 Omegon<\/p>\n<p><img loading=\"lazy\" decoding=\"async\" src=\"http:\/\/astrodan.fr\/site\/wp-content\/uploads\/_thumbs\/Images\/Com%C3%A8tes\/Com%C3%A8te%2046P_Wirtanen\/46p_wirtanen_02_01_19_fw.jpg\" width=\"1500\" height=\"998\"><\/p>\n<p><a href=\"http:\/\/astrodan.fr\/site\/?page_id=1133\"><span style=\"text-decoration: underline;\">Haut de page<\/span><\/a><\/p>\n<p>[\/et_pb_text][\/et_pb_column][\/et_pb_row][\/et_pb_section]<\/p>\n","protected":false},"excerpt":{"rendered":"<p>Premi\u00e8res images de la com\u00e8te le 16 novembre 2018 au terrain d&rsquo;aviation de Petit-Ebersviller Lunette 80ED + Canon 1000D Vue de la com\u00e8te le 4 d\u00e9cembre 2018 Lunette 80ED +Canon 1000D, 37 poses de 2mn Images de la com\u00e8te le 12 d\u00e9cembre 2018 Tr\u00e8s grand champ au Samyang 8mm + Canon 700D &nbsp; Grand champ [&hellip;]<\/p>\n","protected":false},"author":1,"featured_media":0,"parent":120,"menu_order":8,"comment_status":"closed","ping_status":"closed","template":"","meta":{"_et_pb_use_builder":"on","_et_pb_old_content":"<p>Premi\u00e8res images de la com\u00e8te le 16 novembre 2018 au terrain d'aviation de Petit-Ebersviller<\/p>\r\n<p>Lunette 80ED + Canon 1000D<\/p>\r\n<p><img src=\"http:\/\/astrodan.fr\/site\/wp-content\/uploads\/_thumbs\/Images\/Com%C3%A8tes\/Com%C3%A8te%2046P_Wirtanen\/anim.gif\" width=\"1280\" height=\"800\"> <img src=\"http:\/\/astrodan.fr\/site\/wp-content\/uploads\/_thumbs\/Images\/Com%C3%A8tes\/Com%C3%A8te%2046P_Wirtanen\/noyau_w.jpg\" width=\"1500\" height=\"1000\"><\/p>\r\n<p><span style=\"text-decoration: underline;\">Vue de la com\u00e8te le 4 d\u00e9cembre 2018<\/span><\/p>\r\n<p>Lunette 80ED +Canon 1000D, 37 poses de 2mn<\/p>\r\n<p><img src=\"http:\/\/astrodan.fr\/site\/wp-content\/uploads\/_thumbs\/Images\/Com%C3%A8tes\/Com%C3%A8te%2046P_Wirtanen\/anim_etoile.gif\" width=\"1000\" height=\"667\"> <img src=\"http:\/\/astrodan.fr\/site\/wp-content\/uploads\/_thumbs\/Images\/Com%C3%A8tes\/Com%C3%A8te%2046P_Wirtanen\/anim_noyau.gif\" width=\"1000\" height=\"667\"> <img src=\"http:\/\/astrodan.fr\/site\/wp-content\/uploads\/_thumbs\/Images\/Com%C3%A8tes\/Com%C3%A8te%2046P_Wirtanen\/noyau.jpg\" width=\"1500\" height=\"1005\"> <img src=\"http:\/\/astrodan.fr\/site\/wp-content\/uploads\/_thumbs\/Images\/Com%C3%A8tes\/Com%C3%A8te%2046P_Wirtanen\/trace.jpg\" width=\"1500\" height=\"982\"><\/p>\r\n<p><span style=\"text-decoration: underline;\">Images de la com\u00e8te le 12 d\u00e9cembre 2018<\/span><\/p>\r\n<p>Tr\u00e8s grand champ au Samyang 8mm + Canon 700D<\/p>\r\n<p><img src=\"http:\/\/astrodan.fr\/site\/wp-content\/uploads\/_thumbs\/Images\/Com%C3%A8tes\/Com%C3%A8te%2046P_Wirtanen\/wirtanen_8mm_w.jpg\" width=\"1500\" height=\"1000\">&nbsp; Grand champ au Canon 40mm + 700D<span style=\"text-decoration: underline;\"><br>\r\n<\/span><\/p>\r\n<p><img src=\"http:\/\/astrodan.fr\/site\/wp-content\/uploads\/_thumbs\/Images\/Com%C3%A8tes\/Com%C3%A8te%2046P_Wirtanen\/wirtanen_40mm_w.jpg\" width=\"1500\" height=\"1000\"><\/p>\r\n<p>Alignement les \u00e9toiles<\/p>\r\n<p><img src=\"http:\/\/astrodan.fr\/site\/wp-content\/uploads\/_thumbs\/Images\/Com%C3%A8tes\/Com%C3%A8te%2046P_Wirtanen\/trace_rec.jpg\" width=\"1500\" height=\"980\"><\/p>\r\n<p>Alignement sur le noyau<\/p>\r\n<p><img src=\"http:\/\/astrodan.fr\/site\/wp-content\/uploads\/_thumbs\/Images\/Com%C3%A8tes\/Com%C3%A8te%2046P_Wirtanen\/noyau_.jpg\" width=\"1500\" height=\"980\"><\/p>\r\n<p>D\u00e9placement de la com\u00e8te dans la ciel durant 1h<\/p>\r\n<p><img src=\"http:\/\/astrodan.fr\/site\/wp-content\/uploads\/_thumbs\/Images\/Com%C3%A8tes\/Com%C3%A8te%2046P_Wirtanen\/anim_etoiles.gif\" width=\"1200\" height=\"799\"> <img src=\"http:\/\/astrodan.fr\/site\/wp-content\/uploads\/_thumbs\/Images\/Com%C3%A8tes\/Com%C3%A8te%2046P_Wirtanen\/animation_noyau.gif\" width=\"1200\" height=\"799\"><\/p>\r\n<p>Mise en \u00e9vidence des 2 queues de la com\u00e8te<\/p>\r\n<p><img src=\"http:\/\/astrodan.fr\/site\/wp-content\/uploads\/_thumbs\/Images\/Com%C3%A8tes\/Com%C3%A8te%2046P_Wirtanen\/jets.gif\" width=\"1588\" height=\"1243\"><\/p>\r\n<p><span style=\"text-decoration: underline;\">1er test de la monture Omegon Minitrack LX2<\/span><\/p>\r\n<p>Com\u00e8te 46P\/Wirtanen \u00e0 24mm de focale, addition de 12 poses<\/p>\r\n<p><img src=\"http:\/\/astrodan.fr\/site\/wp-content\/uploads\/_thumbs\/Images\/Com%C3%A8tes\/Com%C3%A8te%2046P_Wirtanen\/46p_m2w.jpg\" width=\"1500\" height=\"1000\"> <img src=\"http:\/\/astrodan.fr\/site\/wp-content\/uploads\/_thumbs\/Images\/Com%C3%A8tes\/Com%C3%A8te%2046P_Wirtanen\/46p_m2w_A.jpg\" width=\"1500\" height=\"1000\"><\/p>\r\n<p><span style=\"text-decoration: underline;\">46P\/ Wirtanen le 02 janvier 2019<\/span><\/p>\r\n<p>Canon 1000D + 40mm + Minitrack LX2 Omegon<\/p>\r\n<p><img src=\"http:\/\/astrodan.fr\/site\/wp-content\/uploads\/_thumbs\/Images\/Com%C3%A8tes\/Com%C3%A8te%2046P_Wirtanen\/46p_wirtanen_02_01_19_fw.jpg\" width=\"1500\" height=\"998\"><\/p>\r\n<p><a href=\"http:\/\/astrodan.fr\/site\/?page_id=1133\"><span style=\"text-decoration: underline;\">Haut de page<\/span><\/a><\/p>","_et_gb_content_width":"","ngg_post_thumbnail":0,"footnotes":""},"_links":{"self":[{"href":"http:\/\/astrodan.fr\/site\/wp-json\/wp\/v2\/pages\/1133"}],"collection":[{"href":"http:\/\/astrodan.fr\/site\/wp-json\/wp\/v2\/pages"}],"about":[{"href":"http:\/\/astrodan.fr\/site\/wp-json\/wp\/v2\/types\/page"}],"author":[{"embeddable":true,"href":"http:\/\/astrodan.fr\/site\/wp-json\/wp\/v2\/users\/1"}],"replies":[{"embeddable":true,"href":"http:\/\/astrodan.fr\/site\/wp-json\/wp\/v2\/comments?post=1133"}],"version-history":[{"count":3,"href":"http:\/\/astrodan.fr\/site\/wp-json\/wp\/v2\/pages\/1133\/revisions"}],"predecessor-version":[{"id":4922,"href":"http:\/\/astrodan.fr\/site\/wp-json\/wp\/v2\/pages\/1133\/revisions\/4922"}],"up":[{"embeddable":true,"href":"http:\/\/astrodan.fr\/site\/wp-json\/wp\/v2\/pages\/120"}],"wp:attachment":[{"href":"http:\/\/astrodan.fr\/site\/wp-json\/wp\/v2\/media?parent=1133"}],"curies":[{"name":"wp","href":"https:\/\/api.w.org\/{rel}","templated":true}]}}