{"id":107,"date":"2015-04-12T22:51:52","date_gmt":"2015-04-12T20:51:52","guid":{"rendered":"http:\/\/astrodan.fr\/site\/?page_id=107"},"modified":"2023-02-28T14:42:07","modified_gmt":"2023-02-28T13:42:07","slug":"constellations-et-grands-champs","status":"publish","type":"page","link":"http:\/\/astrodan.fr\/site\/constellations-et-grands-champs\/","title":{"rendered":"Constellations"},"content":{"rendered":"<p>[et_pb_section fb_built=\u00a0\u00bb1&Prime; admin_label=\u00a0\u00bbsection\u00a0\u00bb _builder_version=\u00a0\u00bb4.20.0&Prime; hover_enabled=\u00a0\u00bb0&Prime; global_colors_info=\u00a0\u00bb{}\u00a0\u00bb background_color=\u00a0\u00bb#100a3f\u00a0\u00bb sticky_enabled=\u00a0\u00bb0&Prime;][et_pb_row admin_label=\u00a0\u00bbrow\u00a0\u00bb _builder_version=\u00a0\u00bb4.16&Prime; background_size=\u00a0\u00bbinitial\u00a0\u00bb background_position=\u00a0\u00bbtop_left\u00a0\u00bb background_repeat=\u00a0\u00bbrepeat\u00a0\u00bb global_colors_info=\u00a0\u00bb{}\u00a0\u00bb][et_pb_column type=\u00a0\u00bb4_4&Prime; _builder_version=\u00a0\u00bb4.16&Prime; custom_padding=\u00a0\u00bb|||\u00a0\u00bb global_colors_info=\u00a0\u00bb{}\u00a0\u00bb custom_padding__hover=\u00a0\u00bb|||\u00a0\u00bb][et_pb_text admin_label=\u00a0\u00bbText\u00a0\u00bb _builder_version=\u00a0\u00bb4.16&Prime; background_size=\u00a0\u00bbinitial\u00a0\u00bb background_position=\u00a0\u00bbtop_left\u00a0\u00bb background_repeat=\u00a0\u00bbrepeat\u00a0\u00bb global_colors_info=\u00a0\u00bb{}\u00a0\u00bb]<\/p>\n<p><a id=\"hdep\" name=\"hdep\"><\/a><\/p>\n<p><span style=\"font-size: 26px;\">C&rsquo;est quoi une constellation ?<\/span><\/p>\n<p>Une constellation est un ensemble d&rsquo;\u00e9toiles dont les projections sur la vo\u00fbte c\u00e9leste sont suffisamment proches<\/p>\n<p>pour qu&rsquo;une civilisation les relie par des lignes imaginaires pour cr\u00e9er une forme quelconque<\/p>\n<p>Notre ciel comporte 88 constellations mais seulement 39 sont visibles dans l&rsquo;h\u00e9misph\u00e8re nord .<\/p>\n<p><u>Orion <\/u><\/p>\n<p><img loading=\"lazy\" decoding=\"async\" class=\"alignnone wp-image-4710 size-full\" src=\"http:\/\/astrodan.fr\/site\/wp-content\/uploads\/constellations\/Orion.jpg\" alt=\"\" width=\"1200\" height=\"799\" data-wpmflightbox=\"0\" data-wpmf_image_lightbox=\"http:\/\/astrodan.fr\/site\/wp-content\/uploads\/constellations\/Orion.jpg\" srcset=\"http:\/\/astrodan.fr\/site\/wp-content\/uploads\/constellations\/Orion.jpg 1200w, http:\/\/astrodan.fr\/site\/wp-content\/uploads\/constellations\/Orion-980x653.jpg 980w, http:\/\/astrodan.fr\/site\/wp-content\/uploads\/constellations\/Orion-480x320.jpg 480w\" sizes=\"(min-width: 0px) and (max-width: 480px) 480px, (min-width: 481px) and (max-width: 980px) 980px, (min-width: 981px) 1200px, 100vw\" \/><\/p>\n<p><img loading=\"lazy\" decoding=\"async\" class=\"alignnone size-full wp-image-4711\" src=\"http:\/\/astrodan.fr\/site\/wp-content\/uploads\/orion_v.jpg\" alt=\"\" width=\"1065\" height=\"1600\"><\/p>\n<p><u>Le Cocher<\/u><\/p>\n<p><img loading=\"lazy\" decoding=\"async\" class=\"alignnone size-full wp-image-4701\" src=\"http:\/\/astrodan.fr\/site\/wp-content\/uploads\/constellations\/Cocher.jpg\" alt=\"\" width=\"1200\" height=\"800\" srcset=\"http:\/\/astrodan.fr\/site\/wp-content\/uploads\/constellations\/Cocher.jpg 1200w, http:\/\/astrodan.fr\/site\/wp-content\/uploads\/constellations\/Cocher-980x653.jpg 980w, http:\/\/astrodan.fr\/site\/wp-content\/uploads\/constellations\/Cocher-480x320.jpg 480w\" sizes=\"(min-width: 0px) and (max-width: 480px) 480px, (min-width: 481px) and (max-width: 980px) 980px, (min-width: 981px) 1200px, 100vw\" \/><\/p>\n<p><u>La Licorne<\/u><\/p>\n<p><img loading=\"lazy\" decoding=\"async\" class=\"alignnone size-full wp-image-4712\" src=\"http:\/\/astrodan.fr\/site\/wp-content\/uploads\/rosette.jpg\" alt=\"\" width=\"1200\" height=\"800\"><\/p>\n<p><u>Le Bouvier<\/u><\/p>\n<p><img loading=\"lazy\" decoding=\"async\" class=\"alignnone size-full wp-image-4697\" src=\"http:\/\/astrodan.fr\/site\/wp-content\/uploads\/constellations\/bouvier_.jpg\" alt=\"\" width=\"1200\" height=\"799\" srcset=\"http:\/\/astrodan.fr\/site\/wp-content\/uploads\/constellations\/bouvier_.jpg 1200w, http:\/\/astrodan.fr\/site\/wp-content\/uploads\/constellations\/bouvier_-980x653.jpg 980w, http:\/\/astrodan.fr\/site\/wp-content\/uploads\/constellations\/bouvier_-480x320.jpg 480w\" sizes=\"(min-width: 0px) and (max-width: 480px) 480px, (min-width: 481px) and (max-width: 980px) 980px, (min-width: 981px) 1200px, 100vw\" \/><\/p>\n<p><img loading=\"lazy\" decoding=\"async\" class=\"alignnone size-full wp-image-4698\" src=\"http:\/\/astrodan.fr\/site\/wp-content\/uploads\/constellations\/bouvier_a.jpg\" alt=\"\" width=\"1200\" height=\"799\" srcset=\"http:\/\/astrodan.fr\/site\/wp-content\/uploads\/constellations\/bouvier_a.jpg 1200w, http:\/\/astrodan.fr\/site\/wp-content\/uploads\/constellations\/bouvier_a-980x653.jpg 980w, http:\/\/astrodan.fr\/site\/wp-content\/uploads\/constellations\/bouvier_a-480x320.jpg 480w\" sizes=\"(min-width: 0px) and (max-width: 480px) 480px, (min-width: 481px) and (max-width: 980px) 980px, (min-width: 981px) 1200px, 100vw\" \/><\/p>\n<p><img loading=\"lazy\" decoding=\"async\" class=\"alignnone size-full wp-image-4699\" src=\"http:\/\/astrodan.fr\/site\/wp-content\/uploads\/constellations\/Bouvier_w.jpg\" alt=\"\" width=\"1500\" height=\"999\" srcset=\"http:\/\/astrodan.fr\/site\/wp-content\/uploads\/constellations\/Bouvier_w.jpg 1500w, http:\/\/astrodan.fr\/site\/wp-content\/uploads\/constellations\/Bouvier_w-1280x852.jpg 1280w, http:\/\/astrodan.fr\/site\/wp-content\/uploads\/constellations\/Bouvier_w-980x653.jpg 980w, http:\/\/astrodan.fr\/site\/wp-content\/uploads\/constellations\/Bouvier_w-480x320.jpg 480w\" sizes=\"(min-width: 0px) and (max-width: 480px) 480px, (min-width: 481px) and (max-width: 980px) 980px, (min-width: 981px) and (max-width: 1280px) 1280px, (min-width: 1281px) 1500px, 100vw\" \/><\/p>\n<p><img loading=\"lazy\" decoding=\"async\" class=\"alignnone size-full wp-image-4700\" src=\"http:\/\/astrodan.fr\/site\/wp-content\/uploads\/constellations\/Bouvier_wA.jpg\" alt=\"\" width=\"1500\" height=\"999\" srcset=\"http:\/\/astrodan.fr\/site\/wp-content\/uploads\/constellations\/Bouvier_wA.jpg 1500w, http:\/\/astrodan.fr\/site\/wp-content\/uploads\/constellations\/Bouvier_wA-1280x852.jpg 1280w, http:\/\/astrodan.fr\/site\/wp-content\/uploads\/constellations\/Bouvier_wA-980x653.jpg 980w, http:\/\/astrodan.fr\/site\/wp-content\/uploads\/constellations\/Bouvier_wA-480x320.jpg 480w\" sizes=\"(min-width: 0px) and (max-width: 480px) 480px, (min-width: 481px) and (max-width: 980px) 980px, (min-width: 981px) and (max-width: 1280px) 1280px, (min-width: 1281px) 1500px, 100vw\" \/><\/p>\n<p><u>Le Lion<\/u><\/p>\n<p><img loading=\"lazy\" decoding=\"async\" class=\"alignnone wp-image-4707 size-full\" src=\"http:\/\/astrodan.fr\/site\/wp-content\/uploads\/constellations\/Le_lion_w.jpg\" alt=\"\" width=\"1200\" height=\"1098\" data-wpmflightbox=\"0\" data-wpmf_image_lightbox=\"http:\/\/astrodan.fr\/site\/wp-content\/uploads\/constellations\/Le_lion_w.jpg\" srcset=\"http:\/\/astrodan.fr\/site\/wp-content\/uploads\/constellations\/Le_lion_w.jpg 1200w, http:\/\/astrodan.fr\/site\/wp-content\/uploads\/constellations\/Le_lion_w-980x897.jpg 980w, http:\/\/astrodan.fr\/site\/wp-content\/uploads\/constellations\/Le_lion_w-480x439.jpg 480w\" sizes=\"(min-width: 0px) and (max-width: 480px) 480px, (min-width: 481px) and (max-width: 980px) 980px, (min-width: 981px) 1200px, 100vw\" \/><\/p>\n<p><img loading=\"lazy\" decoding=\"async\" class=\"alignnone wp-image-4706 size-full\" src=\"http:\/\/astrodan.fr\/site\/wp-content\/uploads\/constellations\/Le_lion_a.jpg\" alt=\"\" width=\"1200\" height=\"1098\" data-wpmflightbox=\"0\" data-wpmf_image_lightbox=\"http:\/\/astrodan.fr\/site\/wp-content\/uploads\/constellations\/Le_lion_a.jpg\" srcset=\"http:\/\/astrodan.fr\/site\/wp-content\/uploads\/constellations\/Le_lion_a.jpg 1200w, http:\/\/astrodan.fr\/site\/wp-content\/uploads\/constellations\/Le_lion_a-980x897.jpg 980w, http:\/\/astrodan.fr\/site\/wp-content\/uploads\/constellations\/Le_lion_a-480x439.jpg 480w\" sizes=\"(min-width: 0px) and (max-width: 480px) 480px, (min-width: 481px) and (max-width: 980px) 980px, (min-width: 981px) 1200px, 100vw\" \/><\/p>\n<p><u>La Grande Ourse<\/u><\/p>\n<p><img loading=\"lazy\" decoding=\"async\" class=\"alignnone size-full wp-image-4704\" src=\"http:\/\/astrodan.fr\/site\/wp-content\/uploads\/constellations\/grande_ourse_1.jpg\" alt=\"\" width=\"1200\" height=\"797\" srcset=\"http:\/\/astrodan.fr\/site\/wp-content\/uploads\/constellations\/grande_ourse_1.jpg 1200w, http:\/\/astrodan.fr\/site\/wp-content\/uploads\/constellations\/grande_ourse_1-980x651.jpg 980w, http:\/\/astrodan.fr\/site\/wp-content\/uploads\/constellations\/grande_ourse_1-480x319.jpg 480w\" sizes=\"(min-width: 0px) and (max-width: 480px) 480px, (min-width: 481px) and (max-width: 980px) 980px, (min-width: 981px) 1200px, 100vw\" \/><\/p>\n<p><img loading=\"lazy\" decoding=\"async\" class=\"alignnone size-full wp-image-4705\" src=\"http:\/\/astrodan.fr\/site\/wp-content\/uploads\/constellations\/grande_ourse_a.jpg\" alt=\"\" width=\"1200\" height=\"797\" srcset=\"http:\/\/astrodan.fr\/site\/wp-content\/uploads\/constellations\/grande_ourse_a.jpg 1200w, http:\/\/astrodan.fr\/site\/wp-content\/uploads\/constellations\/grande_ourse_a-980x651.jpg 980w, http:\/\/astrodan.fr\/site\/wp-content\/uploads\/constellations\/grande_ourse_a-480x319.jpg 480w\" sizes=\"(min-width: 0px) and (max-width: 480px) 480px, (min-width: 481px) and (max-width: 980px) 980px, (min-width: 981px) 1200px, 100vw\" \/><\/p>\n<p><u>La Vierge<\/u><\/p>\n<p><img loading=\"lazy\" decoding=\"async\" class=\"alignnone size-full wp-image-4715\" src=\"http:\/\/astrodan.fr\/site\/wp-content\/uploads\/vierge_.jpg\" alt=\"\" width=\"1200\" height=\"799\"><\/p>\n<p><img loading=\"lazy\" decoding=\"async\" class=\"alignnone size-full wp-image-4716\" src=\"http:\/\/astrodan.fr\/site\/wp-content\/uploads\/vierge_a.jpg\" alt=\"\" width=\"1200\" height=\"799\"><\/p>\n<p><u>La Lyre<\/u><\/p>\n<p><img loading=\"lazy\" decoding=\"async\" class=\"alignnone wp-image-4708 size-full\" src=\"http:\/\/astrodan.fr\/site\/wp-content\/uploads\/constellations\/lyre_sw_.jpg\" alt=\"\" width=\"1200\" height=\"800\" data-wpmflightbox=\"0\" data-wpmf_image_lightbox=\"http:\/\/astrodan.fr\/site\/wp-content\/uploads\/constellations\/lyre_sw_.jpg\" srcset=\"http:\/\/astrodan.fr\/site\/wp-content\/uploads\/constellations\/lyre_sw_.jpg 1200w, http:\/\/astrodan.fr\/site\/wp-content\/uploads\/constellations\/lyre_sw_-980x653.jpg 980w, http:\/\/astrodan.fr\/site\/wp-content\/uploads\/constellations\/lyre_sw_-480x320.jpg 480w\" sizes=\"(min-width: 0px) and (max-width: 480px) 480px, (min-width: 481px) and (max-width: 980px) 980px, (min-width: 981px) 1200px, 100vw\" \/><\/p>\n<p><img loading=\"lazy\" decoding=\"async\" class=\"alignnone wp-image-4709 size-full\" src=\"http:\/\/astrodan.fr\/site\/wp-content\/uploads\/constellations\/lyre_sw_annotee_.jpg\" alt=\"\" width=\"1200\" height=\"800\" data-wpmflightbox=\"0\" data-wpmf_image_lightbox=\"http:\/\/astrodan.fr\/site\/wp-content\/uploads\/constellations\/lyre_sw_annotee_.jpg\" srcset=\"http:\/\/astrodan.fr\/site\/wp-content\/uploads\/constellations\/lyre_sw_annotee_.jpg 1200w, http:\/\/astrodan.fr\/site\/wp-content\/uploads\/constellations\/lyre_sw_annotee_-980x653.jpg 980w, http:\/\/astrodan.fr\/site\/wp-content\/uploads\/constellations\/lyre_sw_annotee_-480x320.jpg 480w\" sizes=\"(min-width: 0px) and (max-width: 480px) 480px, (min-width: 481px) and (max-width: 980px) 980px, (min-width: 981px) 1200px, 100vw\" \/><\/p>\n<p><span style=\"text-decoration: underline;\">Le Grand Chien<\/span><\/p>\n<p><img loading=\"lazy\" decoding=\"async\" class=\"alignnone size-full wp-image-4713\" src=\"http:\/\/astrodan.fr\/site\/wp-content\/uploads\/siuris_3_-scaled.jpg\" alt=\"\" width=\"2560\" height=\"1707\"><\/p>\n<p><img loading=\"lazy\" decoding=\"async\" class=\"alignnone size-full wp-image-4714\" src=\"http:\/\/astrodan.fr\/site\/wp-content\/uploads\/siuris_3_A-scaled.jpg\" alt=\"\" width=\"2560\" height=\"1707\"><\/p>\n<p><span style=\"text-decoration: underline;\">Les g\u00e9meaux<\/span><\/p>\n<p><img loading=\"lazy\" decoding=\"async\" class=\"alignnone size-full wp-image-4702\" src=\"http:\/\/astrodan.fr\/site\/wp-content\/uploads\/constellations\/gemeaux_12_-scaled.jpg\" alt=\"\" width=\"2560\" height=\"1707\" srcset=\"http:\/\/astrodan.fr\/site\/wp-content\/uploads\/constellations\/gemeaux_12_-scaled.jpg 2560w, http:\/\/astrodan.fr\/site\/wp-content\/uploads\/constellations\/gemeaux_12_-1280x854.jpg 1280w, http:\/\/astrodan.fr\/site\/wp-content\/uploads\/constellations\/gemeaux_12_-980x653.jpg 980w, http:\/\/astrodan.fr\/site\/wp-content\/uploads\/constellations\/gemeaux_12_-480x320.jpg 480w\" sizes=\"(min-width: 0px) and (max-width: 480px) 480px, (min-width: 481px) and (max-width: 980px) 980px, (min-width: 981px) and (max-width: 1280px) 1280px, (min-width: 1281px) 2560px, 100vw\" \/><\/p>\n<p><img loading=\"lazy\" decoding=\"async\" class=\"alignnone size-full wp-image-4703\" src=\"http:\/\/astrodan.fr\/site\/wp-content\/uploads\/constellations\/gemeaux_12_A-scaled.jpg\" alt=\"\" width=\"2560\" height=\"1707\" srcset=\"http:\/\/astrodan.fr\/site\/wp-content\/uploads\/constellations\/gemeaux_12_A-scaled.jpg 2560w, http:\/\/astrodan.fr\/site\/wp-content\/uploads\/constellations\/gemeaux_12_A-1280x854.jpg 1280w, http:\/\/astrodan.fr\/site\/wp-content\/uploads\/constellations\/gemeaux_12_A-980x653.jpg 980w, http:\/\/astrodan.fr\/site\/wp-content\/uploads\/constellations\/gemeaux_12_A-480x320.jpg 480w\" sizes=\"(min-width: 0px) and (max-width: 480px) 480px, (min-width: 481px) and (max-width: 980px) 980px, (min-width: 981px) and (max-width: 1280px) 1280px, (min-width: 1281px) 2560px, 100vw\" \/><\/p>\n<p><a href=\"http:\/\/astrodan.fr\/site\/?page_id=107\">Haut de page<\/a><\/p>\n<p>&nbsp;<\/p>\n<p>[\/et_pb_text][\/et_pb_column][\/et_pb_row][\/et_pb_section]<\/p>\n","protected":false},"excerpt":{"rendered":"<p>C&rsquo;est quoi une constellation ? Une constellation est un ensemble d&rsquo;\u00e9toiles dont les projections sur la vo\u00fbte c\u00e9leste sont suffisamment proches pour qu&rsquo;une civilisation les relie par des lignes imaginaires pour cr\u00e9er une forme quelconque Notre ciel comporte 88 constellations mais seulement 39 sont visibles dans l&rsquo;h\u00e9misph\u00e8re nord . Orion Le Cocher La Licorne Le [&hellip;]<\/p>\n","protected":false},"author":1,"featured_media":0,"parent":0,"menu_order":0,"comment_status":"closed","ping_status":"closed","template":"","meta":{"_et_pb_use_builder":"on","_et_pb_old_content":"<p><a id=\"hdep\" name=\"hdep\"><\/a><\/p>\r\n<p><span style=\"font-size: 26px;\">C'est quoi une constellation ?<\/span><\/p>\r\n<p>Une constellation est un ensemble d'\u00e9toiles dont les projections sur la vo\u00fbte c\u00e9leste sont suffisamment proches<\/p>\r\n<p>pour qu'une civilisation les relie par des lignes imaginaires pour cr\u00e9er une forme quelconque<\/p>\r\n<p>Notre ciel comporte 88 constellations mais seulement 39 sont visibles dans l'h\u00e9misph\u00e8re nord .<\/p>\r\n<p><u>Orion <\/u><\/p>\r\n<p><img class=\"alignnone wp-image-4710 size-full\" src=\"http:\/\/astrodan.fr\/site\/wp-content\/uploads\/constellations\/Orion.jpg\" alt=\"\" width=\"1200\" height=\"799\" data-wpmflightbox=\"0\" data-wpmf_image_lightbox=\"http:\/\/astrodan.fr\/site\/wp-content\/uploads\/constellations\/Orion.jpg\"><\/p>\r\n<p><img class=\"alignnone size-full wp-image-4711\" src=\"http:\/\/astrodan.fr\/site\/wp-content\/uploads\/orion_v.jpg\" alt=\"\" width=\"1065\" height=\"1600\"><\/p>\r\n<p><u>Le Cocher<\/u><\/p>\r\n<p><img class=\"alignnone size-full wp-image-4701\" src=\"http:\/\/astrodan.fr\/site\/wp-content\/uploads\/constellations\/Cocher.jpg\" alt=\"\" width=\"1200\" height=\"800\"><\/p>\r\n<p><u>La Licorne<\/u><\/p>\r\n<p><img class=\"alignnone size-full wp-image-4712\" src=\"http:\/\/astrodan.fr\/site\/wp-content\/uploads\/rosette.jpg\" alt=\"\" width=\"1200\" height=\"800\"><\/p>\r\n<p><u>Le Bouvier<\/u><\/p>\r\n<p><img class=\"alignnone size-full wp-image-4697\" src=\"http:\/\/astrodan.fr\/site\/wp-content\/uploads\/constellations\/bouvier_.jpg\" alt=\"\" width=\"1200\" height=\"799\"><\/p>\r\n<p><img class=\"alignnone size-full wp-image-4698\" src=\"http:\/\/astrodan.fr\/site\/wp-content\/uploads\/constellations\/bouvier_a.jpg\" alt=\"\" width=\"1200\" height=\"799\"><\/p>\r\n<p><img class=\"alignnone size-full wp-image-4699\" src=\"http:\/\/astrodan.fr\/site\/wp-content\/uploads\/constellations\/Bouvier_w.jpg\" alt=\"\" width=\"1500\" height=\"999\"><\/p>\r\n<p><img class=\"alignnone size-full wp-image-4700\" src=\"http:\/\/astrodan.fr\/site\/wp-content\/uploads\/constellations\/Bouvier_wA.jpg\" alt=\"\" width=\"1500\" height=\"999\"><\/p>\r\n<p><u>Le Lion<\/u><\/p>\r\n<p><img class=\"alignnone wp-image-4707 size-full\" src=\"http:\/\/astrodan.fr\/site\/wp-content\/uploads\/constellations\/Le_lion_w.jpg\" alt=\"\" width=\"1200\" height=\"1098\" data-wpmflightbox=\"0\" data-wpmf_image_lightbox=\"http:\/\/astrodan.fr\/site\/wp-content\/uploads\/constellations\/Le_lion_w.jpg\"><\/p>\r\n<p><img class=\"alignnone wp-image-4706 size-full\" src=\"http:\/\/astrodan.fr\/site\/wp-content\/uploads\/constellations\/Le_lion_a.jpg\" alt=\"\" width=\"1200\" height=\"1098\" data-wpmflightbox=\"0\" data-wpmf_image_lightbox=\"http:\/\/astrodan.fr\/site\/wp-content\/uploads\/constellations\/Le_lion_a.jpg\"><\/p>\r\n<p><u>La Grande Ourse<\/u><\/p>\r\n<p><img class=\"alignnone size-full wp-image-4704\" src=\"http:\/\/astrodan.fr\/site\/wp-content\/uploads\/constellations\/grande_ourse_1.jpg\" alt=\"\" width=\"1200\" height=\"797\"><\/p>\r\n<p><img class=\"alignnone size-full wp-image-4705\" src=\"http:\/\/astrodan.fr\/site\/wp-content\/uploads\/constellations\/grande_ourse_a.jpg\" alt=\"\" width=\"1200\" height=\"797\"><\/p>\r\n<p><u>La Vierge<\/u><\/p>\r\n<p><img class=\"alignnone size-full wp-image-4715\" src=\"http:\/\/astrodan.fr\/site\/wp-content\/uploads\/vierge_.jpg\" alt=\"\" width=\"1200\" height=\"799\"><\/p>\r\n<p><img class=\"alignnone size-full wp-image-4716\" src=\"http:\/\/astrodan.fr\/site\/wp-content\/uploads\/vierge_a.jpg\" alt=\"\" width=\"1200\" height=\"799\"><\/p>\r\n<p><u>La Lyre<\/u><\/p>\r\n<p><img class=\"alignnone wp-image-4708 size-full\" src=\"http:\/\/astrodan.fr\/site\/wp-content\/uploads\/constellations\/lyre_sw_.jpg\" alt=\"\" width=\"1200\" height=\"800\" data-wpmflightbox=\"0\" data-wpmf_image_lightbox=\"http:\/\/astrodan.fr\/site\/wp-content\/uploads\/constellations\/lyre_sw_.jpg\"><\/p>\r\n<p><img class=\"alignnone wp-image-4709 size-full\" src=\"http:\/\/astrodan.fr\/site\/wp-content\/uploads\/constellations\/lyre_sw_annotee_.jpg\" alt=\"\" width=\"1200\" height=\"800\" data-wpmflightbox=\"0\" data-wpmf_image_lightbox=\"http:\/\/astrodan.fr\/site\/wp-content\/uploads\/constellations\/lyre_sw_annotee_.jpg\"><\/p>\r\n<p><span style=\"text-decoration: underline;\">Le Grand Chien<\/span><\/p>\r\n<p><img class=\"alignnone size-full wp-image-4713\" src=\"http:\/\/astrodan.fr\/site\/wp-content\/uploads\/siuris_3_-scaled.jpg\" alt=\"\" width=\"2560\" height=\"1707\"><\/p>\r\n<p><img class=\"alignnone size-full wp-image-4714\" src=\"http:\/\/astrodan.fr\/site\/wp-content\/uploads\/siuris_3_A-scaled.jpg\" alt=\"\" width=\"2560\" height=\"1707\"><\/p>\r\n<p><span style=\"text-decoration: underline;\">Les g\u00e9meaux<\/span><\/p>\r\n<p><img class=\"alignnone size-full wp-image-4702\" src=\"http:\/\/astrodan.fr\/site\/wp-content\/uploads\/constellations\/gemeaux_12_-scaled.jpg\" alt=\"\" width=\"2560\" height=\"1707\"><\/p>\r\n<p><img class=\"alignnone size-full wp-image-4703\" src=\"http:\/\/astrodan.fr\/site\/wp-content\/uploads\/constellations\/gemeaux_12_A-scaled.jpg\" alt=\"\" width=\"2560\" height=\"1707\"><\/p>\r\n<p><a href=\"http:\/\/astrodan.fr\/site\/?page_id=107\">Haut de page<\/a><\/p>\r\n<p>&nbsp;<\/p>","_et_gb_content_width":"","ngg_post_thumbnail":0,"footnotes":""},"_links":{"self":[{"href":"http:\/\/astrodan.fr\/site\/wp-json\/wp\/v2\/pages\/107"}],"collection":[{"href":"http:\/\/astrodan.fr\/site\/wp-json\/wp\/v2\/pages"}],"about":[{"href":"http:\/\/astrodan.fr\/site\/wp-json\/wp\/v2\/types\/page"}],"author":[{"embeddable":true,"href":"http:\/\/astrodan.fr\/site\/wp-json\/wp\/v2\/users\/1"}],"replies":[{"embeddable":true,"href":"http:\/\/astrodan.fr\/site\/wp-json\/wp\/v2\/comments?post=107"}],"version-history":[{"count":3,"href":"http:\/\/astrodan.fr\/site\/wp-json\/wp\/v2\/pages\/107\/revisions"}],"predecessor-version":[{"id":4950,"href":"http:\/\/astrodan.fr\/site\/wp-json\/wp\/v2\/pages\/107\/revisions\/4950"}],"wp:attachment":[{"href":"http:\/\/astrodan.fr\/site\/wp-json\/wp\/v2\/media?parent=107"}],"curies":[{"name":"wp","href":"https:\/\/api.w.org\/{rel}","templated":true}]}}